{"text_format":"1","workbook":"xlsx","n_sheets":14,"sheets":["Instructions","Nutrient Management","Corn K Calculations","Soybean K Calculations","Wheat K Calculations","Fertilizer Products & Pricing","Manure and Nutrient Credits","Fertilizer Plan (Vegetable 1)","Fertilizer Plan (Vegetable 2)","Fertilizer Plan (Vegetable 3)","Simple Fertilizer Calculator","Nutrient Removal Table","Tri-State Recommendations","Charts"],"not_rendered":{"charts":0,"images":22,"macros":1,"external_links":1,"defined_names":24,"comments":0,"pivot_tables":0},"unopened":[],"bounds":{"document_bytes":16777216,"sheet_cells":100000,"rows_first":2000,"rows_last":500,"rows_between":2000,"halvings":0,"cell_chars":16384,"cell_head_chars":4096},"cells_cut":0,"cells_raw":0,"read":"whole","date_system":"1900"}

{"sheet":"Instructions","index":0,"n_rows":38,"n_cols":16,"rows_kept":38,"cut":false,"hidden":false,"merged":[[24,4,24,14],[37,1,38,17],[19,4,19,17],[18,4,18,17],[17,4,17,17],[20,4,20,17],[25,4,26,17],[28,2,33,2],[28,4,28,17],[29,4,30,17],[31,4,31,17],[32,4,33,17],[16,4,16,17],[21,4,22,17],[23,4,23,17],[0,0,2,17],[6,0,6,17],[5,0,5,17],[3,0,3,17],[11,2,11,17],[4,0,4,17],[12,4,13,17],[14,4,15,17]]}
["Fertilizer Cost Comparison Tool (Vegetables)"]
[]
[]
["Template by: Jon LaPorte, Farm Management Educator"]
["Michigan State University Extension"]
["120 N. Broadway, Suite 116, Cassopolis, MI 49031"]
["Phone: (269) 445-4356          Email: laportej@msu.edu"]
[]
[]
["1)","Each TAB represents an important aspect of fertilizer planning (i.e., nutrient management, sources of fertilizer, and overall fertilizer plan for each commodity grown).  Click on a TAB to enter specific  information."]
[null,"These include:"]
[]
[null,null,"Nutrient Management","-","Input yield goals, soil test based nutrient recommendations, manure nutrient analysis, and nutrient credits.  This section will determine the total amount of nutrients that will need to be supplied through commercial fertilizer products.  "]
[]
[null,null,"Cover Crops in Step 5: Nutrient Credit",null,"For \"Nitrogen Credit\" of Step 5, cover crops must be manually typed into \"Select Previous Crop\" field.  Under the Nitrogen Value, enter amount of credit based on provided chart."]
[]
[null,null,null,null,"This section provides detailed information for use with the Fertilizer Plan sections to determine how much commercial fertilizer will need to be applied."]
[null,null,"Fertilizer Products & Pricing","-","Input the products and prices for fertilizer, lime, and nitrogen stabilizers to use in the Fertilizer Plan.  Common fertilizer products are already provided."]
[null,null,null,null,"Each crop has its own tab (i.e. Fertilizer - Corn)"]
[null,null,"Fertilizer Plan Tabs","-","Choose the fertilizer from the drop-down menu and enter product/acre to be used.  (i.e. 100lbs/acre of 9-23-30 = 50lbs 18-46-0 & 50lbs 0-0-62lbs)"]
[null,null,"(Vegetable 1, Vegetable 2, Vegetable 3)",null,"Note: Includes an in-depth assessment of nutrients provided at each application of the farm's fertilizer program."]
[null,null,"Tri-State Recommendations","-","This section allows for calculating of P and K values needed to meet yield goals based on Tri-State Recommendations.  The information can be transferred to the Nutrient Management page for use in commercial fertilizer cost comparison.  "]
[]
[null,null,null,null,"Note: This section is not a replacement for recommendations from a soil test analysis obtained from soil test laboratories.  "]
[null,null,null,null,"For soil test based recommendations, visit the MSU Soil and Plant Nutrient Laboratory:",null,null,null,null,null,null,null,null,null,null,"https://www.canr.msu.edu/spnl/"]
[null,null,"Simple Fertilizer Calculator","-","This section contains a calculation for finding cost per acre on select fertilizer products.  There are also calculators to extract nitrogen and sulfur costs from combination fertilizer products."]
[]
[]
[null,null,"Manure Applications ---START HERE",null,"Do you plan to include manure cost in your fertilizer plan?  Go to the Fertilizer Products & Pricing worksheet"]
[null,null,null,null,"Note: There is a Manure Calculator to input nutrient analysis values.  The calculator will adjust values based on selected number of days before manure is expected to be incorporated.  Retention factors used to adjust values are based on 2022 proposed MI GAAMPS charts."]
[]
[null,null,null,null,"Do you plan to include only commercial fertilizer products in your fertilizer plan?  Go to the Nutrient Management worksheet"]
[null,null,null,null,"Note: Step 4 provides an area to include values of manure, preferably based on a nutrient analysis.  Values can also be adjusted based on selected number of days before manure is expected to be incorporated.  Retention factors used to adjust values are based on 2022 proposed MI GAAMPS charts."]
[]
[]
["2)","Only items that are colored in BLUE should be altered in each TAB.  Changing the value of an item not marked BLUE can cause the formulas in the spreadsheet to stop working."]
[]
["3)","The Nutrient Management and Fertilizer Plan Tabs can be printed for your farm records.  The Fertilizer Plan Tab also allows for printing of three different plans for your chosen commodity.  This allows for comparison of different fertilizer sources to identify the best way to meet nutrient needs at the lowest possible cost."]

{"sheet":"Nutrient Management","index":1,"n_rows":79,"n_cols":24,"rows_kept":79,"cut":false,"hidden":false,"merged":[[4,0,6,0],[48,0,49,0],[35,0,36,0],[0,1,0,11],[1,1,1,3],[1,5,1,7],[1,9,1,11],[20,1,20,11],[7,1,7,11],[3,1,3,11],[8,1,8,11],[66,1,66,11],[51,1,51,11],[30,1,30,11],[21,1,21,11],[46,1,46,11],[50,1,50,11],[45,1,45,11],[29,1,29,11],[39,1,39,11],[64,9,64,11],[40,1,40,11],[48,1,48,2],[48,5,48,6],[48,9,48,10],[47,1,47,2],[47,5,47,6],[2,15,2,22],[14,13,15,13],[18,13,19,13],[9,17,9,18],[10,17,10,18],[7,15,7,18],[14,15,30,19],[47,23,52,26],[21,0,28,0],[8,0,19,0],[43,13,44,13],[43,0,44,0],[32,15,33,19],[41,15,42,19],[51,0,52,0],[47,9,47,10],[37,1,37,3],[37,5,37,7],[37,9,37,11]]}
[null,"Nutrient Management",null,null,null,null,null,null,null,null,null,null,null,null,null,"Additional Resources:"]
["Drop Down Menu --->","Select Crop",null,null,null,"Select Crop",null,null,null,"Select Crop",null,null,null,null,null,"For more information on Fertilizer Recommendations, see: "]
[null,null,null,null,null,null,null,null,null,null,null,null,null,null,null,"MSU Bulletin E-2934, Nutrient Recommendations for Vegetables in Michigan"]
["Step 1:","Yield Goal:"]
[null,null,"(Enter Below)","(Enter Below)",null,null,"(Enter Below)","(Enter Below)",null,null,"(Enter Below)","(Enter Below)",null,null,null,"MSU Fertilizer Recommendation Program"]
[null,null,0,"Unit",null,null,0,"Unit",null,null,0,"Unit",null,null,null,"https://www.canr.msu.edu/fertrec/"]
[null,null,null,"(tons, cwt, etc.)",null,null,null,"(tons, cwt, etc.)",null,null,null,"(tons, cwt, etc.)"]
["Step 2: ","Soil Test Based Recommendations:",null,null,null,null,null,null,null,null,null,null,null,null,null,"PPM to Pounds (Lbs) Conversion Calculator"]
[null,"Obtained from MSU Fertilizer Recommendation Program or your local soil lab.",null,null,null,null,null,null,null,null,null,null,null,null,null,"(Enter Below)"]
[null,"(Enter Below)","(Enter Below)","(Enter Below)",null,"(Enter Below)","(Enter Below)","(Enter Below)",null,"(Enter Below)","(Enter Below)","(Enter Below)",null,null,null,"PPM",null,"Pounds (Lbs)"]
[null,"N","P","K",null,"N","P","K",null,"N","P","K",null,null,null,0,"x 2",{"$f":"P11*2","v":0}]
[null,0,0,0,null,0,0,0,null,0,0,0]
[null,"S","Ca","Mag",null,"S","Ca","Mag",null,"S","Ca","Mag",null,"More"]
[null,0,0,0,null,0,0,0,null,0,0,0,null,"Below",null,"Note:"]
[null,"Z","B","Mn",null,"Z","B","Mn",null,"Z","B","Mn",null,"¯",null,"Nutrient removal rates are based on soil nutrients at \"maintenance levels.\"  Soil testing is recommended to confirm maintenance levels exist prior to consideration of removal rates.  "]
[null,0,0,0,null,0,0,0,null,0,0,0]
[null,"Cu","Mo","Fe",null,"Cu","Mo","Fe",null,"Cu","Mo","Fe"]
[null,0,0,0,null,0,0,0,null,0,0,0]
[null,"Lbs/Acre","Lbs/Acre","Lbs/Acre",null,"Lbs/Acre","Lbs/Acre","Lbs/Acre",null,"Lbs/Acre","Lbs/Acre","Lbs/Acre",null,"¯"]
[]
["Step 3: ","Nutrient Removal"]
[null,"Amount of nutrients being removed based on yield goal."]
[]
[null,"N","P","K",null,"N","P","K",null,"N","P","K"]
[null,{"$f":"VLOOKUP($B$2,'Nutrient Removal Table'!$A$6:$D$40,2,FALSE)*$C$6","v":0},{"$f":"VLOOKUP($B$2,'Nutrient Removal Table'!$A$6:$D$40,4,FALSE)*$C$6","v":0},{"$f":"VLOOKUP($B$2,'Nutrient Removal Table'!$A$6:$D$40,3,FALSE)*$C$6","v":0},null,{"$f":"VLOOKUP($F$2,'Nutrient Removal Table'!$A$6:$D$40,2,FALSE)*$G$6","v":0},{"$f":"VLOOKUP($F$2,'Nutrient Removal Table'!$A$6:$D$40,4,FALSE)*$G$6","v":0},{"$f":"VLOOKUP($F$2,'Nutrient Removal Table'!$A$6:$D$40,3,FALSE)*$G$6","v":0},null,{"$f":"VLOOKUP($J$2,'Nutrient Removal Table'!$A$6:$D$40,2,FALSE)*$K$6","v":0},{"$f":"VLOOKUP($J$2,'Nutrient Removal Table'!$A$6:$D$40,4,FALSE)*$K$6","v":0},{"$f":"VLOOKUP($J$2,'Nutrient Removal Table'!$A$6:$D$40,3,FALSE)*$K$6","v":0}]
[null,"S","Ca","Mag",null,"S","Ca","Mag",null,"S","Ca","Mag"]
[null,0,0,0,null,0,0,0,null,0,0,0]
[null,"Lbs/Acre","Lbs/Acre","Lbs/Acre",null,"Lbs/Acre","Lbs/Acre","Lbs/Acre",null,"Lbs/Acre","Lbs/Acre","Lbs/Acre"]
[]
["Step 3: ","Manure  Application - This Year"]
[null,"Input nutrients being provided in manure applications \"this year\" (based on nutrient analysis results)."]
[null,"(Enter Below)","(Enter Below)","(Enter Below)",null,"(Enter Below)","(Enter Below)","(Enter Below)",null,"(Enter Below)","(Enter Below)","(Enter Below)"]
[null,"N","P","K",null,"N","P","K",null,"N","P","K",null,null,null,"MSU recommends using soil test-based information to address nutrient needs of your intended yield goals."]
[null,0,0,0,null,0,0,0,null,0,0,0]
[null,"S",null,null,null,"S",null,null,null,"S"]
["Note: these values are subtracted in Step 6",0,null,"(Select Below)",null,0,null,"(Select Below)",null,0,null,"(Select Below)"]
[null,"Days Before Incorporation",null,"----",null,"Days Before Incorporation",null,"----",null,"Days Before Incorporation",null,"----",null,null,null,"Manure Resources"]
[null,"*for all liquid and solid manure types",null,null,null,"*for all liquid and solid manure types",null,null,null,"*for all liquid and solid manure types",null,null,null,null,null,"Manure application methods and nitrogen losses (University of Minnesota)"]
[null,null,null,null,null,null,null,null,null,null,null,null,null,null,null,"Michigan GAAMPS",null,"←  See table A4 in Manure Mgmt & Utilization section for approximate manure values in place of nutrient analysis"]
["Step 4: ","Nutrient Credit: Manure - Previous Year(s)"]
[null,"Input nutrients being provided in manure applications from previous year(s).",null,null,null,null,null,null,null,null,null,null,null,null,null,"Note:"]
[null,"(Enter Below)","(Enter Below)","(Enter Below)",null,"(Enter Below)","(Enter Below)","(Enter Below)",null,"(Enter Below)","(Enter Below)","(Enter Below)",null,"More",null,"If you are using manure or compost, for best results a nutrient analysis is highly recommended."]
[null,"N","P","K",null,"N","P","K",null,"N","P","K",null,"Below"]
["Note: these values are subtracted in Step 6",0,0,0,null,0,0,0,null,20,32,25,null,"¯"]
[]
["Step 5: ","Nutrient Credit: Previous Crop",null,null,null,null,null,null,null,null,null,null,null,null,null,"For use with Step 5 (per MSU Bulletin: E-2904)",null,null,null,null,"For use with Step 5 (per Managing Cover Crops Profitability from SARE)"]
[null,"Input nutrients being credited from legume crops planted in previous year.",null,null,null,null,null,null,null,null,null,null,null,null,null,null,null,null,null,null,"Cover Crop","Lb./Acre"]
[null,"(Select Below)",null,"N",null,"(Select Below)",null,"N",null,"(Select Below)",null,"N",null,null,null,null,null,null,null,null,"Mustard","30-120",null,"Type in \"Cover Crop\" in \"Select Previous Crop\" field and enter Nitrogen value from chart range"]
["Note: these values are subtracted in Step 6","Select Previous Crop",null,{"$f":"VLOOKUP(B49,'Manure and Nutrient Credits'!$A$3:$B$16,2,FALSE)","v":0},null,"Select Previous Crop",null,{"$f":"VLOOKUP(F49,'Manure and Nutrient Credits'!$A$3:$B$16,2,FALSE)","v":0},null,"Select Previous Crop",null,{"$f":"VLOOKUP(J49,'Manure and Nutrient Credits'!$A$3:$B$16,2,FALSE)","v":0},null,null,null,null,null,null,null,null,"Radish","50-200"]
[null,null,null,null,null,null,null,null,null,null,null,null,null,null,null,null,null,null,null,null,"Rapeseed","40-160"]
["Step 6: ","Total Nutrient Needs",null,null,null,null,null,null,null,null,null,null,null,null,null,null,null,null,null,null,"Berseem Clover","75-220"]
[null,"Based on comparison of soil test recommendations minus any manure or nutrient credits. ",null,null,null,null,null,null,null,null,null,null,null,null,null,null,null,null,null,null,"Cowpea","100-150"]
[null,null,null,null,null,null,null,null,null,null,null,null,null,null,null,null,null,null,null,null,"Crimson Clover","70-130"]
[null,"N","P","K",null,"N","P","K",null,"N","P","K",null,null,null,null,null,null,null,null,"Field Pea","90-150"]
[null,{"$f":"B12-(B34*'Manure and Nutrient Credits'!$D$27)-B44-D49","v":0},{"$f":"C12-(C34*'Manure and Nutrient Credits'!$D$27)-C44","v":0},{"$f":"D12-(D34*'Manure and Nutrient Credits'!$D$27)-D44","v":0},null,{"$f":"F12-(F34*'Manure and Nutrient Credits'!$D$30)-F44-H49","v":0},{"$f":"G12-(G34*'Manure and Nutrient Credits'!$D$30)-G44","v":0},{"$f":"H12-(H34*'Manure and Nutrient Credits'!$D$30)-H44","v":0},null,{"$f":"J12-(J34*'Manure and Nutrient Credits'!$D$33)-J44-L49","v":-20},{"$f":"K12-(K34*'Manure and Nutrient Credits'!$D$33)-K44","v":-32},{"$f":"L12-(L34*'Manure and Nutrient Credits'!$D$33)-L44","v":-25},null,null,null,null,null,null,null,null,"Hairy Vetch","90-200"]
[null,{"$f":"MAX(0,B55)","v":0},{"$f":"MAX(0,C55)","v":0},0,null,{"$f":"MAX(0,F55)","v":0},{"$f":"MAX(0,G55)","v":0},{"$f":"MAX(0,H55)","v":0},null,{"$f":"MAX(0,J55)","v":0},{"$f":"MAX(0,K55)","v":0},{"$f":"MAX(0,L55)","v":0},null,null,null,null,null,null,null,null,"Red Clover","70-150"]
[null,"S","Ca","Mag",null,"S","Ca","Mag",null,"S","Ca","Mag",null,null,null,null,null,null,null,null,"Sweetclover","90-170"]
[null,{"$f":"B14-(B36*'Manure and Nutrient Credits'!$D$27)","v":0},{"$f":"C14","v":0},{"$f":"D14","v":0},null,{"$f":"F14-(F36*'Manure and Nutrient Credits'!$D$30)","v":0},{"$f":"G14","v":0},{"$f":"H14","v":0},null,{"$f":"J14-(J36*'Manure and Nutrient Credits'!$D$33)","v":0},{"$f":"K14","v":0},{"$f":"L14","v":0},null,null,null,null,null,null,null,null,"White Clover","80-200"]
[null,{"$f":"MAX(0,B58)","v":0},{"$f":"MAX(0,C58)","v":0},0,null,{"$f":"MAX(0,F58)","v":0},{"$f":"MAX(0,G58)","v":0},{"$f":"MAX(0,H58)","v":0},null,{"$f":"MAX(0,J58)","v":0},{"$f":"MAX(0,K58)","v":0},{"$f":"MAX(0,L58)","v":0},null,null,null,null,null,null,null,null,"White Clover","80-200"]
[null,"Z","B","Mn",null,"Z","B","Mn",null,"Z","B","Mn"]
[null,{"$f":"B16","v":0},{"$f":"C16","v":0},0,null,0,0,0,null,0,0,0]
[null,"Cu","Mo","Fe",null,"Cu","Mo","Fe",null,"Cu","Mo","Fe"]
[null,{"$f":"B18","v":0},{"$f":"C18","v":0},0,null,0,0,0,null,0,0,0]
[null,null,null,null,null,null,null,null,null,null,null,null,null,null,null,null,null,null,null,null,"Chart 2: Performance and Roles"]
[null,null,null,null,null,null,null,null,null,"Enter Farm Name",null,null,null,null,null,null,null,null,null,null,"https://www.sare.org/wp-content/uploads/Managing-Cover-Crops-Profitably.pdf"]
[]
[null,"Use this information to help determine the amount of commercial fertilizer needed in the Fertilizer Plan tab."]
[]
[null,"Soil Test Based Recommendations",null,null,null,"Soil Test Based Recommendations",null,null,null,"Soil Test Based Recommendations"]
[null,{"$f":"B12-(B34*'Manure and Nutrient Credits'!$D$27)-B44-D49","v":0},{"$f":"C12-(C34*'Manure and Nutrient Credits'!$D$27)-C44","v":0},{"$f":"D12-(D34*'Manure and Nutrient Credits'!$D$27)-D44","v":0},null,{"$f":"F12-(F34*'Manure and Nutrient Credits'!$D$30)-F44-H49","v":0},{"$f":"G12-(G34*'Manure and Nutrient Credits'!$D$30)-G44","v":0},{"$f":"H12-(H34*'Manure and Nutrient Credits'!$D$30)-H44","v":0},null,{"$f":"J12-(J34*'Manure and Nutrient Credits'!$D$33)-J44-L49","v":-20},{"$f":"K12-(K34*'Manure and Nutrient Credits'!$D$33)-K44","v":-32},{"$f":"L12-(L34*'Manure and Nutrient Credits'!$D$33)-L44","v":-25}]
[null,{"$f":"MAX(0,B70)","v":0},{"$f":"MAX(0,C70)","v":0},0,null,{"$f":"MAX(0,F70)","v":0},{"$f":"MAX(0,G70)","v":0},{"$f":"MAX(0,H70)","v":0},null,{"$f":"MAX(0,J70)","v":0},{"$f":"MAX(0,K70)","v":0},{"$f":"MAX(0,L70)","v":0}]
[null,{"$f":"B14-(B36*'Manure and Nutrient Credits'!$D$27)","v":0},null,null,null,{"$f":"F14-(F36*'Manure and Nutrient Credits'!$D$30)","v":0},null,null,null,{"$f":"J14-(J36*'Manure and Nutrient Credits'!$D$33)","v":0}]
[null,{"$f":"MAX(0,B72)","v":0},null,null,null,{"$f":"MAX(0,F72)","v":0},null,null,null,{"$f":"MAX(0,J72)","v":0}]
[]
[null,"Nutrient Removal",null,null,null,"Nutrient Removal",null,null,null,"Nutrient Removal"]
[null,{"$f":"B25-(B34*'Manure and Nutrient Credits'!$D$27)-B44-D49","v":0},{"$f":"C25-(C34*'Manure and Nutrient Credits'!$D$27)-C44","v":0},{"$f":"D25-(D34*'Manure and Nutrient Credits'!$D$27)-D44","v":0},null,{"$f":"F25-(F34*'Manure and Nutrient Credits'!$D$30)-F44-H49","v":0},{"$f":"G25-(G34*'Manure and Nutrient Credits'!$D$30)-G44","v":0},{"$f":"H25-(H34*'Manure and Nutrient Credits'!$D$30)-H44","v":0},null,{"$f":"J25-(J34*'Manure and Nutrient Credits'!$D$33)-J44-L49","v":-20},{"$f":"K25-(K34*'Manure and Nutrient Credits'!$D$33)-K44","v":-32},{"$f":"L25-(L34*'Manure and Nutrient Credits'!$D$33)-L44","v":-25}]
[null,{"$f":"MAX(0,B76)","v":0},{"$f":"MAX(0,C76)","v":0},{"$f":"MAX(0,D76)","v":0},null,{"$f":"MAX(0,F76)","v":0},{"$f":"MAX(0,G76)","v":0},{"$f":"MAX(0,H76)","v":0},null,{"$f":"MAX(0,J76)","v":0},{"$f":"MAX(0,K76)","v":0},{"$f":"MAX(0,L76)","v":0}]
[null,{"$f":"B27-(B36*'Manure and Nutrient Credits'!$D$27)","v":0},null,null,null,{"$f":"F27-(F36*'Manure and Nutrient Credits'!$D$30)","v":0},null,null,null,{"$f":"J27-(J36*'Manure and Nutrient Credits'!$D$33)","v":0}]
[null,{"$f":"MAX(0,B78)","v":0},null,null,null,{"$f":"MAX(0,F78)","v":0},null,null,null,{"$f":"MAX(0,J78)","v":0}]

{"sheet":"Corn K Calculations","index":2,"n_rows":24,"n_cols":4,"rows_kept":24,"cut":false,"hidden":true,"merged":[]}
[9,50,"IF(AND(E8<=50,'Crop Budget (Main)'!C14<=100,D14<=9),125,IF(AND(E8<=50,'Crop Budget (Main)'!C14<=120,D14<=9),130,IF(AND(E8<=50,'Crop Budget (Main)'!C14<=140,D14<=9),135,IF(AND(E8<=50,'Crop Budget (Main)'!C14<=160,D14<=9),140,IF(AND(E8<=50,'Crop Budget (Main)'!C14<=180,D14<=9),145,IF(AND(E8<=50,'Crop Budget (Main)'!C14>180,D14<=9),145"]
[9,100,"IF(AND(E8<=100,'Crop Budget (Main)'!C14<=100,D14<=9),95,IF(AND(E8<=100,'Crop Budget (Main)'!C14<=120,D14<=9),100,IF(AND(E8<=100,'Crop Budget (Main)'!C14<=140,D14<=9),105,IF(AND(E8<=100,'Crop Budget (Main)'!C14<=160,D14<=9),110,IF(AND(E8<=100,'Crop Budget (Main)'!C14<=180,D14<=9),115,IF(AND(E8<=100,'Crop Budget (Main)'!C14>180,D14<=9),115"]
[9,150,"IF(AND(E8<=150,'Crop Budget (Main)'!C14<=100,D14<=9),65,IF(AND(E8<=150,'Crop Budget (Main)'!C14<=120,D14<=9),70,IF(AND(E8<=150,'Crop Budget (Main)'!C14<=140,D14<=9),75,IF(AND(E8<=150,'Crop Budget (Main)'!C14<=160,D14<=9),80,IF(AND(E8<=150,'Crop Budget (Main)'!C14<=180,D14<=9),85,IF(AND(E8<=150,'Crop Budget (Main)'!C14>180,D14<=9),80"]
[9,235]
[9,260]
[9,280]
[19,50,"IF(AND(E8<=50,'Crop Budget (Main)'!C14<=100,D14<=19),160,IF(AND(E8<=50,'Crop Budget (Main)'!C14<=120,D14<=19),165,IF(AND(E8<=50,'Crop Budget (Main)'!C14<=140,D14<=19),170,IF(AND(E8<=50,'Crop Budget (Main)'!C14<=160,D14<=19),175,IF(AND(E8<=50,'Crop Budget (Main)'!C14<=180,D14<=19),180,IF(AND(E8<=50,'Crop Budget (Main)'!C14>180,D14<=19),180"]
[19,100,"IF(AND(E8<=100,'Crop Budget (Main)'!C14<=100,D14<=19),120,IF(AND(E8<=100,'Crop Budget (Main)'!C14<=120,D14<=19),125,IF(AND(E8<=100,'Crop Budget (Main)'!C14<=140,D14<=19),135,IF(AND(E8<=100,'Crop Budget (Main)'!C14<=160,D14<=19),140,IF(AND(E8<=100,'Crop Budget (Main)'!C14<=180,D14<=19),145,IF(AND(E8<=100,'Crop Budget (Main)'!C14>180,D14<=19),145"]
[19,150,"IF(AND(E8<=150,'Crop Budget (Main)'!C14<=100,D14<=19),85,IF(AND(E8<=150,'Crop Budget (Main)'!C14<=120,D14<=19),90,IF(AND(E8<=150,'Crop Budget (Main)'!C14<=140,D14<=19),95,IF(AND(E8<=150,'Crop Budget (Main)'!C14<=160,D14<=19),100,IF(AND(E8<=150,'Crop Budget (Main)'!C14<=180,D14<=19),105,IF(AND(E8<=150,'Crop Budget (Main)'!C14>180,D14<=19),100"]
[19,250,"IF(AND(E8<=250,'Crop Budget (Main)'!C14<=100,D14<=19),45,IF(AND(E8<=250,'Crop Budget (Main)'!C14<=120,D14<=19),50,IF(AND(E8<=250,'Crop Budget (Main)'!C14<=140,D14<=19),60,IF(AND(E8<=250,'Crop Budget (Main)'!C14<=160,D14<=19),65,IF(AND(E8<=250,'Crop Budget (Main)'!C14<=180,D14<=19),70,IF(AND(E8<=250,'Crop Budget (Main)'!C14>180,D14<=19),70"]
[19,280]
[19,300]
[29,100,"IF(AND(E8<=100,'Crop Budget (Main)'!C14<=100,D14<=29),195,IF(AND(E8<=100,'Crop Budget (Main)'!C14<=120,D14<=29),200,IF(AND(E8<=100,'Crop Budget (Main)'!C14<=140,D14<=29),210,IF(AND(E8<=100,'Crop Budget (Main)'!C14<=160,D14<=29),215,IF(AND(E8<=100,'Crop Budget (Main)'!C14<=180,D14<=29),220,IF(AND(E8<=100,'Crop Budget (Main)'!C14>180,D14<=29),220"]
[29,150,"IF(AND(E8<=150,'Crop Budget (Main)'!C14<=100,D14<=29),145,IF(AND(E8<=150,'Crop Budget (Main)'!C14<=120,D14<=29),150,IF(AND(E8<=150,'Crop Budget (Main)'!C14<=140,D14<=29),160,IF(AND(E8<=150,'Crop Budget (Main)'!C14<=160,D14<=29),165,IF(AND(E8<=150,'Crop Budget (Main)'!C14<=180,D14<=29),170,IF(AND(E8<=150,'Crop Budget (Main)'!C14>180,D14<=29),170"]
[29,250,"IF(AND(E8<=250,'Crop Budget (Main)'!C14<=100,D14<=29),95,IF(AND(E8<=250,'Crop Budget (Main)'!C14<=120,D14<=29),100,IF(AND(E8<=250,'Crop Budget (Main)'!C14<=140,D14<=29),110,IF(AND(E8<=250,'Crop Budget (Main)'!C14<=160,D14<=29),115,IF(AND(E8<=250,'Crop Budget (Main)'!C14<=180,D14<=29),120,IF(AND(E8<=250,'Crop Budget (Main)'!C14>180,D14<=29),120"]
[29,310]
[29,330]
[29,350,null,"IF(AND(E8<=50,'Crop Budget (Main)'!C14<=100,D14<=9),125,IF(AND(E8<=50,'Crop Budget (Main)'!C14<=120,D14<=9),130,IF(AND(E8<=50,'Crop Budget (Main)'!C14<=140,D14<=9),135,IF(AND(E8<=50,'Crop Budget (Main)'!C14<=160,D14<=9),140,IF(AND(E8<=50,'Crop Budget (Main)'!C14<=180,D14<=9),145,IF(AND(E8<=50,'Crop Budget (Main)'!C14>180,D14<=9),145,IF(AND(E8<=100,'Crop Budget (Main)'!C14<=100,D14<=9),95,IF(AND(E8<=100,'Crop Budget (Main)'!C14<=120,D14<=9),100,IF(AND(E8<=100,'Crop Budget (Main)'!C14<=140,D14<=9),105,IF(AND(E8<=100,'Crop Budget (Main)'!C14<=160,D14<=9),110,IF(AND(E8<=100,'Crop Budget (Main)'!C14<=180,D14<=9),115,IF(AND(E8<=100,'Crop Budget (Main)'!C14>180,D14<=9),115,IF(AND(E8<=150,'Crop Budget (Main)'!C14<=100,D14<=9),65,IF(AND(E8<=150,'Crop Budget (Main)'!C14<=120,D14<=9),70,IF(AND(E8<=150,'Crop Budget (Main)'!C14<=140,D14<=9),75,IF(AND(E8<=150,'Crop Budget (Main)'!C14<=160,D14<=9),80,IF(AND(E8<=150,'Crop Budget (Main)'!C14<=180,D14<=9),85,IF(AND(E8<=150,'Crop Budget (Main)'!C14>180,D14<=9),80,IF(AND(E8<=50,'Crop Budget (Main)'!C14<=100,D14<=19),160,IF(AND(E8<=50,'Crop Budget (Main)'!C14<=120,D14<=19),165,IF(AND(E8<=50,'Crop Budget (Main)'!C14<=140,D14<=19),170,IF(AND(E8<=50,'Crop Budget (Main)'!C14<=160,D14<=19),175,IF(AND(E8<=50,'Crop Budget (Main)'!C14<=180,D14<=19),180,IF(AND(E8<=50,'Crop Budget (Main)'!C14>180,D14<=19),180,IF(AND(E8<=100,'Crop Budget (Main)'!C14<=100,D14<=19),120,IF(AND(E8<=100,'Crop Budget (Main)'!C14<=120,D14<=19),125,IF(AND(E8<=100,'Crop Budget (Main)'!C14<=140,D14<=19),135,IF(AND(E8<=100,'Crop Budget (Main)'!C14<=160,D14<=19),140,IF(AND(E8<=100,'Crop Budget (Main)'!C14<=180,D14<=19),145,IF(AND(E8<=100,'Crop Budget (Main)'!C14>180,D14<=19),145,IF(AND(E8<=150,'Crop Budget (Main)'!C14<=100,D14<=19),85,IF(AND(E8<=150,'Crop Budget (Main)'!C14<=120,D14<=19),90,IF(AND(E8<=150,'Crop Budget (Main)'!C14<=140,D14<=19),95,IF(AND(E8<=150,'Crop Budget (Main)'!C14<=160,D14<=19),100,IF(AND(E8<=150,'Crop Budget (Main)'!C14<=180,D14<=19),105,IF(AND(E8<=150,'Crop Budget (Main)'!C14>180,D14<=19),100,IF(AND(E8<=200,'Crop Budget (Main)'!C14<=100,D14<=19),45,IF(AND(E8<=200,'Crop Budget (Main)'!C14<=120,D14<=19),50,IF(AND(E8<=200,'Crop Budget (Main)'!C14<=140,D14<=19),60,IF(AND(E8<=200,'Crop Budget (Main)'!C14<=160,D14<=19),65,IF(AND(E8<=200,'Crop Budget (Main)'!C14<=180,D14<=19),70,IF(AND(E8<=200,'Crop Budget (Main)'!C14>180,D14<=19),70,IF(AND(E8<=100,'Crop Budget (Main)'!C14<=100,D14<=29),195,IF(AND(E8<=100,'Crop Budget (Main)'!C14<=120,D14<=29),200,IF(AND(E8<=100,'Crop Budget (Main)'!C14<=140,D14<=29),210,IF(AND(E8<=100,'Crop Budget (Main)'!C14<=160,D14<=29),215,IF(AND(E8<=100,'Crop Budget (Main)'!C14<=180,D14<=29),220,IF(AND(E8<=100,'Crop Budget (Main)'!C14>180,D14<=29),220,IF(AND(E8<=150,'Crop Budget (Main)'!C14<=100,D14<=29),145,IF(AND(E8<=150,'Crop Budget (Main)'!C14<=120,D14<=29),150,IF(AND(E8<=150,'Crop Budget (Main)'!C14<=140,D14<=29),160,IF(AND(E8<=150,'Crop Budget (Main)'!C14<=160,D14<=29),165,IF(AND(E8<=150,'Crop Budget (Main)'!C14<=180,D14<=29),170,IF(AND(E8<=150,'Crop Budget (Main)'!C14>180,D14<=29),170,IF(AND(E8<=200,'Crop Budget (Main)'!C14<=100,D14<=29),95,IF(AND(E8<=200,'Crop Budget (Main)'!C14<=120,D14<=29),100,IF(AND(E8<=200,'Crop Budget (Main)'!C14<=140,D14<=29),110,IF(AND(E8<=200,'Crop Budget (Main)'!C14<=160,D14<=29),115,IF(AND(E8<=200,'Crop Budget (Main)'!C14<=180,D14<=29),120,IF(AND(E8<=200,'Crop Budget (Main)'!C14>180,D14<=29),120"]
[30,150]
[30,200]
[30,250]
[30,360]
[30,380]
[30,400]

{"sheet":"Soybean K Calculations","index":3,"n_rows":24,"n_cols":4,"rows_kept":24,"cut":false,"hidden":true,"merged":[]}
[9,50,"IF(AND(I8<=50,'Crop Budget (Main)'!G14<=30,H14<=9),140,IF(AND(I8<=50,'Crop Budget (Main)'!G14<=40,H14<=9),155,IF(AND(I8<=50,'Crop Budget (Main)'!G14<=50,H14<=9),170,IF(AND(I8<=50,'Crop Budget (Main)'!G14<=60,H14<=9),180,IF(AND(I8<=50,'Crop Budget (Main)'!G14<=70,H14<=9),195,IF(AND(I8<=50,'Crop Budget (Main)'!G14>70,H14<=9),195"]
[9,100,"IF(AND(I8<=100,'Crop Budget (Main)'!G14<=30,H14<=9),110,IF(AND(I8<=100,'Crop Budget (Main)'!G14<=40,H14<=9),125,IF(AND(I8<=100,'Crop Budget (Main)'!G14<=50,H14<=9),135,IF(AND(I8<=100,'Crop Budget (Main)'!G14<=60,H14<=9),150,IF(AND(I8<=100,'Crop Budget (Main)'!G14<=70,H14<=9),165,IF(AND(I8<=100,'Crop Budget (Main)'!G14>70,H14<=9),165"]
[9,150,"IF(AND(I8<=150,'Crop Budget (Main)'!G14<=30,H14<=9),80,IF(AND(I8<=150,'Crop Budget (Main)'!G14<=40,H14<=9),90,IF(AND(I8<=150,'Crop Budget (Main)'!G14<=50,H14<=9),105,IF(AND(I8<=150,'Crop Budget (Main)'!G14<=60,H14<=9),105,IF(AND(I8<=150,'Crop Budget (Main)'!G14<=70,H14<=9),120,IF(AND(I8<=150,'Crop Budget (Main)'!G14>70,H14<=9),120"]
[9,235]
[9,260]
[9,280]
[19,50,"IF(AND(I8<=50,'Crop Budget (Main)'!G14<=30,H14<=19),175,IF(AND(I8<=50,'Crop Budget (Main)'!G14<=40,H14<=19),190,IF(AND(I8<=50,'Crop Budget (Main)'!G14<=50,H14<=19),205,IF(AND(I8<=50,'Crop Budget (Main)'!G14<=60,H14<=19),215,IF(AND(I8<=50,'Crop Budget (Main)'!G14<=70,H14<=19),230,IF(AND(I8<=50,'Crop Budget (Main)'!G14>70,H14<=19),230"]
[19,100,"IF(AND(I8<=100,'Crop Budget (Main)'!G14<=30,H14<=19),135,IF(AND(I8<=100,'Crop Budget (Main)'!G14<=40,H14<=19),150,IF(AND(I8<=100,'Crop Budget (Main)'!G14<=50,H14<=19),165,IF(AND(I8<=100,'Crop Budget (Main)'!G14<=60,H14<=19),180,IF(AND(I8<=100,'Crop Budget (Main)'!G14<=70,H14<=19),195,IF(AND(I8<=100,'Crop Budget (Main)'!G14>70,H14<=19),195"]
[19,150,"IF(AND(I8<=150,'Crop Budget (Main)'!G14<=30,H14<=19),100,IF(AND(I8<=150,'Crop Budget (Main)'!G14<=40,H14<=19),115,IF(AND(I8<=150,'Crop Budget (Main)'!G14<=50,H14<=19),130,IF(AND(I8<=150,'Crop Budget (Main)'!G14<=60,H14<=19),140,IF(AND(I8<=150,'Crop Budget (Main)'!G14<=70,H14<=19),155,IF(AND(I8<=150,'Crop Budget (Main)'!G14>70,H14<=19),155"]
[19,250,"IF(AND(I8<=250,'Crop Budget (Main)'!G14<=30,H14<=19),60,IF(AND(I8<=250,'Crop Budget (Main)'!G14<=40,H14<=19),75,IF(AND(I8<=250,'Crop Budget (Main)'!G14<=50,H14<=19),90,IF(AND(I8<=250,'Crop Budget (Main)'!G14<=60,H14<=19),105,IF(AND(I8<=250,'Crop Budget (Main)'!G14<=70,H14<=19),120,IF(AND(I8<=250,'Crop Budget (Main)'!G14>70,H14<=19),120"]
[19,280]
[19,300]
[29,100,"IF(AND(I8<=100,'Crop Budget (Main)'!G14<=100,H14<=29),210,IF(AND(I8<=100,'Crop Budget (Main)'!G14<=120,H14<=29),225,IF(AND(I8<=100,'Crop Budget (Main)'!G14<=140,H14<=29),240,IF(AND(I8<=100,'Crop Budget (Main)'!G14<=160,H14<=29),255,IF(AND(I8<=100,'Crop Budget (Main)'!G14<=180,H14<=29),270,IF(AND(I8<=100,'Crop Budget (Main)'!G14>180,H14<=29),270"]
[29,150,"IF(AND(I8<=150,'Crop Budget (Main)'!G14<=100,H14<=29),160,IF(AND(I8<=150,'Crop Budget (Main)'!G14<=120,H14<=29),175,IF(AND(I8<=150,'Crop Budget (Main)'!G14<=140,H14<=29),190,IF(AND(I8<=150,'Crop Budget (Main)'!G14<=160,H14<=29),205,IF(AND(I8<=150,'Crop Budget (Main)'!G14<=180,H14<=29),220,IF(AND(I8<=150,'Crop Budget (Main)'!G14>180,H14<=29),220"]
[29,250,"IF(AND(I8<=250,'Crop Budget (Main)'!G14<=100,H14<=29),110,IF(AND(I8<=250,'Crop Budget (Main)'!G14<=120,H14<=29),125,IF(AND(I8<=250,'Crop Budget (Main)'!G14<=140,H14<=29),140,IF(AND(I8<=250,'Crop Budget (Main)'!G14<=160,H14<=29),155,IF(AND(I8<=250,'Crop Budget (Main)'!G14<=180,H14<=29),170,IF(AND(I8<=250,'Crop Budget (Main)'!G14>180,H14<=29),170"]
[29,310]
[29,330]
[29,350,null,"IF(AND(I8<=50,'Crop Budget (Main)'!G14<=30,H14<=9),140,IF(AND(I8<=50,'Crop Budget (Main)'!G14<=40,H14<=9),155,IF(AND(I8<=50,'Crop Budget (Main)'!G14<=50,H14<=9),170,IF(AND(I8<=50,'Crop Budget (Main)'!G14<=60,H14<=9),180,IF(AND(I8<=50,'Crop Budget (Main)'!G14<=70,H14<=9),195,IF(AND(I8<=50,'Crop Budget (Main)'!G14>70,H14<=9),195,IF(AND(I8<=100,'Crop Budget (Main)'!G14<=30,H14<=9),110,IF(AND(I8<=100,'Crop Budget (Main)'!G14<=40,H14<=9),125,IF(AND(I8<=100,'Crop Budget (Main)'!G14<=50,H14<=9),135,IF(AND(I8<=100,'Crop Budget (Main)'!G14<=60,H14<=9),150,IF(AND(I8<=100,'Crop Budget (Main)'!G14<=70,H14<=9),165,IF(AND(I8<=100,'Crop Budget (Main)'!G14>70,H14<=9),165,IF(AND(I8<=150,'Crop Budget (Main)'!G14<=30,H14<=9),80,IF(AND(I8<=150,'Crop Budget (Main)'!G14<=40,H14<=9),90,IF(AND(I8<=150,'Crop Budget (Main)'!G14<=50,H14<=9),105,IF(AND(I8<=150,'Crop Budget (Main)'!G14<=60,H14<=9),105,IF(AND(I8<=150,'Crop Budget (Main)'!G14<=70,H14<=9),120,IF(AND(I8<=150,'Crop Budget (Main)'!G14>70,H14<=9),120,IF(AND(I8<=50,'Crop Budget (Main)'!G14<=30,H14<=19),175,IF(AND(I8<=50,'Crop Budget (Main)'!G14<=40,H14<=19),190,IF(AND(I8<=50,'Crop Budget (Main)'!G14<=50,H14<=19),205,IF(AND(I8<=50,'Crop Budget (Main)'!G14<=60,H14<=19),215,IF(AND(I8<=50,'Crop Budget (Main)'!G14<=70,H14<=19),230,IF(AND(I8<=50,'Crop Budget (Main)'!G14>70,H14<=19),230,IF(AND(I8<=100,'Crop Budget (Main)'!G14<=30,H14<=19),135,IF(AND(I8<=100,'Crop Budget (Main)'!G14<=40,H14<=19),150,IF(AND(I8<=100,'Crop Budget (Main)'!G14<=50,H14<=19),165,IF(AND(I8<=100,'Crop Budget (Main)'!G14<=60,H14<=19),180,IF(AND(I8<=100,'Crop Budget (Main)'!G14<=70,H14<=19),195,IF(AND(I8<=100,'Crop Budget (Main)'!G14>70,H14<=19),195,IF(AND(I8<=150,'Crop Budget (Main)'!G14<=30,H14<=19),100,IF(AND(I8<=150,'Crop Budget (Main)'!G14<=40,H14<=19),115,IF(AND(I8<=150,'Crop Budget (Main)'!G14<=50,H14<=19),130,IF(AND(I8<=150,'Crop Budget (Main)'!G14<=60,H14<=19),140,IF(AND(I8<=150,'Crop Budget (Main)'!G14<=70,H14<=19),155,IF(AND(I8<=150,'Crop Budget (Main)'!G14>70,H14<=19),155,IF(AND(I8<=250,'Crop Budget (Main)'!G14<=30,H14<=19),60,IF(AND(I8<=250,'Crop Budget (Main)'!G14<=40,H14<=19),75,IF(AND(I8<=250,'Crop Budget (Main)'!G14<=50,H14<=19),90,IF(AND(I8<=250,'Crop Budget (Main)'!G14<=60,H14<=19),105,IF(AND(I8<=250,'Crop Budget (Main)'!G14<=70,H14<=19),120,IF(AND(I8<=250,'Crop Budget (Main)'!G14>70,H14<=19),120,IF(AND(I8<=100,'Crop Budget (Main)'!G14<=100,H14<=29),210,IF(AND(I8<=100,'Crop Budget (Main)'!G14<=120,H14<=29),225,IF(AND(I8<=100,'Crop Budget (Main)'!G14<=140,H14<=29),240,IF(AND(I8<=100,'Crop Budget (Main)'!G14<=160,H14<=29),255,IF(AND(I8<=100,'Crop Budget (Main)'!G14<=180,H14<=29),270,IF(AND(I8<=100,'Crop Budget (Main)'!G14>180,H14<=29),270,IF(AND(I8<=150,'Crop Budget (Main)'!G14<=100,H14<=29),160,IF(AND(I8<=150,'Crop Budget (Main)'!G14<=120,H14<=29),175,IF(AND(I8<=150,'Crop Budget (Main)'!G14<=140,H14<=29),190,IF(AND(I8<=150,'Crop Budget (Main)'!G14<=160,H14<=29),205,IF(AND(I8<=150,'Crop Budget (Main)'!G14<=180,H14<=29),220,IF(AND(I8<=150,'Crop Budget (Main)'!G14>180,H14<=29),220,IF(AND(I8<=250,'Crop Budget (Main)'!G14<=100,H14<=29),110,IF(AND(I8<=250,'Crop Budget (Main)'!G14<=120,H14<=29),125,IF(AND(I8<=250,'Crop Budget (Main)'!G14<=140,H14<=29),140,IF(AND(I8<=250,'Crop Budget (Main)'!G14<=160,H14<=29),155,IF(AND(I8<=250,'Crop Budget (Main)'!G14<=180,H14<=29),170,IF(AND(I8<=250,'Crop Budget (Main)'!G14>180,H14<=29),170"]
[30,150]
[30,200]
[30,250]
[30,360]
[30,380]
[30,400]

{"sheet":"Wheat K Calculations","index":4,"n_rows":24,"n_cols":4,"rows_kept":24,"cut":false,"hidden":true,"merged":[]}
[9,50,"IF(AND(M8<=50,'Crop Budget (Main)'!K14<=50,L14<=9),115,IF(AND(M8<=50,'Crop Budget (Main)'!K14<=60,L14<=9),130,IF(AND(M8<=50,'Crop Budget (Main)'!K14<=70,L14<=9),125,IF(AND(M8<=50,'Crop Budget (Main)'!K14<=80,L14<=9),130,IF(AND(M8<=50,'Crop Budget (Main)'!K14<=90,L14<=9),130,IF(AND(M8<=50,'Crop Budget (Main)'!K14>90,L14<=9),130"]
[9,100,"IF(AND(M8<=100,'Crop Budget (Main)'!K14<=50,L14<=9),85,IF(AND(M8<=100,'Crop Budget (Main)'!K14<=60,L14<=9),90,IF(AND(M8<=100,'Crop Budget (Main)'!K14<=70,L14<=9),95,IF(AND(M8<=100,'Crop Budget (Main)'!K14<=80,L14<=9),95,IF(AND(M8<=100,'Crop Budget (Main)'!K14<=90,L14<=9),100,IF(AND(M8<=100,'Crop Budget (Main)'!K14>90,L14<=9),100"]
[9,150,"IF(AND(M8<=150,'Crop Budget (Main)'!K14<=50,L14<=9),55,IF(AND(M8<=150,'Crop Budget (Main)'!K14<=60,L14<=9),60,IF(AND(M8<=150,'Crop Budget (Main)'!K14<=70,L14<=9),60,IF(AND(M8<=150,'Crop Budget (Main)'!K14<=80,L14<=9),65,IF(AND(M8<=150,'Crop Budget (Main)'!K14<=90,L14<=9),70,IF(AND(M8<=150,'Crop Budget (Main)'!K14>90,L14<=9),70"]
[9,235]
[9,260]
[9,280]
[19,50,"IF(AND(M8<=50,'Crop Budget (Main)'!K14<=50,L14<=19),150,IF(AND(M8<=50,'Crop Budget (Main)'!K14<=60,L14<=19),155,IF(AND(M8<=50,'Crop Budget (Main)'!K14<=70,L14<=19),160,IF(AND(M8<=50,'Crop Budget (Main)'!K14<=80,L14<=19),160,IF(AND(M8<=50,'Crop Budget (Main)'!K14<=90,L14<=19),165,IF(AND(M8<=50,'Crop Budget (Main)'!K14>90,L14<=19),165"]
[19,100,"IF(AND(M8<=100,'Crop Budget (Main)'!K14<=50,L14<=19),115,IF(AND(M8<=100,'Crop Budget (Main)'!K14<=60,L14<=19),115,IF(AND(M8<=100,'Crop Budget (Main)'!K14<=70,L14<=19),120,IF(AND(M8<=100,'Crop Budget (Main)'!K14<=80,L14<=19),125,IF(AND(M8<=100,'Crop Budget (Main)'!K14<=90,L14<=19),130,IF(AND(M8<=100,'Crop Budget (Main)'!K14>90,L14<=19),130"]
[19,150,"IF(AND(M8<=150,'Crop Budget (Main)'!K14<=50,L14<=19),75,IF(AND(M8<=150,'Crop Budget (Main)'!K14<=60,L14<=19),80,IF(AND(M8<=150,'Crop Budget (Main)'!K14<=70,L14<=19),85,IF(AND(M8<=150,'Crop Budget (Main)'!K14<=80,L14<=19),85,IF(AND(M8<=150,'Crop Budget (Main)'!K14<=90,L14<=19),90,IF(AND(M8<=150,'Crop Budget (Main)'!K14>90,L14<=19),90"]
[19,200,"IF(AND(M8<=200,'Crop Budget (Main)'!K14<=50,L14<=19),40,IF(AND(M8<=200,'Crop Budget (Main)'!K14<=60,L14<=19),40,IF(AND(M8<=200,'Crop Budget (Main)'!K14<=70,L14<=19),45,IF(AND(M8<=200,'Crop Budget (Main)'!K14<=80,L14<=19),50,IF(AND(M8<=200,'Crop Budget (Main)'!K14<=90,L14<=19),50,IF(AND(M8<=200,'Crop Budget (Main)'!K14>90,L14<=19),50"]
[19,280]
[19,300]
[29,100,"IF(AND(M8<=100,'Crop Budget (Main)'!K14<=50,L14<=29),190,IF(AND(M8<=100,'Crop Budget (Main)'!K14<=60,L14<=29),190,IF(AND(M8<=100,'Crop Budget (Main)'!K14<=70,L14<=29),195,IF(AND(M8<=100,'Crop Budget (Main)'!K14<=80,L14<=29),200,IF(AND(M8<=100,'Crop Budget (Main)'!K14<=90,L14<=29),205,IF(AND(M8<=100,'Crop Budget (Main)'!K14>90,L14<=29),205"]
[29,150,"IF(AND(M8<=150,'Crop Budget (Main)'!K14<=50,L14<=29),140,IF(AND(M8<=150,'Crop Budget (Main)'!K14<=60,L14<=29),140,IF(AND(M8<=150,'Crop Budget (Main)'!K14<=70,L14<=29),145,IF(AND(M8<=150,'Crop Budget (Main)'!K14<=80,L14<=29),150,IF(AND(M8<=150,'Crop Budget (Main)'!K14<=90,L14<=29),155,IF(AND(M8<=150,'Crop Budget (Main)'!K14>90,L14<=29),155"]
[29,200,"IF(AND(M8<=200,'Crop Budget (Main)'!K14<=50,L14<=29),90,IF(AND(M8<=200,'Crop Budget (Main)'!K14<=60,L14<=29),90,IF(AND(M8<=200,'Crop Budget (Main)'!K14<=70,L14<=29),95,IF(AND(M8<=200,'Crop Budget (Main)'!K14<=80,L14<=29),100,IF(AND(M8<=200,'Crop Budget (Main)'!K14<=90,L14<=29),105,IF(AND(M8<=200,'Crop Budget (Main)'!K14>90,L14<=29),105"]
[29,310]
[29,330]
[29,350,null,"IF(AND(M8<=50,'Crop Budget (Main)'!K14<=50,L14<=9),115,IF(AND(M8<=50,'Crop Budget (Main)'!K14<=60,L14<=9),130,IF(AND(M8<=50,'Crop Budget (Main)'!K14<=70,L14<=9),125,IF(AND(M8<=50,'Crop Budget (Main)'!K14<=80,L14<=9),130,IF(AND(M8<=50,'Crop Budget (Main)'!K14<=90,L14<=9),130,IF(AND(M8<=50,'Crop Budget (Main)'!K14>90,L14<=9),130,IF(AND(M8<=100,'Crop Budget (Main)'!K14<=50,L14<=9),85,IF(AND(M8<=100,'Crop Budget (Main)'!K14<=60,L14<=9),90,IF(AND(M8<=100,'Crop Budget (Main)'!K14<=70,L14<=9),95,IF(AND(M8<=100,'Crop Budget (Main)'!K14<=80,L14<=9),95,IF(AND(M8<=100,'Crop Budget (Main)'!K14<=90,L14<=9),100,IF(AND(M8<=100,'Crop Budget (Main)'!K14>90,L14<=9),100,IF(AND(M8<=150,'Crop Budget (Main)'!K14<=50,L14<=9),55,IF(AND(M8<=150,'Crop Budget (Main)'!K14<=60,L14<=9),60,IF(AND(M8<=150,'Crop Budget (Main)'!K14<=70,L14<=9),60,IF(AND(M8<=150,'Crop Budget (Main)'!K14<=80,L14<=9),65,IF(AND(M8<=150,'Crop Budget (Main)'!K14<=90,L14<=9),70,IF(AND(M8<=150,'Crop Budget (Main)'!K14>90,L14<=9),70,IF(AND(M8<=50,'Crop Budget (Main)'!K14<=50,L14<=19),150,IF(AND(M8<=50,'Crop Budget (Main)'!K14<=60,L14<=19),155,IF(AND(M8<=50,'Crop Budget (Main)'!K14<=70,L14<=19),160,IF(AND(M8<=50,'Crop Budget (Main)'!K14<=80,L14<=19),160,IF(AND(M8<=50,'Crop Budget (Main)'!K14<=90,L14<=19),165,IF(AND(M8<=50,'Crop Budget (Main)'!K14>90,L14<=19),165,IF(AND(M8<=100,'Crop Budget (Main)'!K14<=50,L14<=19),115,IF(AND(M8<=100,'Crop Budget (Main)'!K14<=60,L14<=19),115,IF(AND(M8<=100,'Crop Budget (Main)'!K14<=70,L14<=19),120,IF(AND(M8<=100,'Crop Budget (Main)'!K14<=80,L14<=19),125,IF(AND(M8<=100,'Crop Budget (Main)'!K14<=90,L14<=19),130,IF(AND(M8<=100,'Crop Budget (Main)'!K14>90,L14<=19),130,IF(AND(M8<=150,'Crop Budget (Main)'!K14<=50,L14<=19),75,IF(AND(M8<=150,'Crop Budget (Main)'!K14<=60,L14<=19),80,IF(AND(M8<=150,'Crop Budget (Main)'!K14<=70,L14<=19),85,IF(AND(M8<=150,'Crop Budget (Main)'!K14<=80,L14<=19),85,IF(AND(M8<=150,'Crop Budget (Main)'!K14<=90,L14<=19),90,IF(AND(M8<=150,'Crop Budget (Main)'!K14>90,L14<=19),90,IF(AND(M8<=200,'Crop Budget (Main)'!K14<=50,L14<=19),40,IF(AND(M8<=200,'Crop Budget (Main)'!K14<=60,L14<=19),40,IF(AND(M8<=200,'Crop Budget (Main)'!K14<=70,L14<=19),45,IF(AND(M8<=200,'Crop Budget (Main)'!K14<=80,L14<=19),50,IF(AND(M8<=200,'Crop Budget (Main)'!K14<=90,L14<=19),50,IF(AND(M8<=200,'Crop Budget (Main)'!K14>90,L14<=19),50,IF(AND(M8<=100,'Crop Budget (Main)'!K14<=50,L14<=29),190,IF(AND(M8<=100,'Crop Budget (Main)'!K14<=60,L14<=29),190,IF(AND(M8<=100,'Crop Budget (Main)'!K14<=70,L14<=29),195,IF(AND(M8<=100,'Crop Budget (Main)'!K14<=80,L14<=29),200,IF(AND(M8<=100,'Crop Budget (Main)'!K14<=90,L14<=29),205,IF(AND(M8<=100,'Crop Budget (Main)'!K14>90,L14<=29),205,IF(AND(M8<=150,'Crop Budget (Main)'!K14<=50,L14<=29),140,IF(AND(M8<=150,'Crop Budget (Main)'!K14<=60,L14<=29),140,IF(AND(M8<=150,'Crop Budget (Main)'!K14<=70,L14<=29),145,IF(AND(M8<=150,'Crop Budget (Main)'!K14<=80,L14<=29),150,IF(AND(M8<=150,'Crop Budget (Main)'!K14<=90,L14<=29),155,IF(AND(M8<=150,'Crop Budget (Main)'!K14>90,L14<=29),155,IF(AND(M8<=200,'Crop Budget (Main)'!K14<=50,L14<=29),90,IF(AND(M8<=200,'Crop Budget (Main)'!K14<=60,L14<=29),90,IF(AND(M8<=200,'Crop Budget (Main)'!K14<=70,L14<=29),95,IF(AND(M8<=200,'Crop Budget (Main)'!K14<=80,L14<=29),100,IF(AND(M8<=200,'Crop Budget (Main)'!K14<=90,L14<=29),105,IF(AND(M8<=200,'Crop Budget (Main)'!K14>90,L14<=29),105"]
[30,150]
[30,200]
[30,250]
[30,360]
[30,380]
[30,400]

{"sheet":"Fertilizer Products & Pricing","index":5,"n_rows":99,"n_cols":42,"rows_kept":99,"cut":false,"hidden":false,"merged":[[4,37,5,39],[1,1,1,9],[1,24,1,27],[1,19,1,22],[1,30,1,33],[51,37,53,41],[38,37,39,41],[46,41,47,41],[41,41,42,41],[40,37,40,41]]}
[1,2,3,4,5,6,7,8,9,10,11,12,13,14,15,16,17,18]
[null,"Pounds per Material",null,null,null,null,null,null,null,null,null,null,null,null,null,null,null,"(Enter Below)",null,"Cost Per Lb Calculations",null,null,null,null,"Lbs Per Purchase Unit",null,null,null,"Total per Ton",null,"Percentage of Total"]
["Macronutrients","Nitrogen","Phosphorus","Potassium","Sulfur","Magnesium","Calcium","Zinc","Boron","Manganese","Copper","Molybdenum","Iron","Unit Size","App Units","Units/Pkg","Purchase Units","Price/Unit",null,"N","P","K","S",null,"N","P","K","S",null,"Inert Material","N","P","K","S","Inert Material"]
["None",null,null,null,null,null,null,null,null,null,null,null,null,null,null,1,"None",0]
["Ammonium polyphosphate (10-34-0)",{"$f":"N5*0.1","v":1.17},{"$f":"N5*0.34","v":3.9780000000000002},null,null,null,null,null,null,null,null,null,null,11.7,"gal",2000,"Tons",0,null,{"$f":"IFERROR($R5/($P5*(B5/$N5))*AE5,0)","v":0},{"$f":"IFERROR($R5/($P5*(C5/$N5))*AF5,0)","v":0},{"$f":"IFERROR($R5/($P5*(D5/$N5))*AG5,0)","v":0},{"$f":"IFERROR($R5/($P5*(E5/$N5))*AH5,0)","v":0},null,{"$f":"2000*(B5/$N5)","v":200},{"$f":"2000*(C5/$N5)","v":680},{"$f":"2000*(D5/$N5)","v":0},{"$f":"2000*(E5/$N5)","v":0},{"$f":"Y5+Z5+AA5+AB5","v":880},{"$f":"2000-AC5","v":1120},{"$f":"Y5/AC5","v":0.22727272727272727},{"$f":"Z5/AC5","v":0.77272727272727271},{"$f":"AA5/AC5","v":0},{"$f":"AB5/AC5","v":0},null,null,"Note:","All listed product values are based on nutrient analysis from product labels"]
["AMS (21-0-0-24S)",0.21,null,null,0.24,null,null,null,null,null,null,null,null,1,"lbs",2000,"Tons",0,null,0,0,0,0,null,{"$f":"2000*(B6/$N6)","v":420},{"$f":"2000*(C6/$N6)","v":0},{"$f":"2000*(D6/$N6)","v":0},{"$f":"2000*(E6/$N6)","v":480},900,{"$f":"2000-AC6","v":1100},{"$f":"Y6/AC6","v":0.46666666666666667},{"$f":"Z6/AC6","v":0},{"$f":"AA6/AC6","v":0},{"$f":"AB6/AC6","v":0.53333333333333333}]
["Anhydrous (82-0-0)",0.82,null,null,null,null,null,null,null,null,null,null,null,1,"lbs",2000,"Tons",0,null,0,0,0,0,null,1640,0,0,0,1640,360,1,0,0,0]
["DAP (18-46-0)",0.18,0.46,null,null,null,null,null,null,null,null,null,null,1,"lbs",2000,"Tons",0,null,0,0,0,0,null,360,920,0,0,1280,720,0.28125,0.71875,0,0]
["ESN (44-0-0)",0.44,null,null,null,null,null,null,null,null,null,null,null,1,"lbs",2000,"Tons",0,null,0,0,0,0,null,880,0,0,0,880,1120,1,0,0,0]
["Gypsum (0-0-0-17S-21Ca)",null,null,null,0.17,null,0.21,null,null,null,null,null,null,1,"lbs",2000,"Tons",0,null,0,0,0,0,null,0,0,0,340,340,1660,0,0,0,1]
["K-Mag (0-0-22-11Mg-21S)",null,null,0.22,0.21,0.11,null,null,null,null,null,null,null,1,"lbs",2000,"Gallons",0,null,0,0,0,0,null,0,0,440,420,860,1140,0,0,0.51162790697674421,0.48837209302325579]
["MAP (11-52-00)",0.11,0.52,null,null,null,null,null,null,null,null,null,null,1,"lbs",2000,"Tons",0,null,0,0,0,0,null,220,1040,0,0,1260,740,0.17460317460317459,0.82539682539682535,0,0]
["MESZ (12-40-0-10S-1Z)",0.12,0.4,null,0.1,null,null,0.01,null,null,null,null,null,1,"lbs",2000,"Tons",0,null,0,0,0,0,null,240,800,0,200,1240,760,0.19354838709677419,0.64516129032258063,0,0.16129032258064516]
["Potash (0-0-60)",null,null,0.6,null,null,null,null,null,null,null,null,null,1,"lbs",2000,"Tons",0,null,0,0,0,0,null,0,0,1200,0,1200,800,0,0,1,0]
["Potassium Acetate (0-0-24)",null,null,0.24,null,null,null,null,null,null,null,null,null,10.65,"gal",2000,"Gallons",0,null,0,0,0,0,null,0,0,45.070422535211264,0,45.070422535211264,1954.9295774647887,0,0,1,0]
["Potassium Sulphate (0-0-52-18S)",null,null,0.52,0.18,null,null,null,null,null,null,null,null,1,"lbs",2000,"Tons",0,null,0,0,0,0,null,0,0,1040,360,1400,600,0,0,0.74285714285714288,0.25714285714285712]
["SuperU (46-0-0)",0.46,null,null,null,null,null,null,null,null,null,null,null,1,"lbs",2000,"Tons",0]
["Thiosul (12-0-0-26)",{"$f":"N18*0.12","v":1.3247999999999998},null,null,{"$f":"N18*0.26","v":2.8704000000000001},null,null,null,null,null,null,null,null,11.04,"gal",2000,"Tons",0,null,0,0,0,0,null,239.99999999999997,0,0,520,760,1240,0.31578947368421051,0,0,0.68421052631578949]
["Triple Superphosphate (0-46-0)",null,0.46,null,null,null,null,null,null,null,null,null,null,1,"lbs",2000,"Tons",0,null,0,0,0,0,null,0,920,0,0,920,1080,0,1,0,0]
["UAN 28% (28-0-0)",{"$f":"N20*0.28","v":2.9876000000000005},null,null,null,null,null,null,null,null,null,null,null,10.67,"gal",2000,"Tons",0,null,0,0,0,0,null,560,0,0,0,560,1440,1,0,0,0]
["UAN 32% (32-0-0)",{"$f":"N21*0.32","v":3.5392000000000001},null,null,null,null,null,null,null,null,null,null,null,11.06,"gal",2000,"Tons",0,null,0,0,0,0,null,640,0,0,0,640,1360,1,0,0,0]
["Urea (46-0-0)",{"$f":"0.46","v":0.46},null,null,null,null,null,null,null,null,null,null,null,1,"lbs",2000,"Tons",0,null,0,0,0,0,null,920,0,0,0,920,1080,1,0,0,0]
["9-18-9 (liquid)",0.98730000000000007,1.9746000000000001,0.98730000000000007,null,null,null,null,null,null,null,null,null,1,"gal",1,"Gallons",0,null,0,0,0,0,null,1974.6000000000001,3949.2000000000003,1974.6000000000001,0,7898.4000000000005,-5898.4000000000005,0.25,0.5,0.25,0]
["6-24-6 (liquid)",0.66539999999999999,2.6616,0.66539999999999999,null,null,null,null,null,null,null,null,null,1,"gal",1,"Gallons",0,null,0,0,0,0,null,1330.8,5323.2,1330.8,0,7984.8,-5984.8,0.16666666666666666,0.66666666666666663,0.16666666666666666,0]
["6-12-12 (dry)",0.06,0.12,0.12,null,null,null,null,null,null,null,null,null,1,"lbs",2000,"Tons",0,null,0,0,0,0,null,120,240,240,0,600,1400,0.2,0.4,0.4,0]
["5-10-5 (dry)",0.05,0.1,0.05,null,null,null,null,null,null,null,null,null,1,"lbs",2000,"Tons",0,null,0,0,0,0,null,100,200,100,0,400,1600,0.25,0.5,0.25,0]
["3-18-18 (liquid)",0.35099999999999998,2.1059999999999999,2.1059999999999999,null,null,null,null,null,null,null,null,null,1,"gal",1,"Gallons",0,null,0,0,0,0,null,702,4212,4212,0,9126,-7126,7.6923076923076927E-2,0.46153846153846156,0.46153846153846156,0]
["19-19-19 (dry)",0.19,0.19,0.19,null,null,null,null,null,null,null,null,null,1,"lbs",2000,"Tons",0,null,0,0,0,0,null,380,380,380,0,1140,860,0.33333333333333331,0.33333333333333331,0.33333333333333331,0]
["15-15-2 (liquid)",1.738,1.65,0.22,null,null,null,null,null,null,null,null,null,1,"gal",1,"Gallons",0,null,0,0,0,0,null,3476,3300,440,0,7216,-5216,0.48170731707317072,0.45731707317073172,6.097560975609756E-2,0]
["15-15-15 (dry)",0.15,0.15,0.15,null,null,null,null,null,null,null,null,null,1,"lbs",2000,"Tons",0,null,0,0,0,0,null,300,300,300,0,900,1100,0.33333333333333331,0.33333333333333331,0.33333333333333331,0]
["12-24-24 (dry)",0.12,0.24,0.24,null,null,null,null,null,null,null,null,null,1,"lbs",2000,"Tons",0,null,0,0,0,0,null,240,480,480,0,1200,800,0.2,0.4,0.4,0]
["10-10-10 (dry)",0.1,0.1,0.1,null,null,null,null,null,null,null,null,null,1,"lbs",2000,"Tons",0,null,0,0,0,0,null,200,200,200,0,600,1400,0.33333333333333331,0.33333333333333331,0.33333333333333331,0]
["Alfalfa Meal (5-1-2)",0.1,0.02,0.04,null,null,null,null,null,null,null,null,null,1,"lbs",50,"Pound",0,null,null,null,null,null,null,200,40,80,0,320,1680,0.625,0.125,0.25,0]
["Blood Meal (15-0-0)",0.3,null,null,null,null,null,null,null,null,null,null,null,1,"lbs",50,"Pound",0,null,null,null,null,null,null,null,null,null,null,null,null,null,null,null,null,null,null,null,"Manure Resources"]
["Bone Meal (4-21-0)",0.08,0.42,null,null,null,null,null,null,null,null,null,null,1,"lbs",50,"Pound",0,null,null,null,null,null,null,null,null,null,null,null,null,null,null,null,null,null,null,null,"Manure application methods and nitrogen losses (University of Minnesota)"]
["Chilean Nitrate (15-0-2)",0.3,null,0.04,null,null,null,null,null,null,null,null,null,1,"lbs",50,"Pound",0,null,null,null,null,null,null,null,null,null,null,null,null,null,null,null,null,null,null,null,"Michigan GAAMPS",null,"←  See table A4 in Manure Mgmt & Utilization section for approximate manure values in place of nutrient analysis"]
["Feather Meal (15-0-0)",0.3,null,null,null,null,null,null,null,null,null,null,null,1,"lbs",50,"Pound",0]
["Greensand (0-1.5-5)",null,0.03,0.1,null,null,null,null,null,null,null,null,null,1,"lbs",50,"Pound",0,null,null,null,null,null,null,null,null,null,null,null,null,null,null,null,null,null,null,null,"Note:"]
["Guano (10-3-1)",0.2,0.06,0.02,null,null,null,null,null,null,null,null,null,1,"lbs",50,"Pound",0,null,null,null,null,null,null,null,null,null,null,null,null,null,null,null,null,null,null,null,"If you are using manure or compost, for best results a nutrient analysis is highly recommended."]
["Hoof & Horn Meal (16-0-0)",0.32,null,null,null,null,null,null,null,null,null,null,null,1,"lbs",50,"Pound",0]
["Kelp Liquid (0-0-1)",null,null,0.12,null,null,null,null,null,null,null,null,null,8.49,"cups",16,"Gallons",0,null,null,null,null,null,null,null,null,null,null,null,null,null,null,null,null,null,null,null,"Manure Calculator"]
["Kelp Meal (2-1-6)",0.04,0.02,0.12,null,null,null,null,null,null,null,null,null,1,"lbs",50,"Pound",0,null,null,null,null,null,null,null,null,null,null,null,null,null,null,null,null,null,null,null,"Manure (Solid)",null,null,null,"Days of Incorporation %"]
["Re-Vita Pro (5-4-5-9Ca)",0.1,0.08,0.1,null,0.02,null,null,null,null,null,null,null,1,"lbs",50,"Pound",0,null,null,null,null,null,null,null,null,null,null,null,null,null,null,null,null,null,null,null,"N","P","K","S"]
["Rock Phosphate (0-3-0)",null,0.06,null,null,null,null,null,null,null,null,null,null,1,"lbs",50,"Pound",0,null,null,null,null,null,null,null,null,null,null,null,null,null,null,null,null,null,null,null,42,75,57,8,">7 days"]
["Soy Hydrolysate (10-0-0)",0.02,null,null,null,null,null,null,null,null,null,null,null,10.5,"gal",1,"Gallons",0,null,null,null,null,null,null,null,null,null,null,null,null,null,null,null,null,null,null,null,{"$f":"'Manure and Nutrient Credits'!E38","v":4.2},{"$f":"'Manure and Nutrient Credits'!F38","v":7.5},{"$f":"'Manure and Nutrient Credits'!G38","v":5.7},{"$f":"'Manure and Nutrient Credits'!H38","v":0.8},"←Incorporation Adjustment"]
["Safe Green Lawn (10-0-4-0.5S)",0.2,null,0.08,0.01,null,null,null,null,null,null,null,null,1,"lbs",50,"Pound",0]
["Worm Castings (0.5-0.5-0.3)",0.01,0.01,6.0000000000000001E-3,null,null,null,null,null,null,null,null,null,1,"lbs",50,"Pound",0,null,null,null,null,null,null,null,null,null,null,null,null,null,null,null,null,null,null,null,"Manure (Liquid)",null,null,null,"Days of Incorporation %"]
["Manure (solid)",{"$f":"AL45","v":4.2},{"$f":"AM45","v":7.5},{"$f":"AN45","v":5.7},{"$f":"AO45","v":0.8},null,null,null,null,null,null,null,null,2000,"Tons",2000,"Tons",0,"calculator →",0,0,0,0,null,4.2,7.5,5.7,0.8,18.2,1981.8,0.23076923076923078,0.41208791208791212,0.31318681318681318,4.3956043956043959E-2,null,null,null,"N","P","K","S"]
["Manure (liquid)",{"$f":"AL50","v":4.3},{"$f":"AM50","v":1.7000000000000002},{"$f":"AN50","v":3.8000000000000003},{"$f":"AO50","v":1},null,null,null,null,null,null,null,null,1,"1,000 gal",1,"Gallons",0,"calculator →",null,null,null,null,null,null,null,null,null,null,null,null,null,null,null,null,null,null,43,17,38,10,">7 days"]
["Compost",0,0,0,0,0,0,0,0,0,0,0,0,0,0,0,"Enter",0,null,0,0,0,0,null,{"$error":"#DIV/0!"},{"$error":"#DIV/0!"},{"$error":"#DIV/0!"},{"$error":"#DIV/0!"},{"$error":"#DIV/0!"},{"$error":"#DIV/0!"},{"$error":"#DIV/0!"},{"$error":"#DIV/0!"},{"$error":"#DIV/0!"},{"$error":"#DIV/0!"},null,null,null,{"$f":"'Manure and Nutrient Credits'!E41","v":4.3},{"$f":"'Manure and Nutrient Credits'!F41","v":1.7000000000000002},{"$f":"'Manure and Nutrient Credits'!G41","v":3.8000000000000003},{"$f":"'Manure and Nutrient Credits'!H41","v":1},"←Incorporation Adjustment"]
["Enter",0,0,0,0,0,0,0,0,0,0,0,0,0,0,0,"Enter",0]
["Enter",0,0,0,0,0,0,0,0,0,0,0,0,0,0,0,"Enter",0,null,null,null,null,null,null,null,null,null,null,null,null,null,null,null,null,null,null,null,"*Do NOT use manure values if already input on Nutrient Management tab.  This will double count values in fertilizer plan."]
["Enter",0,0,0,0,0,0,0,0,0,0,0,0,0,0,0,"Enter",0]
["Enter",0,0,0,0,0,0,0,0,0,0,0,0,0,0,0,"Enter",0,null,0,0,0,0,null,{"$error":"#DIV/0!"},{"$error":"#DIV/0!"},{"$error":"#DIV/0!"},{"$error":"#DIV/0!"},{"$error":"#DIV/0!"},{"$error":"#DIV/0!"},{"$error":"#DIV/0!"},{"$error":"#DIV/0!"},{"$error":"#DIV/0!"},{"$error":"#DIV/0!"}]
["Enter",0,0,0,0,0,0,0,0,0,0,0,0,0,0,0,"Enter",0,null,0,0,0,0,null,{"$error":"#DIV/0!"},{"$error":"#DIV/0!"},{"$error":"#DIV/0!"},{"$error":"#DIV/0!"},{"$error":"#DIV/0!"},{"$error":"#DIV/0!"},{"$error":"#DIV/0!"},{"$error":"#DIV/0!"},{"$error":"#DIV/0!"},{"$error":"#DIV/0!"}]
["Enter",0,0,0,0,0,0,0,0,0,0,0,0,0,0,0,"Enter",0,null,0,0,0,0,null,{"$error":"#DIV/0!"},{"$error":"#DIV/0!"},{"$error":"#DIV/0!"},{"$error":"#DIV/0!"},{"$error":"#DIV/0!"},{"$error":"#DIV/0!"},{"$error":"#DIV/0!"},{"$error":"#DIV/0!"},{"$error":"#DIV/0!"},{"$error":"#DIV/0!"}]
["Enter",0,0,0,0,0,0,0,0,0,0,0,0,0,"Enter",0,"Enter",0,null,0,0,0,0,null,{"$error":"#DIV/0!"},{"$error":"#DIV/0!"},{"$error":"#DIV/0!"},{"$error":"#DIV/0!"},{"$error":"#DIV/0!"},{"$error":"#DIV/0!"},{"$error":"#DIV/0!"},{"$error":"#DIV/0!"},{"$error":"#DIV/0!"},{"$error":"#DIV/0!"}]
[]
[]
["Micronutrients","Nitrogen","Phosphorus","Potassium","Sulfur","Magnesium","Calcium","Zinc","Boron","Manganese","Copper","Molybdenum","Iron","Unit Size","App Units","Units/Pkg","Purchase Units","(Enter Below)"]
["None",null,null,null,null,null,null,null,null,null,null,null,null,null,null,1,"None",0]
["Boron (14.3%)",null,null,null,null,null,null,null,0.14299999999999999,null,null,null,null,1,"lbs",1,"Pound",0]
["Zinc (35.5%)",null,null,null,null,null,null,0.35499999999999998,null,null,null,null,null,1,"lbs",1,"Pound",0]
["Zinc Liquid (12-0-0-12zn)",0.318,null,null,null,null,null,0.318,null,null,null,null,null,1,"qts",4,"Gallons",0]
["Boron Liquid (0-0-0-10B)",null,null,null,null,null,null,null,{"$f":"(11.12*0.25)*0.1","v":0.27799999999999997},null,null,null,null,1,"qts",4,"Gallons",0]
["Manganese Sulfate",null,null,null,0.18,null,null,null,null,0.33,null,null,null,1,"lbs",1,"Pound",0]
["Zinc Sulphate",35.5,null,null,0.185,null,null,null,null,null,null,null,null,1,"lbs",1,"Pound",0]
["Magnesium Sulfate",null,null,null,0.14000000000000001,9.0999999999999998E-2,null,null,null,null,null,null,null,1,"lbs",1,"Pound",0]
["Borosol 10",null,null,null,null,null,null,null,0.1,null,null,null,null,1,"gal",1,"Gallons",0]
["EDTA ZN (9%)",0.04,null,null,null,null,null,0.09,null,null,null,null,null,1,"gal",1,"Gallons",0]
["Enter",0,0,0,0,0,0,0,0,0,0,0,0,0,"Enter",0,"Enter",0]
["Enter",0,0,0,0,0,0,0,0,0,0,0,0,0,"Enter",0,"Enter",0]
["Enter",0,0,0,0,0,0,0,0,0,0,0,0,0,0,0,"Enter",0]
["Enter",0,0,0,0,0,0,0,0,0,0,0,0,0,0,0,"Enter",0]
[]
[]
["Lime","Nitrogen","Phosphorus","Potassium","Sulfur","Magnesium","Calcium","Zinc","Boron","Manganese","Copper","Molybdenum","Iron","Unit Size","App Units","Units/Pkg","Purchase Units","(Enter Below)"]
["None",null,null,null,null,null,null,null,null,null,null,null,null,null,null,1,"None",0]
["Pelleted Lime",null,null,null,null,0.03,0.22,null,null,null,null,null,null,1,"lbs",2000,"Ton",0]
["Sugar Beet Lime",0.55000000000000004,0.01,3.5999999999999999E-3,null,null,29,null,null,null,null,null,null,1,"tons",1,"Ton",0]
["Dolometic",null,null,null,null,11,42,null,null,null,null,null,null,1,"tons",1,"Ton",0]
["High Calcium",null,null,null,null,null,80,null,null,null,null,null,null,1,"tons",1,"Ton",0]
["Enter",0,0,0,0,0,0,0,0,0,0,0,0,0,"Enter",0,"Enter",0]
["Enter",0,0,0,0,0,0,0,0,0,0,0,0,0,"Enter",0,"Enter",0]
["Enter",0,0,0,0,0,0,0,0,0,0,0,0,0,"Enter",0,"Enter",0]
["Enter",0,0,0,0,0,0,0,0,0,0,0,0,0,"Enter",0,"Enter",0]
[]
[]
["Nitrogen Stabilizers",null,null,null,null,null,null,null,null,null,null,null,null,"Unit Size","App Units","Units/Pkg","Purchase Units","(Enter Below)"]
["None",null,null,null,null,null,null,null,null,null,null,null,null,null,null,1,"None",0]
["N-Serve",null,null,null,null,null,null,null,null,null,null,null,null,1,"ozs",128,"Gallons",0]
["Instinct",null,null,null,null,null,null,null,null,null,null,null,null,1,"ozs",128,"Gallons",0]
["Factor",null,null,null,null,null,null,null,null,null,null,null,null,1,"qt/ton",4,"Gallons",0]
["Nutrisphere",null,null,null,null,null,null,null,null,null,null,null,null,1,"qt/ton",4,"Gallons",0]
["Agrotain",null,null,null,null,null,null,null,null,null,null,null,null,1,"qt/ton",4,"Gallons",0]
["Enter",null,null,null,null,null,null,null,null,null,null,null,null,0,"Enter",0,"Enter",0]
["Enter",null,null,null,null,null,null,null,null,null,null,null,null,0,"Enter",0,"Enter",0]
["Enter",null,null,null,null,null,null,null,null,null,null,null,null,0,"Enter",0,"Enter",0]
["Enter",null,null,null,null,null,null,null,null,null,null,null,null,0,"Enter",0,"Enter",0]

{"sheet":"Manure and Nutrient Credits","index":6,"n_rows":41,"n_cols":12,"rows_kept":41,"cut":false,"hidden":true,"merged":[]}
[]
[]
["Select Previous Crop",0,null,null,null,null,null,null,null,null,null,"Select Option Below"]
["Alfalfa, established",40,null,null,null,null,null,null,null,null,null,"Nutrient Removal"]
["Alfalfa, seeding",40,null,null,null,null,null,null,null,null,null,"Soil Test Based Recs"]
["Clover, established",40]
["Clover, seeding",20]
["Trefoil, established",40]
["Barley + legume",30]
["Oats + legume",30]
["Wheat + legume",30]
["Clover-grass hay",40]
["Grass hay",40]
["Dry edible beans",20]
["Soybeans",30]
["CRP land",40]
[]
[]
[]
[]
[]
[]
[]
[]
["Days Before Incorporation","Retention Factor",null,"Manure Nitrogen Multiplier (corn)"]
["----",1,null,"Factor","Nitrogen","Phosphorus","Potassium","Sulfur"]
["0-1 days",0.7,null,{"$f":"VLOOKUP('Nutrient Management'!D37,'Manure and Nutrient Credits'!A26:B30,2,FALSE)","v":1},{"$f":"$D$27*'Nutrient Management'!B34","v":0},{"$f":"$D$27*'Nutrient Management'!C34","v":0},{"$f":"$D$27*'Nutrient Management'!D34","v":0},{"$f":"$D$27*'Nutrient Management'!B36","v":0}]
["2-3 days",0.4,null,"Manure Nitrogen Multiplier (soybeans)"]
["4-7 days",0.2]
[">7 days",0.1,null,{"$f":"VLOOKUP('Nutrient Management'!H37,A26:B30,2,FALSE)","v":1},{"$f":"$D$30*'Nutrient Management'!F34","v":0},{"$f":"$D$30*'Nutrient Management'!G34","v":0},{"$f":"$D$30*'Nutrient Management'!H34","v":0},{"$f":"$D$30*'Nutrient Management'!F36","v":0}]
[null,null,null,"Manure Nitrogen Multiplier (wheat)"]
[]
[null,null,null,{"$f":"VLOOKUP('Nutrient Management'!L37,A26:B30,2,FALSE)","v":1},{"$f":"$D$33*'Nutrient Management'!J34","v":0},{"$f":"$D$33*'Nutrient Management'!K34","v":0},{"$f":"$D$33*'Nutrient Management'!L34","v":0},{"$f":"$D$33*'Nutrient Management'!J36","v":0}]
[]
["Fertilizer Products & Pricing"]
["Days Before Incorporation","Retention Factor",null,"Manure (solid)"]
["----",1,null,"Factor","Nitrogen","Phosphorus","Potassium","Sulfur"]
["0-1 days",0.7,null,{"$f":"VLOOKUP('Fertilizer Products & Pricing'!AP44,A37:B41,2,FALSE)","v":0.1},{"$f":"$D$38*'Fertilizer Products & Pricing'!AL44","v":4.2},{"$f":"$D$38*'Fertilizer Products & Pricing'!AM44","v":7.5},{"$f":"$D$38*'Fertilizer Products & Pricing'!AN44","v":5.7},{"$f":"$D$38*'Fertilizer Products & Pricing'!AO44","v":0.8}]
["2-3 days",0.4,null,"Manure (liquid)"]
["4-7 days",0.2]
[">7 days",0.1,null,{"$f":"VLOOKUP('Fertilizer Products & Pricing'!AP49,A37:B41,2,FALSE)","v":0.1},{"$f":"$D$41*'Fertilizer Products & Pricing'!AL49","v":4.3},{"$f":"$D$41*'Fertilizer Products & Pricing'!AM49","v":1.7000000000000002},{"$f":"$D$41*'Fertilizer Products & Pricing'!AN49","v":3.8000000000000003},{"$f":"$D$41*'Fertilizer Products & Pricing'!AO49","v":1}]

{"sheet":"Fertilizer Plan (Vegetable 1)","index":7,"n_rows":127,"n_cols":35,"rows_kept":127,"cut":false,"hidden":false,"merged":[[70,24,70,34],[93,24,93,34],[70,0,70,10],[93,0,93,10],[70,12,70,22],[93,12,93,22],[47,0,47,10],[0,12,0,22],[2,12,2,22],[26,12,26,22],[47,12,47,22],[25,23,26,23],[0,0,0,10],[26,0,26,10],[2,0,2,10],[1,0,1,10],[1,12,1,22],[0,24,0,34],[2,24,2,34],[26,24,26,34],[47,24,47,34],[1,24,1,34],[117,32,117,34],[117,20,117,22],[117,5,117,6],[116,16,116,18],[117,17,117,18],[116,28,116,30],[117,29,117,30],[117,8,117,10],[116,4,116,6]]}
[{"$f":"'Nutrient Management'!B2","v":"Select Crop"},null,null,null,null,null,null,null,null,null,null,null,{"$f":"A1","v":"Select Crop"},null,null,null,null,null,null,null,null,null,null,null,{"$f":"A1","v":"Select Crop"}]
["Comparison Plan 1",null,null,null,null,null,null,null,null,null,null,null,"Comparison Plan 2",null,null,null,null,null,null,null,null,null,null,null,"Comparison Plan 3"]
["1st Application (i.e., Pre-Plant or Broadcast Fertilizer)",null,null,null,null,null,null,null,null,null,null,null,"1st Application (i.e., Pre-Plant or Broadcast Fertilizer)",null,null,null,null,null,null,null,null,null,null,null,"1st Application (i.e., Pre-Plant or Broadcast Fertilizer)"]
["Fertilizer Source","Purchase Units","Package Price (Gals, Lbs, etc.)","Units/Pkg","Rate/Acre","Units","Cost",null,null,null,null,null,"Fertilizer Source","Purchase Units","Package Price (Gals, Lbs, etc.)","Units/Pkg","Rate/Acre","Units","Cost",null,null,null,null,null,"Fertilizer Source","Purchase Units","Package Price (Gals, Lbs, etc.)","Units/Pkg","Rate/Acre","Units","Cost"]
["Macronutrients (drop down menu)",null,null,null,"(Enter Below)",null,null,null,"N","P","K",null,"Macronutrients (drop down menu)",null,null,null,"(Enter Below)",null,null,null,"N","P","K",null,"Macronutrients (drop down menu)",null,null,null,"(Enter Below)",null,null,null,"N","P","K"]
["None",{"$f":"VLOOKUP(A6,Macronutrients,14,FALSE)","v":0},{"$f":"VLOOKUP(A6,Macronutrients,18,FALSE)","v":0},{"$f":"VLOOKUP(A6,Macronutrients,16,FALSE)","v":1},0,{"$f":"VLOOKUP(A6,Macronutrients,15,FALSE)","v":0},{"$f":"(E6*VLOOKUP(A6,Macronutrients,14,FALSE)/D6)*C6","v":0},null,{"$f":"VLOOKUP(A6,Macronutrients,2,FALSE)*E6+VLOOKUP(A7,Macronutrients,2,FALSE)*E7+VLOOKUP(A8,Macronutrients,2,FALSE)*E8+VLOOKUP(A9,Macronutrients,2,FALSE)*E9+VLOOKUP(A10,Macronutrients,2,FALSE)*E10+VLOOKUP(A11,Macronutrients,2,FALSE)*E11+VLOOKUP(A14,Micronutrients,2,FALSE)*E14+VLOOKUP(A15,Micronutrients,2,FALSE)*E15+VLOOKUP(A16,Micronutrients,2,FALSE)*E16+VLOOKUP(A17,Micronutrients,2,FALSE)*E17","v":0},{"$f":"VLOOKUP(A6,Macronutrients,3,FALSE)*E6+VLOOKUP(A7,Macronutrients,3,FALSE)*E7+VLOOKUP(A8,Macronutrients,3,FALSE)*E8+VLOOKUP(A9,Macronutrients,3,FALSE)*E9+VLOOKUP(A10,Macronutrients,3,FALSE)*E10+VLOOKUP(A11,Macronutrients,3,FALSE)*E11+VLOOKUP(A14,Micronutrients,3,FALSE)*E14+VLOOKUP(A15,Micronutrients,3,FALSE)*E15+VLOOKUP(A16,Micronutrients,3,FALSE)*E16+VLOOKUP(A17,Micronutrients,3,FALSE)*E17","v":0},{"$f":"VLOOKUP(A6,Macronutrients,4,FALSE)*E6+VLOOKUP(A7,Macronutrients,4,FALSE)*E7+VLOOKUP(A8,Macronutrients,4,FALSE)*E8+VLOOKUP(A9,Macronutrients,4,FALSE)*E9+VLOOKUP(A10,Macronutrients,4,FALSE)*E10+VLOOKUP(A11,Macronutrients,4,FALSE)*E11+VLOOKUP(A14,Micronutrients,4,FALSE)*E14+VLOOKUP(A15,Micronutrients,4,FALSE)*E15+VLOOKUP(A16,Micronutrients,4,FALSE)*E16+VLOOKUP(A17,Micronutrients,4,FALSE)*E17","v":0},null,"None",{"$f":"VLOOKUP(M6,Macronutrients,14,FALSE)","v":0},{"$f":"VLOOKUP(M6,Macronutrients,18,FALSE)","v":0},{"$f":"VLOOKUP(M6,Macronutrients,16,FALSE)","v":1},0,{"$f":"VLOOKUP(M6,Macronutrients,15,FALSE)","v":0},{"$f":"(Q6*VLOOKUP(M6,Macronutrients,14,FALSE)/P6)*O6","v":0},null,{"$f":"VLOOKUP(M6,Macronutrients,2,FALSE)*Q6+VLOOKUP(M7,Macronutrients,2,FALSE)*Q7+VLOOKUP(M8,Macronutrients,2,FALSE)*Q8+VLOOKUP(M9,Macronutrients,2,FALSE)*Q9+VLOOKUP(M10,Macronutrients,2,FALSE)*Q10+VLOOKUP(M11,Macronutrients,2,FALSE)*Q11+VLOOKUP(M14,Micronutrients,2,FALSE)*Q14+VLOOKUP(M15,Micronutrients,2,FALSE)*Q15+VLOOKUP(M16,Micronutrients,2,FALSE)*Q16+VLOOKUP(M17,Micronutrients,2,FALSE)*Q17","v":0},{"$f":"VLOOKUP(M6,Macronutrients,3,FALSE)*Q6+VLOOKUP(M7,Macronutrients,3,FALSE)*Q7+VLOOKUP(M8,Macronutrients,3,FALSE)*Q8+VLOOKUP(M9,Macronutrients,3,FALSE)*Q9+VLOOKUP(M10,Macronutrients,3,FALSE)*Q10+VLOOKUP(M11,Macronutrients,3,FALSE)*Q11+VLOOKUP(M14,Micronutrients,3,FALSE)*Q14+VLOOKUP(M15,Micronutrients,3,FALSE)*Q15+VLOOKUP(M16,Micronutrients,3,FALSE)*Q16+VLOOKUP(M17,Micronutrients,3,FALSE)*Q17","v":0},{"$f":"VLOOKUP(M6,Macronutrients,4,FALSE)*Q6+VLOOKUP(M7,Macronutrients,4,FALSE)*Q7+VLOOKUP(M8,Macronutrients,4,FALSE)*Q8+VLOOKUP(M9,Macronutrients,4,FALSE)*Q9+VLOOKUP(M10,Macronutrients,4,FALSE)*Q10+VLOOKUP(M11,Macronutrients,4,FALSE)*Q11+VLOOKUP(M14,Micronutrients,4,FALSE)*Q14+VLOOKUP(M15,Micronutrients,4,FALSE)*Q15+VLOOKUP(M16,Micronutrients,4,FALSE)*Q16+VLOOKUP(M17,Micronutrients,4,FALSE)*Q17","v":0},null,"None",{"$f":"VLOOKUP(Y6,Macronutrients,14,FALSE)","v":0},{"$f":"VLOOKUP(Y6,Macronutrients,18,FALSE)","v":0},{"$f":"VLOOKUP(Y6,Macronutrients,16,FALSE)","v":1},0,{"$f":"VLOOKUP(Y6,Macronutrients,15,FALSE)","v":0},{"$f":"(AC6*VLOOKUP(Y6,Macronutrients,14,FALSE)/AB6)*AA6","v":0},null,{"$f":"VLOOKUP(Y6,Macronutrients,2,FALSE)*AC6+VLOOKUP(Y7,Macronutrients,2,FALSE)*AC7+VLOOKUP(Y8,Macronutrients,2,FALSE)*AC8+VLOOKUP(Y9,Macronutrients,2,FALSE)*AC9+VLOOKUP(Y10,Macronutrients,2,FALSE)*AC10+VLOOKUP(Y11,Macronutrients,2,FALSE)*AC11+VLOOKUP(Y14,Micronutrients,2,FALSE)*AC14+VLOOKUP(Y15,Micronutrients,2,FALSE)*AC15+VLOOKUP(Y16,Micronutrients,2,FALSE)*AC16+VLOOKUP(Y17,Micronutrients,2,FALSE)*AC17","v":0},{"$f":"VLOOKUP(Y6,Macronutrients,3,FALSE)*AC6+VLOOKUP(Y7,Macronutrients,3,FALSE)*AC7+VLOOKUP(Y8,Macronutrients,3,FALSE)*AC8+VLOOKUP(Y9,Macronutrients,3,FALSE)*AC9+VLOOKUP(Y10,Macronutrients,3,FALSE)*AC10+VLOOKUP(Y11,Macronutrients,3,FALSE)*AC11+VLOOKUP(Y14,Micronutrients,3,FALSE)*AC14+VLOOKUP(Y15,Micronutrients,3,FALSE)*AC15+VLOOKUP(Y16,Micronutrients,3,FALSE)*AC16+VLOOKUP(Y17,Micronutrients,3,FALSE)*AC17","v":0},{"$f":"VLOOKUP(Y6,Macronutrients,4,FALSE)*AC6+VLOOKUP(Y7,Macronutrients,4,FALSE)*AC7+VLOOKUP(Y8,Macronutrients,4,FALSE)*AC8+VLOOKUP(Y9,Macronutrients,4,FALSE)*AC9+VLOOKUP(Y10,Macronutrients,4,FALSE)*AC10+VLOOKUP(Y11,Macronutrients,4,FALSE)*AC11+VLOOKUP(Y14,Micronutrients,4,FALSE)*AC14+VLOOKUP(Y15,Micronutrients,4,FALSE)*AC15+VLOOKUP(Y16,Micronutrients,4,FALSE)*AC16+VLOOKUP(Y17,Micronutrients,4,FALSE)*AC17","v":0}]
["None",{"$f":"VLOOKUP(A7,Macronutrients,14,FALSE)","v":0},0,1,0,0,0,null,null,null,null,null,"None",0,0,1,0,0,0,null,null,null,null,null,"None",0,0,1,0,0,0]
["None",0,0,1,0,0,0,null,"S","Ca","Mg",null,"None",0,0,1,0,0,0,null,"S","Ca","Mg",null,"None",0,0,1,0,0,0,null,"S","Ca","Mg"]
["None",0,0,1,0,0,0,null,{"$f":"VLOOKUP(A6,Macronutrients,5,FALSE)*E6+VLOOKUP(A7,Macronutrients,5,FALSE)*E7+VLOOKUP(A8,Macronutrients,5,FALSE)*E8+VLOOKUP(A9,Macronutrients,5,FALSE)*E9+VLOOKUP(A10,Macronutrients,5,FALSE)*E10+VLOOKUP(A11,Macronutrients,5,FALSE)*E11+VLOOKUP(A14,Micronutrients,5,FALSE)*E14+VLOOKUP(A15,Micronutrients,5,FALSE)*E15+VLOOKUP(A16,Micronutrients,5,FALSE)*E16+VLOOKUP(A17,Micronutrients,5,FALSE)*E17+VLOOKUP(A20,Lime,5,FALSE)*E20","v":0},{"$f":"VLOOKUP(A6,Macronutrients,7,FALSE)*E6+VLOOKUP(A7,Macronutrients,7,FALSE)*E7+VLOOKUP(A8,Macronutrients,7,FALSE)*E8+VLOOKUP(A9,Macronutrients,7,FALSE)*E9+VLOOKUP(A10,Macronutrients,7,FALSE)*E10+VLOOKUP(A11,Macronutrients,7,FALSE)*E11+VLOOKUP(A14,Micronutrients,7,FALSE)*E14+VLOOKUP(A15,Micronutrients,7,FALSE)*E15+VLOOKUP(A16,Micronutrients,7,FALSE)*E16+VLOOKUP(A17,Micronutrients,7,FALSE)*E17+VLOOKUP(A20,Lime,7,FALSE)*E20","v":0},{"$f":"VLOOKUP($A6,Macronutrients,6,FALSE)*$E$6+VLOOKUP($A7,Macronutrients,6,FALSE)*$E$7+VLOOKUP($A8,Macronutrients,6,FALSE)*$E$8+VLOOKUP($A9,Macronutrients,6,FALSE)*$E$9+VLOOKUP($A10,Macronutrients,6,FALSE)*$E$10+VLOOKUP($A11,Macronutrients,6,FALSE)*$E$11+VLOOKUP($A14,Micronutrients,6,FALSE)*$E$14+VLOOKUP($A15,Micronutrients,6,FALSE)*E15+VLOOKUP($A16,Micronutrients,6,FALSE)*$E$16+VLOOKUP($A17,Micronutrients,6,FALSE)*$E$17+VLOOKUP($A20,Lime,6,FALSE)*E20","v":0},null,"None",0,0,1,0,0,0,null,{"$f":"VLOOKUP(M6,Macronutrients,5,FALSE)*Q6+VLOOKUP(M7,Macronutrients,5,FALSE)*Q7+VLOOKUP(M8,Macronutrients,5,FALSE)*Q8+VLOOKUP(M9,Macronutrients,5,FALSE)*Q9+VLOOKUP(M10,Macronutrients,5,FALSE)*Q10+VLOOKUP(M11,Macronutrients,5,FALSE)*Q11+VLOOKUP(M14,Micronutrients,5,FALSE)*Q14+VLOOKUP(M15,Micronutrients,5,FALSE)*Q15+VLOOKUP(M16,Micronutrients,5,FALSE)*Q16+VLOOKUP(M17,Micronutrients,5,FALSE)*Q17+VLOOKUP(M20,Lime,5,FALSE)*Q20","v":0},{"$f":"VLOOKUP(M6,Macronutrients,7,FALSE)*Q6+VLOOKUP(M7,Macronutrients,7,FALSE)*Q7+VLOOKUP(M8,Macronutrients,7,FALSE)*Q8+VLOOKUP(M9,Macronutrients,7,FALSE)*Q9+VLOOKUP(M10,Macronutrients,7,FALSE)*Q10+VLOOKUP(M11,Macronutrients,7,FALSE)*Q11+VLOOKUP(M14,Micronutrients,7,FALSE)*Q14+VLOOKUP(M15,Micronutrients,7,FALSE)*Q15+VLOOKUP(M16,Micronutrients,7,FALSE)*Q16+VLOOKUP(M17,Micronutrients,7,FALSE)*Q17+VLOOKUP(M20,Lime,7,FALSE)*Q20","v":0},{"$f":"VLOOKUP($A6,Macronutrients,6,FALSE)*$E$6+VLOOKUP($A7,Macronutrients,6,FALSE)*$E$7+VLOOKUP($A8,Macronutrients,6,FALSE)*$E$8+VLOOKUP($A9,Macronutrients,6,FALSE)*$E$9+VLOOKUP($A10,Macronutrients,6,FALSE)*$E$10+VLOOKUP($A11,Macronutrients,6,FALSE)*$E$11+VLOOKUP($A14,Micronutrients,6,FALSE)*$E$14+VLOOKUP($A15,Micronutrients,6,FALSE)*Q15+VLOOKUP($A16,Micronutrients,6,FALSE)*$E$16+VLOOKUP($A17,Micronutrients,6,FALSE)*$E$17+VLOOKUP($A20,Lime,6,FALSE)*Q20","v":0},null,"None",0,0,1,0,0,0,null,{"$f":"VLOOKUP(Y6,Macronutrients,5,FALSE)*AC6+VLOOKUP(Y7,Macronutrients,5,FALSE)*AC7+VLOOKUP(Y8,Macronutrients,5,FALSE)*AC8+VLOOKUP(Y9,Macronutrients,5,FALSE)*AC9+VLOOKUP(Y10,Macronutrients,5,FALSE)*AC10+VLOOKUP(Y11,Macronutrients,5,FALSE)*AC11+VLOOKUP(Y14,Micronutrients,5,FALSE)*AC14+VLOOKUP(Y15,Micronutrients,5,FALSE)*AC15+VLOOKUP(Y16,Micronutrients,5,FALSE)*AC16+VLOOKUP(Y17,Micronutrients,5,FALSE)*AC17+VLOOKUP(Y20,Lime,5,FALSE)*AC20","v":0},{"$f":"VLOOKUP(Y6,Macronutrients,7,FALSE)*AC6+VLOOKUP(Y7,Macronutrients,7,FALSE)*AC7+VLOOKUP(Y8,Macronutrients,7,FALSE)*AC8+VLOOKUP(Y9,Macronutrients,7,FALSE)*AC9+VLOOKUP(Y10,Macronutrients,7,FALSE)*AC10+VLOOKUP(Y11,Macronutrients,7,FALSE)*AC11+VLOOKUP(Y14,Micronutrients,7,FALSE)*AC14+VLOOKUP(Y15,Micronutrients,7,FALSE)*AC15+VLOOKUP(Y16,Micronutrients,7,FALSE)*AC16+VLOOKUP(Y17,Micronutrients,7,FALSE)*AC17+VLOOKUP(Y20,Lime,7,FALSE)*AC20","v":0},{"$f":"VLOOKUP($A6,Macronutrients,6,FALSE)*$E$6+VLOOKUP($A7,Macronutrients,6,FALSE)*$E$7+VLOOKUP($A8,Macronutrients,6,FALSE)*$E$8+VLOOKUP($A9,Macronutrients,6,FALSE)*$E$9+VLOOKUP($A10,Macronutrients,6,FALSE)*$E$10+VLOOKUP($A11,Macronutrients,6,FALSE)*$E$11+VLOOKUP($A14,Micronutrients,6,FALSE)*$E$14+VLOOKUP($A15,Micronutrients,6,FALSE)*AC15+VLOOKUP($A16,Micronutrients,6,FALSE)*$E$16+VLOOKUP($A17,Micronutrients,6,FALSE)*$E$17+VLOOKUP($A20,Lime,6,FALSE)*AC20","v":0}]
["None",0,0,1,0,0,0,null,null,null,null,null,"None",0,0,1,0,0,0,null,null,null,null,null,"None",0,0,1,0,0,0]
["None",0,0,1,0,0,0,null,"Z","B","Mn",null,"None",0,0,1,0,0,0,null,"Z","B","Mn",null,"None",0,0,1,0,0,0,null,"Z","B","Mn"]
[null,null,null,null,null,null,null,null,{"$f":"VLOOKUP(A6,Macronutrients,8,FALSE)*E6+VLOOKUP(A7,Macronutrients,8,FALSE)*E7+VLOOKUP(A8,Macronutrients,8,FALSE)*E8+VLOOKUP(A9,Macronutrients,8,FALSE)*E9+VLOOKUP(A10,Macronutrients,8,FALSE)*E10+VLOOKUP(A11,Macronutrients,8,FALSE)*E11+VLOOKUP(A14,Micronutrients,8,FALSE)*E14+VLOOKUP(A15,Micronutrients,8,FALSE)*E15+VLOOKUP(A16,Micronutrients,8,FALSE)*E16+VLOOKUP(A17,Micronutrients,8,FALSE)*E17+VLOOKUP(A20,Lime,8,FALSE)*E20","v":0},{"$f":"VLOOKUP(A6,Macronutrients,9,FALSE)*E6+VLOOKUP(A7,Macronutrients,9,FALSE)*E7+VLOOKUP(A8,Macronutrients,9,FALSE)*E8+VLOOKUP(A9,Macronutrients,9,FALSE)*E9+VLOOKUP(A10,Macronutrients,9,FALSE)*E10+VLOOKUP(A11,Macronutrients,9,FALSE)*E11+VLOOKUP(A14,Micronutrients,9,FALSE)*E14+VLOOKUP(A15,Micronutrients,9,FALSE)*E15+VLOOKUP(A16,Micronutrients,9,FALSE)*E16+VLOOKUP(A17,Micronutrients,9,FALSE)*E17+VLOOKUP(A20,Lime,9,FALSE)*E20","v":0},{"$f":"VLOOKUP(A6,Macronutrients,10,FALSE)*E6+VLOOKUP(A7,Macronutrients,10,FALSE)*E7+VLOOKUP(A8,Macronutrients,10,FALSE)*E8+VLOOKUP(A9,Macronutrients,10,FALSE)*E9+VLOOKUP(A10,Macronutrients,10,FALSE)*E10+VLOOKUP(A11,Macronutrients,10,FALSE)*E11+VLOOKUP(A14,Micronutrients,10,FALSE)*E14+VLOOKUP(A15,Micronutrients,10,FALSE)*E15+VLOOKUP(A16,Micronutrients,10,FALSE)*E16+VLOOKUP(A17,Micronutrients,10,FALSE)*E17+VLOOKUP(A20,Lime,10,FALSE)*E20","v":0},null,null,null,null,null,null,null,null,null,{"$f":"VLOOKUP(M6,Macronutrients,8,FALSE)*Q6+VLOOKUP(M7,Macronutrients,8,FALSE)*Q7+VLOOKUP(M8,Macronutrients,8,FALSE)*Q8+VLOOKUP(M9,Macronutrients,8,FALSE)*Q9+VLOOKUP(M10,Macronutrients,8,FALSE)*Q10+VLOOKUP(M11,Macronutrients,8,FALSE)*Q11+VLOOKUP(M14,Micronutrients,8,FALSE)*Q14+VLOOKUP(M15,Micronutrients,8,FALSE)*Q15+VLOOKUP(M16,Micronutrients,8,FALSE)*Q16+VLOOKUP(M17,Micronutrients,8,FALSE)*Q17+VLOOKUP(M20,Lime,8,FALSE)*Q20","v":0},{"$f":"VLOOKUP(M6,Macronutrients,9,FALSE)*Q6+VLOOKUP(M7,Macronutrients,9,FALSE)*Q7+VLOOKUP(M8,Macronutrients,9,FALSE)*Q8+VLOOKUP(M9,Macronutrients,9,FALSE)*Q9+VLOOKUP(M10,Macronutrients,9,FALSE)*Q10+VLOOKUP(M11,Macronutrients,9,FALSE)*Q11+VLOOKUP(M14,Micronutrients,9,FALSE)*Q14+VLOOKUP(M15,Micronutrients,9,FALSE)*Q15+VLOOKUP(M16,Micronutrients,9,FALSE)*Q16+VLOOKUP(M17,Micronutrients,9,FALSE)*Q17+VLOOKUP(M20,Lime,9,FALSE)*Q20","v":0},{"$f":"VLOOKUP(M6,Macronutrients,10,FALSE)*Q6+VLOOKUP(M7,Macronutrients,10,FALSE)*Q7+VLOOKUP(M8,Macronutrients,10,FALSE)*Q8+VLOOKUP(M9,Macronutrients,10,FALSE)*Q9+VLOOKUP(M10,Macronutrients,10,FALSE)*Q10+VLOOKUP(M11,Macronutrients,10,FALSE)*Q11+VLOOKUP(M14,Micronutrients,10,FALSE)*Q14+VLOOKUP(M15,Micronutrients,10,FALSE)*Q15+VLOOKUP(M16,Micronutrients,10,FALSE)*Q16+VLOOKUP(M17,Micronutrients,10,FALSE)*Q17+VLOOKUP(M20,Lime,10,FALSE)*Q20","v":0},null,null,null,null,null,null,null,null,null,{"$f":"VLOOKUP(Y6,Macronutrients,8,FALSE)*AC6+VLOOKUP(Y7,Macronutrients,8,FALSE)*AC7+VLOOKUP(Y8,Macronutrients,8,FALSE)*AC8+VLOOKUP(Y9,Macronutrients,8,FALSE)*AC9+VLOOKUP(Y10,Macronutrients,8,FALSE)*AC10+VLOOKUP(Y11,Macronutrients,8,FALSE)*AC11+VLOOKUP(Y14,Micronutrients,8,FALSE)*AC14+VLOOKUP(Y15,Micronutrients,8,FALSE)*AC15+VLOOKUP(Y16,Micronutrients,8,FALSE)*AC16+VLOOKUP(Y17,Micronutrients,8,FALSE)*AC17+VLOOKUP(Y20,Lime,8,FALSE)*AC20","v":0},{"$f":"VLOOKUP(Y6,Macronutrients,9,FALSE)*AC6+VLOOKUP(Y7,Macronutrients,9,FALSE)*AC7+VLOOKUP(Y8,Macronutrients,9,FALSE)*AC8+VLOOKUP(Y9,Macronutrients,9,FALSE)*AC9+VLOOKUP(Y10,Macronutrients,9,FALSE)*AC10+VLOOKUP(Y11,Macronutrients,9,FALSE)*AC11+VLOOKUP(Y14,Micronutrients,9,FALSE)*AC14+VLOOKUP(Y15,Micronutrients,9,FALSE)*AC15+VLOOKUP(Y16,Micronutrients,9,FALSE)*AC16+VLOOKUP(Y17,Micronutrients,9,FALSE)*AC17+VLOOKUP(Y20,Lime,9,FALSE)*AC20","v":0},{"$f":"VLOOKUP(Y6,Macronutrients,10,FALSE)*AC6+VLOOKUP(Y7,Macronutrients,10,FALSE)*AC7+VLOOKUP(Y8,Macronutrients,10,FALSE)*AC8+VLOOKUP(Y9,Macronutrients,10,FALSE)*AC9+VLOOKUP(Y10,Macronutrients,10,FALSE)*AC10+VLOOKUP(Y11,Macronutrients,10,FALSE)*AC11+VLOOKUP(Y14,Micronutrients,10,FALSE)*AC14+VLOOKUP(Y15,Micronutrients,10,FALSE)*AC15+VLOOKUP(Y16,Micronutrients,10,FALSE)*AC16+VLOOKUP(Y17,Micronutrients,10,FALSE)*AC17+VLOOKUP(Y20,Lime,10,FALSE)*AC20","v":0}]
["Micronutrients (drop down menu)",null,null,null,null,null,null,null,null,null,null,null,"Micronutrients (drop down menu)",null,null,null,null,null,null,null,null,null,null,null,"Micronutrients (drop down menu)"]
["None",{"$f":"VLOOKUP($A14,Micronutrients,14,FALSE)","v":0},{"$f":"VLOOKUP(A14,Micronutrients,18,FALSE)","v":0},{"$f":"VLOOKUP(A14,Micronutrients,16,FALSE)","v":1},0,{"$f":"VLOOKUP(A14,Micronutrients,15,FALSE)","v":0},{"$f":"(E14*VLOOKUP(A14,Micronutrients,14,FALSE)/D14)*C14","v":0},null,"Cu","Mo","Fe",null,"None",{"$f":"VLOOKUP(M14,Micronutrients,14,FALSE)","v":0},{"$f":"VLOOKUP(M14,Micronutrients,18,FALSE)","v":0},{"$f":"VLOOKUP(M14,Micronutrients,16,FALSE)","v":1},0,{"$f":"VLOOKUP(M14,Micronutrients,15,FALSE)","v":0},{"$f":"(Q14*VLOOKUP(M14,Micronutrients,14,FALSE)/P14)*O14","v":0},null,"Cu","Mo","Fe",null,"None",{"$f":"VLOOKUP(Y14,Micronutrients,14,FALSE)","v":0},{"$f":"VLOOKUP(Y14,Micronutrients,18,FALSE)","v":0},{"$f":"VLOOKUP(Y14,Micronutrients,16,FALSE)","v":1},0,{"$f":"VLOOKUP(Y14,Micronutrients,15,FALSE)","v":0},{"$f":"(AC14*VLOOKUP(Y14,Micronutrients,14,FALSE)/AB14)*AA14","v":0},null,"Cu","Mo","Fe"]
["None",{"$f":"VLOOKUP($A15,Micronutrients,14,FALSE)","v":0},{"$f":"VLOOKUP(A15,Micronutrients,18,FALSE)","v":0},{"$f":"VLOOKUP(A15,Micronutrients,16,FALSE)","v":1},0,{"$f":"VLOOKUP(A15,Micronutrients,15,FALSE)","v":0},{"$f":"(E15*VLOOKUP(A15,Micronutrients,14,FALSE)/D15)*C15","v":0},null,{"$f":"VLOOKUP(A6,Macronutrients,11,FALSE)*E6+VLOOKUP(A7,Macronutrients,11,FALSE)*E7+VLOOKUP(A8,Macronutrients,11,FALSE)*E8+VLOOKUP(A9,Macronutrients,11,FALSE)*E9+VLOOKUP(A10,Macronutrients,11,FALSE)*E10+VLOOKUP(A11,Macronutrients,11,FALSE)*E11+VLOOKUP(A14,Micronutrients,11,FALSE)*E14+VLOOKUP(A15,Micronutrients,11,FALSE)*E15+VLOOKUP(A16,Micronutrients,11,FALSE)*E16+VLOOKUP(A17,Micronutrients,11,FALSE)*E17+VLOOKUP(A20,Lime,11,FALSE)*E20","v":0},{"$f":"VLOOKUP(A6,Macronutrients,12,FALSE)*E6+VLOOKUP(A7,Macronutrients,12,FALSE)*E7+VLOOKUP(A8,Macronutrients,12,FALSE)*E8+VLOOKUP(A9,Macronutrients,12,FALSE)*E9+VLOOKUP(A10,Macronutrients,12,FALSE)*E10+VLOOKUP(A11,Macronutrients,12,FALSE)*E11+VLOOKUP(A14,Micronutrients,12,FALSE)*E14+VLOOKUP(A15,Micronutrients,12,FALSE)*E15+VLOOKUP(A16,Micronutrients,12,FALSE)*E16+VLOOKUP(A17,Micronutrients,12,FALSE)*E17+VLOOKUP(A20,Lime,12,FALSE)*E20","v":0},{"$f":"VLOOKUP(A6,Macronutrients,13,FALSE)*E6+VLOOKUP(A7,Macronutrients,13,FALSE)*E7+VLOOKUP(A8,Macronutrients,13,FALSE)*E8+VLOOKUP(A9,Macronutrients,13,FALSE)*E9+VLOOKUP(A10,Macronutrients,13,FALSE)*E10+VLOOKUP(A11,Macronutrients,13,FALSE)*E11+VLOOKUP(A14,Micronutrients,13,FALSE)*E14+VLOOKUP(A15,Micronutrients,13,FALSE)*E15+VLOOKUP(A16,Micronutrients,13,FALSE)*E16+VLOOKUP(A17,Micronutrients,13,FALSE)*E17+VLOOKUP(A20,Lime,13,FALSE)*E20","v":0},null,"None",{"$f":"VLOOKUP(M15,Micronutrients,14,FALSE)","v":0},{"$f":"VLOOKUP(M15,Micronutrients,18,FALSE)","v":0},{"$f":"VLOOKUP(M15,Micronutrients,16,FALSE)","v":1},0,{"$f":"VLOOKUP(M15,Micronutrients,15,FALSE)","v":0},{"$f":"(Q15*VLOOKUP(M15,Micronutrients,14,FALSE)/P15)*O15","v":0},null,{"$f":"VLOOKUP(M6,Macronutrients,11,FALSE)*Q6+VLOOKUP(M7,Macronutrients,11,FALSE)*Q7+VLOOKUP(M8,Macronutrients,11,FALSE)*Q8+VLOOKUP(M9,Macronutrients,11,FALSE)*Q9+VLOOKUP(M10,Macronutrients,11,FALSE)*Q10+VLOOKUP(M11,Macronutrients,11,FALSE)*Q11+VLOOKUP(M14,Micronutrients,11,FALSE)*Q14+VLOOKUP(M15,Micronutrients,11,FALSE)*Q15+VLOOKUP(M16,Micronutrients,11,FALSE)*Q16+VLOOKUP(M17,Micronutrients,11,FALSE)*Q17+VLOOKUP(M20,Lime,11,FALSE)*Q20","v":0},{"$f":"VLOOKUP(M6,Macronutrients,12,FALSE)*Q6+VLOOKUP(M7,Macronutrients,12,FALSE)*Q7+VLOOKUP(M8,Macronutrients,12,FALSE)*Q8+VLOOKUP(M9,Macronutrients,12,FALSE)*Q9+VLOOKUP(M10,Macronutrients,12,FALSE)*Q10+VLOOKUP(M11,Macronutrients,12,FALSE)*Q11+VLOOKUP(M14,Micronutrients,12,FALSE)*Q14+VLOOKUP(M15,Micronutrients,12,FALSE)*Q15+VLOOKUP(M16,Micronutrients,12,FALSE)*Q16+VLOOKUP(M17,Micronutrients,12,FALSE)*Q17+VLOOKUP(M20,Lime,12,FALSE)*Q20","v":0},{"$f":"VLOOKUP(M6,Macronutrients,13,FALSE)*Q6+VLOOKUP(M7,Macronutrients,13,FALSE)*Q7+VLOOKUP(M8,Macronutrients,13,FALSE)*Q8+VLOOKUP(M9,Macronutrients,13,FALSE)*Q9+VLOOKUP(M10,Macronutrients,13,FALSE)*Q10+VLOOKUP(M11,Macronutrients,13,FALSE)*Q11+VLOOKUP(M14,Micronutrients,13,FALSE)*Q14+VLOOKUP(M15,Micronutrients,13,FALSE)*Q15+VLOOKUP(M16,Micronutrients,13,FALSE)*Q16+VLOOKUP(M17,Micronutrients,13,FALSE)*Q17+VLOOKUP(M20,Lime,13,FALSE)*Q20","v":0},null,"None",{"$f":"VLOOKUP(Y15,Micronutrients,14,FALSE)","v":0},{"$f":"VLOOKUP(Y15,Micronutrients,18,FALSE)","v":0},{"$f":"VLOOKUP(Y15,Micronutrients,16,FALSE)","v":1},0,{"$f":"VLOOKUP(Y15,Micronutrients,15,FALSE)","v":0},{"$f":"(AC15*VLOOKUP(Y15,Micronutrients,14,FALSE)/AB15)*AA15","v":0},null,{"$f":"VLOOKUP(Y6,Macronutrients,11,FALSE)*AC6+VLOOKUP(Y7,Macronutrients,11,FALSE)*AC7+VLOOKUP(Y8,Macronutrients,11,FALSE)*AC8+VLOOKUP(Y9,Macronutrients,11,FALSE)*AC9+VLOOKUP(Y10,Macronutrients,11,FALSE)*AC10+VLOOKUP(Y11,Macronutrients,11,FALSE)*AC11+VLOOKUP(Y14,Micronutrients,11,FALSE)*AC14+VLOOKUP(Y15,Micronutrients,11,FALSE)*AC15+VLOOKUP(Y16,Micronutrients,11,FALSE)*AC16+VLOOKUP(Y17,Micronutrients,11,FALSE)*AC17+VLOOKUP(Y20,Lime,11,FALSE)*AC20","v":0},{"$f":"VLOOKUP(Y6,Macronutrients,12,FALSE)*AC6+VLOOKUP(Y7,Macronutrients,12,FALSE)*AC7+VLOOKUP(Y8,Macronutrients,12,FALSE)*AC8+VLOOKUP(Y9,Macronutrients,12,FALSE)*AC9+VLOOKUP(Y10,Macronutrients,12,FALSE)*AC10+VLOOKUP(Y11,Macronutrients,12,FALSE)*AC11+VLOOKUP(Y14,Micronutrients,12,FALSE)*AC14+VLOOKUP(Y15,Micronutrients,12,FALSE)*AC15+VLOOKUP(Y16,Micronutrients,12,FALSE)*AC16+VLOOKUP(Y17,Micronutrients,12,FALSE)*AC17+VLOOKUP(Y20,Lime,12,FALSE)*AC20","v":0},{"$f":"VLOOKUP(Y6,Macronutrients,13,FALSE)*AC6+VLOOKUP(Y7,Macronutrients,13,FALSE)*AC7+VLOOKUP(Y8,Macronutrients,13,FALSE)*AC8+VLOOKUP(Y9,Macronutrients,13,FALSE)*AC9+VLOOKUP(Y10,Macronutrients,13,FALSE)*AC10+VLOOKUP(Y11,Macronutrients,13,FALSE)*AC11+VLOOKUP(Y14,Micronutrients,13,FALSE)*AC14+VLOOKUP(Y15,Micronutrients,13,FALSE)*AC15+VLOOKUP(Y16,Micronutrients,13,FALSE)*AC16+VLOOKUP(Y17,Micronutrients,13,FALSE)*AC17+VLOOKUP(Y20,Lime,13,FALSE)*AC20","v":0}]
["None",{"$f":"VLOOKUP($A16,Micronutrients,14,FALSE)","v":0},{"$f":"VLOOKUP(A16,Micronutrients,18,FALSE)","v":0},{"$f":"VLOOKUP(A16,Micronutrients,16,FALSE)","v":1},0,{"$f":"VLOOKUP(A16,Micronutrients,15,FALSE)","v":0},{"$f":"(E16*VLOOKUP(A16,Micronutrients,14,FALSE)/D16)*C16","v":0},null,null,null,null,null,"None",{"$f":"VLOOKUP(M16,Micronutrients,14,FALSE)","v":0},{"$f":"VLOOKUP(M16,Micronutrients,18,FALSE)","v":0},{"$f":"VLOOKUP(M16,Micronutrients,16,FALSE)","v":1},0,{"$f":"VLOOKUP(M16,Micronutrients,15,FALSE)","v":0},{"$f":"(Q16*VLOOKUP(M16,Micronutrients,14,FALSE)/P16)*O16","v":0},null,null,null,null,null,"None",{"$f":"VLOOKUP(Y16,Micronutrients,14,FALSE)","v":0},{"$f":"VLOOKUP(Y16,Micronutrients,18,FALSE)","v":0},{"$f":"VLOOKUP(Y16,Micronutrients,16,FALSE)","v":1},0,{"$f":"VLOOKUP(Y16,Micronutrients,15,FALSE)","v":0},{"$f":"(AC16*VLOOKUP(Y16,Micronutrients,14,FALSE)/AB16)*AA16","v":0}]
["None",{"$f":"VLOOKUP($A17,Micronutrients,14,FALSE)","v":0},{"$f":"VLOOKUP(A17,Micronutrients,18,FALSE)","v":0},{"$f":"VLOOKUP(A17,Micronutrients,16,FALSE)","v":1},0,{"$f":"VLOOKUP(A17,Micronutrients,15,FALSE)","v":0},{"$f":"(E17*VLOOKUP(A17,Micronutrients,14,FALSE)/D17)*C17","v":0},null,null,null,null,null,"None",{"$f":"VLOOKUP(M17,Micronutrients,14,FALSE)","v":0},{"$f":"VLOOKUP(M17,Micronutrients,18,FALSE)","v":0},{"$f":"VLOOKUP(M17,Micronutrients,16,FALSE)","v":1},0,{"$f":"VLOOKUP(M17,Micronutrients,15,FALSE)","v":0},{"$f":"(Q17*VLOOKUP(M17,Micronutrients,14,FALSE)/P17)*O17","v":0},null,null,null,null,null,"None",{"$f":"VLOOKUP(Y17,Micronutrients,14,FALSE)","v":0},{"$f":"VLOOKUP(Y17,Micronutrients,18,FALSE)","v":0},{"$f":"VLOOKUP(Y17,Micronutrients,16,FALSE)","v":1},0,{"$f":"VLOOKUP(Y17,Micronutrients,15,FALSE)","v":0},{"$f":"(AC17*VLOOKUP(Y17,Micronutrients,14,FALSE)/AB17)*AA17","v":0}]
[]
["Lime (drop down menu)",null,null,null,null,null,null,null,null,null,null,null,"Lime (drop down menu)",null,null,null,null,null,null,null,null,null,null,null,"Lime (drop down menu)"]
["None",{"$f":"VLOOKUP(A20,Lime,14,FALSE)","v":0},{"$f":"VLOOKUP(A20,Lime,18,FALSE)","v":0},{"$f":"VLOOKUP(A20,Lime,16,FALSE)","v":1},0,{"$f":"VLOOKUP(A20,Lime,15,FALSE)","v":0},{"$f":"(E20*VLOOKUP(A20,Lime,14,FALSE)/D20)*C20","v":0},null,null,null,null,null,"None",{"$f":"VLOOKUP(M20,Lime,14,FALSE)","v":0},{"$f":"VLOOKUP(M20,Lime,18,FALSE)","v":0},{"$f":"VLOOKUP(M20,Lime,16,FALSE)","v":1},0,{"$f":"VLOOKUP(M20,Lime,15,FALSE)","v":0},{"$f":"(Q20*VLOOKUP(M20,Lime,14,FALSE)/P20)*O20","v":0},null,null,null,null,null,"None",{"$f":"VLOOKUP(Y20,Lime,14,FALSE)","v":0},{"$f":"VLOOKUP(Y20,Lime,18,FALSE)","v":0},{"$f":"VLOOKUP(Y20,Lime,16,FALSE)","v":1},0,{"$f":"VLOOKUP(Y20,Lime,15,FALSE)","v":0},{"$f":"(AC20*VLOOKUP(Y20,Lime,14,FALSE)/AB20)*AA20","v":0}]
[]
["Nitrogen Stabilizers (drop down menu)",null,null,null,null,null,null,null,null,null,null,null,"Nitrogen Stabilizers (drop down menu)",null,null,null,null,null,null,null,null,null,null,null,"Nitrogen Stabilizers (drop down menu)"]
["None",{"$f":"VLOOKUP(A23,NitrogenStabilizers,14,FALSE)","v":0},{"$f":"VLOOKUP(A23,NitrogenStabilizers,18,FALSE)","v":0},{"$f":"VLOOKUP(A23,NitrogenStabilizers,16,FALSE)","v":1},0,{"$f":"VLOOKUP(A23,NitrogenStabilizers,15,FALSE)","v":0},{"$f":"(E23*VLOOKUP(A23,NitrogenStabilizers,14,FALSE)/D23)*C23","v":0},null,null,null,null,null,"None",{"$f":"VLOOKUP(M23,NitrogenStabilizers,14,FALSE)","v":0},{"$f":"VLOOKUP(M23,NitrogenStabilizers,18,FALSE)","v":0},{"$f":"VLOOKUP(M23,NitrogenStabilizers,16,FALSE)","v":1},0,{"$f":"VLOOKUP(M23,NitrogenStabilizers,15,FALSE)","v":0},{"$f":"(Q23*VLOOKUP(M23,NitrogenStabilizers,14,FALSE)/P23)*O23","v":0},null,null,null,null,null,"None",{"$f":"VLOOKUP(Y23,NitrogenStabilizers,14,FALSE)","v":0},{"$f":"VLOOKUP(Y23,NitrogenStabilizers,18,FALSE)","v":0},{"$f":"VLOOKUP(Y23,NitrogenStabilizers,16,FALSE)","v":1},0,{"$f":"VLOOKUP(Y23,NitrogenStabilizers,15,FALSE)","v":0},{"$f":"(AC23*VLOOKUP(Y23,NitrogenStabilizers,14,FALSE)/AB23)*AA23","v":0}]
["None",{"$f":"VLOOKUP(A24,NitrogenStabilizers,14,FALSE)","v":0},{"$f":"VLOOKUP(A24,NitrogenStabilizers,18,FALSE)","v":0},{"$f":"VLOOKUP(A24,NitrogenStabilizers,16,FALSE)","v":1},0,{"$f":"VLOOKUP(A24,NitrogenStabilizers,15,FALSE)","v":0},{"$f":"(E24*VLOOKUP(A24,NitrogenStabilizers,14,FALSE)/D24)*C24","v":0},null,null,null,null,null,"None",{"$f":"VLOOKUP(M24,NitrogenStabilizers,14,FALSE)","v":0},{"$f":"VLOOKUP(M24,NitrogenStabilizers,18,FALSE)","v":0},{"$f":"VLOOKUP(M24,NitrogenStabilizers,16,FALSE)","v":1},0,{"$f":"VLOOKUP(M24,NitrogenStabilizers,15,FALSE)","v":0},{"$f":"(Q24*VLOOKUP(M24,NitrogenStabilizers,14,FALSE)/P24)*O24","v":0},null,null,null,null,null,"None",{"$f":"VLOOKUP(Y24,NitrogenStabilizers,14,FALSE)","v":0},{"$f":"VLOOKUP(Y24,NitrogenStabilizers,18,FALSE)","v":0},{"$f":"VLOOKUP(Y24,NitrogenStabilizers,16,FALSE)","v":1},0,{"$f":"VLOOKUP(Y24,NitrogenStabilizers,15,FALSE)","v":0},{"$f":"(AC24*VLOOKUP(Y24,NitrogenStabilizers,14,FALSE)/AB24)*AA24","v":0}]
["1st Application Fertilizer Cost/Acre",null,null,null,null,null,{"$f":"SUM(G6:G24)","v":0},null,null,null,null,null,"1st Application Fertilizer Cost/Acre",null,null,null,null,null,{"$f":"SUM(S6:S24)","v":0},null,null,null,null,null,"1st Application Fertilizer Cost/Acre",null,null,null,null,null,{"$f":"SUM(AE6:AE24)","v":0}]
[]
["2nd Application (i.e., Starter Fertilizer or Broadcast)",null,null,null,null,null,null,null,null,null,null,null,"2nd Application (i.e., Starter Fertilizer or Broadcast)",null,null,null,null,null,null,null,null,null,null,null,"2nd Application (i.e., Starter Fertilizer or Broadcast)"]
["Fertilizer Source","Purchase Units","Package Price (Gals, Lbs, etc.)","Units/Pkg","Rate/Acre","Units","Cost",null,null,null,null,null,"Fertilizer Source","Purchase Units","Package Price (Gals, Lbs, etc.)","Units/Pkg","Rate/Acre","Units","Cost",null,null,null,null,null,"Fertilizer Source","Purchase Units","Package Price (Gals, Lbs, etc.)","Units/Pkg","Rate/Acre","Units","Cost"]
["Macronutrients (drop down menu)",null,null,null,"(Enter Below)",null,null,null,"N","P","K",null,"Macronutrients (drop down menu)",null,null,null,"(Enter Below)",null,null,null,"N","P","K",null,"Macronutrients (drop down menu)",null,null,null,"(Enter Below)",null,null,null,"N","P","K"]
["None",{"$f":"VLOOKUP(A30,Macronutrients,14,FALSE)","v":0},{"$f":"VLOOKUP(A30,Macronutrients,18,FALSE)","v":0},{"$f":"VLOOKUP(A30,Macronutrients,16,FALSE)","v":1},0,{"$f":"VLOOKUP(A30,Macronutrients,15,FALSE)","v":0},{"$f":"(E30*VLOOKUP(A30,Macronutrients,14,FALSE)/D30)*C30","v":0},null,{"$f":"VLOOKUP(A30,Macronutrients,2,FALSE)*E30+VLOOKUP(A31,Macronutrients,2,FALSE)*E31+VLOOKUP(A32,Macronutrients,2,FALSE)*E32+VLOOKUP(A33,Macronutrients,2,FALSE)*E33+VLOOKUP(A34,Macronutrients,2,FALSE)*E34+VLOOKUP(A35,Macronutrients,2,FALSE)*E35+VLOOKUP(A38,Micronutrients,2,FALSE)*E38+VLOOKUP(A39,Micronutrients,2,FALSE)*E39+VLOOKUP(A40,Micronutrients,2,FALSE)*E40+VLOOKUP(A41,Micronutrients,2,FALSE)*E41","v":0},{"$f":"VLOOKUP(A30,Macronutrients,3,FALSE)*E30+VLOOKUP(A31,Macronutrients,3,FALSE)*E31+VLOOKUP(A32,Macronutrients,3,FALSE)*E32+VLOOKUP(A33,Macronutrients,3,FALSE)*E33+VLOOKUP(A34,Macronutrients,3,FALSE)*E34+VLOOKUP(A35,Macronutrients,3,FALSE)*E35+VLOOKUP(A38,Micronutrients,3,FALSE)*E38+VLOOKUP(A39,Micronutrients,3,FALSE)*E39+VLOOKUP(A40,Micronutrients,3,FALSE)*E40+VLOOKUP(A41,Micronutrients,3,FALSE)*E41","v":0},{"$f":"VLOOKUP(A30,Macronutrients,4,FALSE)*E30+VLOOKUP(A31,Macronutrients,4,FALSE)*E31+VLOOKUP(A32,Macronutrients,4,FALSE)*E32+VLOOKUP(A33,Macronutrients,4,FALSE)*E33+VLOOKUP(A34,Macronutrients,4,FALSE)*E34+VLOOKUP(A35,Macronutrients,4,FALSE)*E35+VLOOKUP(A38,Micronutrients,4,FALSE)*E38+VLOOKUP(A39,Micronutrients,4,FALSE)*E39+VLOOKUP(A40,Micronutrients,4,FALSE)*E40+VLOOKUP(A41,Micronutrients,4,FALSE)*E41","v":0},null,"None",{"$f":"VLOOKUP(M30,Macronutrients,14,FALSE)","v":0},{"$f":"VLOOKUP(M30,Macronutrients,18,FALSE)","v":0},{"$f":"VLOOKUP(M30,Macronutrients,16,FALSE)","v":1},0,{"$f":"VLOOKUP(M30,Macronutrients,15,FALSE)","v":0},{"$f":"(Q30*VLOOKUP(M30,Macronutrients,14,FALSE)/P30)*O30","v":0},null,{"$f":"VLOOKUP(M30,Macronutrients,2,FALSE)*Q30+VLOOKUP(M31,Macronutrients,2,FALSE)*Q31+VLOOKUP(M32,Macronutrients,2,FALSE)*Q32+VLOOKUP(M33,Macronutrients,2,FALSE)*Q33+VLOOKUP(M34,Macronutrients,2,FALSE)*Q34+VLOOKUP(M35,Macronutrients,2,FALSE)*Q35+VLOOKUP(M38,Micronutrients,2,FALSE)*Q38+VLOOKUP(M39,Micronutrients,2,FALSE)*Q39+VLOOKUP(M40,Micronutrients,2,FALSE)*Q40+VLOOKUP(M41,Micronutrients,2,FALSE)*Q41","v":0},{"$f":"VLOOKUP(M30,Macronutrients,3,FALSE)*Q30+VLOOKUP(M31,Macronutrients,3,FALSE)*Q31+VLOOKUP(M32,Macronutrients,3,FALSE)*Q32+VLOOKUP(M33,Macronutrients,3,FALSE)*Q33+VLOOKUP(M34,Macronutrients,3,FALSE)*Q34+VLOOKUP(M35,Macronutrients,3,FALSE)*Q35+VLOOKUP(M38,Micronutrients,3,FALSE)*Q38+VLOOKUP(M39,Micronutrients,3,FALSE)*Q39+VLOOKUP(M40,Micronutrients,3,FALSE)*Q40+VLOOKUP(M41,Micronutrients,3,FALSE)*Q41","v":0},{"$f":"VLOOKUP(M30,Macronutrients,4,FALSE)*Q30+VLOOKUP(M31,Macronutrients,4,FALSE)*Q31+VLOOKUP(M32,Macronutrients,4,FALSE)*Q32+VLOOKUP(M33,Macronutrients,4,FALSE)*Q33+VLOOKUP(M34,Macronutrients,4,FALSE)*Q34+VLOOKUP(M35,Macronutrients,4,FALSE)*Q35+VLOOKUP(M38,Micronutrients,4,FALSE)*Q38+VLOOKUP(M39,Micronutrients,4,FALSE)*Q39+VLOOKUP(M40,Micronutrients,4,FALSE)*Q40+VLOOKUP(M41,Micronutrients,4,FALSE)*Q41","v":0},null,"None",{"$f":"VLOOKUP(Y30,Macronutrients,14,FALSE)","v":0},{"$f":"VLOOKUP(Y30,Macronutrients,18,FALSE)","v":0},{"$f":"VLOOKUP(Y30,Macronutrients,16,FALSE)","v":1},0,{"$f":"VLOOKUP(Y30,Macronutrients,15,FALSE)","v":0},{"$f":"(AC30*VLOOKUP(Y30,Macronutrients,14,FALSE)/AB30)*AA30","v":0},null,{"$f":"VLOOKUP(Y30,Macronutrients,2,FALSE)*AC30+VLOOKUP(Y31,Macronutrients,2,FALSE)*AC31+VLOOKUP(Y32,Macronutrients,2,FALSE)*AC32+VLOOKUP(Y33,Macronutrients,2,FALSE)*AC33+VLOOKUP(Y34,Macronutrients,2,FALSE)*AC34+VLOOKUP(Y35,Macronutrients,2,FALSE)*AC35+VLOOKUP(Y38,Micronutrients,2,FALSE)*AC38+VLOOKUP(Y39,Micronutrients,2,FALSE)*AC39+VLOOKUP(Y40,Micronutrients,2,FALSE)*AC40+VLOOKUP(Y41,Micronutrients,2,FALSE)*AC41","v":0},{"$f":"VLOOKUP(Y30,Macronutrients,3,FALSE)*AC30+VLOOKUP(Y31,Macronutrients,3,FALSE)*AC31+VLOOKUP(Y32,Macronutrients,3,FALSE)*AC32+VLOOKUP(Y33,Macronutrients,3,FALSE)*AC33+VLOOKUP(Y34,Macronutrients,3,FALSE)*AC34+VLOOKUP(Y35,Macronutrients,3,FALSE)*AC35+VLOOKUP(Y38,Micronutrients,3,FALSE)*AC38+VLOOKUP(Y39,Micronutrients,3,FALSE)*AC39+VLOOKUP(Y40,Micronutrients,3,FALSE)*AC40+VLOOKUP(Y41,Micronutrients,3,FALSE)*AC41","v":0},{"$f":"VLOOKUP(Y30,Macronutrients,4,FALSE)*AC30+VLOOKUP(Y31,Macronutrients,4,FALSE)*AC31+VLOOKUP(Y32,Macronutrients,4,FALSE)*AC32+VLOOKUP(Y33,Macronutrients,4,FALSE)*AC33+VLOOKUP(Y34,Macronutrients,4,FALSE)*AC34+VLOOKUP(Y35,Macronutrients,4,FALSE)*AC35+VLOOKUP(Y38,Micronutrients,4,FALSE)*AC38+VLOOKUP(Y39,Micronutrients,4,FALSE)*AC39+VLOOKUP(Y40,Micronutrients,4,FALSE)*AC40+VLOOKUP(Y41,Micronutrients,4,FALSE)*AC41","v":0}]
["None",0,0,1,0,0,0,null,null,null,null,null,"None",{"$f":"VLOOKUP(M31,Macronutrients,14,FALSE)","v":0},0,1,0,0,0,null,null,null,null,null,"None",0,0,1,0,0,0]
["None",0,0,1,0,0,0,null,"S","Ca","Mg",null,"None",0,0,1,0,0,0,null,"S","Ca","Mg",null,"None",0,0,1,0,0,0,null,"S","Ca","Mg"]
["None",0,0,1,0,0,0,null,{"$f":"VLOOKUP(A30,Macronutrients,5,FALSE)*E30+VLOOKUP(A31,Macronutrients,5,FALSE)*E31+VLOOKUP(A32,Macronutrients,5,FALSE)*E32+VLOOKUP(A33,Macronutrients,5,FALSE)*E33+VLOOKUP(A34,Macronutrients,5,FALSE)*E34+VLOOKUP(A35,Macronutrients,5,FALSE)*E35+VLOOKUP(A38,Micronutrients,5,FALSE)*E38+VLOOKUP(A39,Micronutrients,5,FALSE)*E39+VLOOKUP(A40,Micronutrients,5,FALSE)*E40+VLOOKUP(A41,Micronutrients,5,FALSE)*E41","v":0},{"$f":"VLOOKUP(A30,Macronutrients,7,FALSE)*E30+VLOOKUP(A31,Macronutrients,7,FALSE)*E31+VLOOKUP(A32,Macronutrients,7,FALSE)*E32+VLOOKUP(A33,Macronutrients,7,FALSE)*E33+VLOOKUP(A34,Macronutrients,7,FALSE)*E34+VLOOKUP(A35,Macronutrients,7,FALSE)*E35+VLOOKUP(A38,Micronutrients,7,FALSE)*E38+VLOOKUP(A39,Micronutrients,7,FALSE)*E39+VLOOKUP(A40,Micronutrients,7,FALSE)*E40+VLOOKUP(A41,Micronutrients,7,FALSE)*E41","v":0},{"$f":"VLOOKUP($A30,Macronutrients,6,FALSE)*$E$6+VLOOKUP($A31,Macronutrients,6,FALSE)*$E$7+VLOOKUP($A32,Macronutrients,6,FALSE)*$E$8+VLOOKUP($A33,Macronutrients,6,FALSE)*$E$9+VLOOKUP($A34,Macronutrients,6,FALSE)*$E$10+VLOOKUP($A35,Macronutrients,6,FALSE)*$E$11+VLOOKUP($A38,Micronutrients,6,FALSE)*$E$14+VLOOKUP($A39,Micronutrients,6,FALSE)*E39+VLOOKUP($A40,Micronutrients,6,FALSE)*$E$16+VLOOKUP($A41,Micronutrients,6,FALSE)*$E$17","v":0},null,"None",0,0,1,0,0,0,null,{"$f":"VLOOKUP(M30,Macronutrients,5,FALSE)*Q30+VLOOKUP(M31,Macronutrients,5,FALSE)*Q31+VLOOKUP(M32,Macronutrients,5,FALSE)*Q32+VLOOKUP(M33,Macronutrients,5,FALSE)*Q33+VLOOKUP(M34,Macronutrients,5,FALSE)*Q34+VLOOKUP(M35,Macronutrients,5,FALSE)*Q35+VLOOKUP(M38,Micronutrients,5,FALSE)*Q38+VLOOKUP(M39,Micronutrients,5,FALSE)*Q39+VLOOKUP(M40,Micronutrients,5,FALSE)*Q40+VLOOKUP(M41,Micronutrients,5,FALSE)*Q41","v":0},{"$f":"VLOOKUP(M30,Macronutrients,7,FALSE)*Q30+VLOOKUP(M31,Macronutrients,7,FALSE)*Q31+VLOOKUP(M32,Macronutrients,7,FALSE)*Q32+VLOOKUP(M33,Macronutrients,7,FALSE)*Q33+VLOOKUP(M34,Macronutrients,7,FALSE)*Q34+VLOOKUP(M35,Macronutrients,7,FALSE)*Q35+VLOOKUP(M38,Micronutrients,7,FALSE)*Q38+VLOOKUP(M39,Micronutrients,7,FALSE)*Q39+VLOOKUP(M40,Micronutrients,7,FALSE)*Q40+VLOOKUP(M41,Micronutrients,7,FALSE)*Q41","v":0},{"$f":"VLOOKUP($A30,Macronutrients,6,FALSE)*$E$6+VLOOKUP($A31,Macronutrients,6,FALSE)*$E$7+VLOOKUP($A32,Macronutrients,6,FALSE)*$E$8+VLOOKUP($A33,Macronutrients,6,FALSE)*$E$9+VLOOKUP($A34,Macronutrients,6,FALSE)*$E$10+VLOOKUP($A35,Macronutrients,6,FALSE)*$E$11+VLOOKUP($A38,Micronutrients,6,FALSE)*$E$14+VLOOKUP($A39,Micronutrients,6,FALSE)*Q39+VLOOKUP($A40,Micronutrients,6,FALSE)*$E$16+VLOOKUP($A41,Micronutrients,6,FALSE)*$E$17","v":0},null,"None",0,0,1,0,0,0,null,{"$f":"VLOOKUP(Y30,Macronutrients,5,FALSE)*AC30+VLOOKUP(Y31,Macronutrients,5,FALSE)*AC31+VLOOKUP(Y32,Macronutrients,5,FALSE)*AC32+VLOOKUP(Y33,Macronutrients,5,FALSE)*AC33+VLOOKUP(Y34,Macronutrients,5,FALSE)*AC34+VLOOKUP(Y35,Macronutrients,5,FALSE)*AC35+VLOOKUP(Y38,Micronutrients,5,FALSE)*AC38+VLOOKUP(Y39,Micronutrients,5,FALSE)*AC39+VLOOKUP(Y40,Micronutrients,5,FALSE)*AC40+VLOOKUP(Y41,Micronutrients,5,FALSE)*AC41","v":0},{"$f":"VLOOKUP(Y30,Macronutrients,7,FALSE)*AC30+VLOOKUP(Y31,Macronutrients,7,FALSE)*AC31+VLOOKUP(Y32,Macronutrients,7,FALSE)*AC32+VLOOKUP(Y33,Macronutrients,7,FALSE)*AC33+VLOOKUP(Y34,Macronutrients,7,FALSE)*AC34+VLOOKUP(Y35,Macronutrients,7,FALSE)*AC35+VLOOKUP(Y38,Micronutrients,7,FALSE)*AC38+VLOOKUP(Y39,Micronutrients,7,FALSE)*AC39+VLOOKUP(Y40,Micronutrients,7,FALSE)*AC40+VLOOKUP(Y41,Micronutrients,7,FALSE)*AC41","v":0},{"$f":"VLOOKUP($A30,Macronutrients,6,FALSE)*$E$6+VLOOKUP($A31,Macronutrients,6,FALSE)*$E$7+VLOOKUP($A32,Macronutrients,6,FALSE)*$E$8+VLOOKUP($A33,Macronutrients,6,FALSE)*$E$9+VLOOKUP($A34,Macronutrients,6,FALSE)*$E$10+VLOOKUP($A35,Macronutrients,6,FALSE)*$E$11+VLOOKUP($A38,Micronutrients,6,FALSE)*$E$14+VLOOKUP($A39,Micronutrients,6,FALSE)*AC39+VLOOKUP($A40,Micronutrients,6,FALSE)*$E$16+VLOOKUP($A41,Micronutrients,6,FALSE)*$E$17","v":0}]
["None",0,0,1,0,0,0,null,null,null,null,null,"None",0,0,1,0,0,0,null,null,null,null,null,"None",0,0,1,0,0,0]
["None",0,0,1,0,0,0,null,"Z","B","Mn",null,"None",0,0,1,0,0,0,null,"Z","B","Mn",null,"None",0,0,1,0,0,0,null,"Z","B","Mn"]
[null,null,null,null,null,null,null,null,{"$f":"VLOOKUP(A30,Macronutrients,8,FALSE)*E30+VLOOKUP(A31,Macronutrients,8,FALSE)*E31+VLOOKUP(A32,Macronutrients,8,FALSE)*E32+VLOOKUP(A33,Macronutrients,8,FALSE)*E33+VLOOKUP(A34,Macronutrients,8,FALSE)*E34+VLOOKUP(A35,Macronutrients,8,FALSE)*E35+VLOOKUP(A38,Micronutrients,8,FALSE)*E38+VLOOKUP(A39,Micronutrients,8,FALSE)*E39+VLOOKUP(A40,Micronutrients,8,FALSE)*E40+VLOOKUP(A41,Micronutrients,8,FALSE)*E41","v":0},{"$f":"VLOOKUP(A30,Macronutrients,9,FALSE)*E30+VLOOKUP(A31,Macronutrients,9,FALSE)*E31+VLOOKUP(A32,Macronutrients,9,FALSE)*E32+VLOOKUP(A33,Macronutrients,9,FALSE)*E33+VLOOKUP(A34,Macronutrients,9,FALSE)*E34+VLOOKUP(A35,Macronutrients,9,FALSE)*E35+VLOOKUP(A38,Micronutrients,9,FALSE)*E38+VLOOKUP(A39,Micronutrients,9,FALSE)*E39+VLOOKUP(A40,Micronutrients,9,FALSE)*E40+VLOOKUP(A41,Micronutrients,9,FALSE)*E41","v":0},{"$f":"VLOOKUP(A30,Macronutrients,10,FALSE)*E30+VLOOKUP(A31,Macronutrients,10,FALSE)*E31+VLOOKUP(A32,Macronutrients,10,FALSE)*E32+VLOOKUP(A33,Macronutrients,10,FALSE)*E33+VLOOKUP(A34,Macronutrients,10,FALSE)*E34+VLOOKUP(A35,Macronutrients,10,FALSE)*E35+VLOOKUP(A38,Micronutrients,10,FALSE)*E38+VLOOKUP(A39,Micronutrients,10,FALSE)*E39+VLOOKUP(A40,Micronutrients,10,FALSE)*E40+VLOOKUP(A41,Micronutrients,10,FALSE)*E41","v":0},null,null,null,null,null,null,null,null,null,{"$f":"VLOOKUP(M30,Macronutrients,8,FALSE)*Q30+VLOOKUP(M31,Macronutrients,8,FALSE)*Q31+VLOOKUP(M32,Macronutrients,8,FALSE)*Q32+VLOOKUP(M33,Macronutrients,8,FALSE)*Q33+VLOOKUP(M34,Macronutrients,8,FALSE)*Q34+VLOOKUP(M35,Macronutrients,8,FALSE)*Q35+VLOOKUP(M38,Micronutrients,8,FALSE)*Q38+VLOOKUP(M39,Micronutrients,8,FALSE)*Q39+VLOOKUP(M40,Micronutrients,8,FALSE)*Q40+VLOOKUP(M41,Micronutrients,8,FALSE)*Q41","v":0},{"$f":"VLOOKUP(M30,Macronutrients,9,FALSE)*Q30+VLOOKUP(M31,Macronutrients,9,FALSE)*Q31+VLOOKUP(M32,Macronutrients,9,FALSE)*Q32+VLOOKUP(M33,Macronutrients,9,FALSE)*Q33+VLOOKUP(M34,Macronutrients,9,FALSE)*Q34+VLOOKUP(M35,Macronutrients,9,FALSE)*Q35+VLOOKUP(M38,Micronutrients,9,FALSE)*Q38+VLOOKUP(M39,Micronutrients,9,FALSE)*Q39+VLOOKUP(M40,Micronutrients,9,FALSE)*Q40+VLOOKUP(M41,Micronutrients,9,FALSE)*Q41","v":0},{"$f":"VLOOKUP(M30,Macronutrients,10,FALSE)*Q30+VLOOKUP(M31,Macronutrients,10,FALSE)*Q31+VLOOKUP(M32,Macronutrients,10,FALSE)*Q32+VLOOKUP(M33,Macronutrients,10,FALSE)*Q33+VLOOKUP(M34,Macronutrients,10,FALSE)*Q34+VLOOKUP(M35,Macronutrients,10,FALSE)*Q35+VLOOKUP(M38,Micronutrients,10,FALSE)*Q38+VLOOKUP(M39,Micronutrients,10,FALSE)*Q39+VLOOKUP(M40,Micronutrients,10,FALSE)*Q40+VLOOKUP(M41,Micronutrients,10,FALSE)*Q41","v":0},null,null,null,null,null,null,null,null,null,{"$f":"VLOOKUP(Y30,Macronutrients,8,FALSE)*AC30+VLOOKUP(Y31,Macronutrients,8,FALSE)*AC31+VLOOKUP(Y32,Macronutrients,8,FALSE)*AC32+VLOOKUP(Y33,Macronutrients,8,FALSE)*AC33+VLOOKUP(Y34,Macronutrients,8,FALSE)*AC34+VLOOKUP(Y35,Macronutrients,8,FALSE)*AC35+VLOOKUP(Y38,Micronutrients,8,FALSE)*AC38+VLOOKUP(Y39,Micronutrients,8,FALSE)*AC39+VLOOKUP(Y40,Micronutrients,8,FALSE)*AC40+VLOOKUP(Y41,Micronutrients,8,FALSE)*AC41","v":0},{"$f":"VLOOKUP(Y30,Macronutrients,9,FALSE)*AC30+VLOOKUP(Y31,Macronutrients,9,FALSE)*AC31+VLOOKUP(Y32,Macronutrients,9,FALSE)*AC32+VLOOKUP(Y33,Macronutrients,9,FALSE)*AC33+VLOOKUP(Y34,Macronutrients,9,FALSE)*AC34+VLOOKUP(Y35,Macronutrients,9,FALSE)*AC35+VLOOKUP(Y38,Micronutrients,9,FALSE)*AC38+VLOOKUP(Y39,Micronutrients,9,FALSE)*AC39+VLOOKUP(Y40,Micronutrients,9,FALSE)*AC40+VLOOKUP(Y41,Micronutrients,9,FALSE)*AC41","v":0},{"$f":"VLOOKUP(Y30,Macronutrients,10,FALSE)*AC30+VLOOKUP(Y31,Macronutrients,10,FALSE)*AC31+VLOOKUP(Y32,Macronutrients,10,FALSE)*AC32+VLOOKUP(Y33,Macronutrients,10,FALSE)*AC33+VLOOKUP(Y34,Macronutrients,10,FALSE)*AC34+VLOOKUP(Y35,Macronutrients,10,FALSE)*AC35+VLOOKUP(Y38,Micronutrients,10,FALSE)*AC38+VLOOKUP(Y39,Micronutrients,10,FALSE)*AC39+VLOOKUP(Y40,Micronutrients,10,FALSE)*AC40+VLOOKUP(Y41,Micronutrients,10,FALSE)*AC41","v":0}]
["Micronutrients (drop down menu)",null,null,null,null,null,null,null,null,null,null,null,"Micronutrients (drop down menu)",null,null,null,null,null,null,null,null,null,null,null,"Micronutrients (drop down menu)"]
["None",{"$f":"VLOOKUP($A38,Micronutrients,14,FALSE)","v":0},{"$f":"VLOOKUP(A38,Micronutrients,18,FALSE)","v":0},{"$f":"VLOOKUP(A38,Micronutrients,16,FALSE)","v":1},0,{"$f":"VLOOKUP(A38,Micronutrients,15,FALSE)","v":0},{"$f":"(E38*VLOOKUP(A38,Micronutrients,14,FALSE)/D38)*C38","v":0},null,"Cu","Mo","Fe",null,"None",{"$f":"VLOOKUP($M38,Micronutrients,14,FALSE)","v":0},{"$f":"VLOOKUP(M38,Micronutrients,18,FALSE)","v":0},{"$f":"VLOOKUP(M38,Micronutrients,16,FALSE)","v":1},0,{"$f":"VLOOKUP(M38,Micronutrients,15,FALSE)","v":0},{"$f":"(Q38*VLOOKUP(M38,Micronutrients,14,FALSE)/P38)*O38","v":0},null,"Cu","Mo","Fe",null,"None",{"$f":"VLOOKUP(Y38,Micronutrients,14,FALSE)","v":0},{"$f":"VLOOKUP(Y38,Micronutrients,18,FALSE)","v":0},{"$f":"VLOOKUP(Y38,Micronutrients,16,FALSE)","v":1},0,{"$f":"VLOOKUP(Y38,Micronutrients,15,FALSE)","v":0},{"$f":"(AC38*VLOOKUP(Y38,Micronutrients,14,FALSE)/AB38)*AA38","v":0},null,"Cu","Mo","Fe"]
["None",{"$f":"VLOOKUP($A39,Micronutrients,14,FALSE)","v":0},{"$f":"VLOOKUP(A39,Micronutrients,18,FALSE)","v":0},{"$f":"VLOOKUP(A39,Micronutrients,16,FALSE)","v":1},0,{"$f":"VLOOKUP(A39,Micronutrients,15,FALSE)","v":0},{"$f":"(E39*VLOOKUP(A39,Micronutrients,14,FALSE)/D39)*C39","v":0},null,{"$f":"VLOOKUP(A30,Macronutrients,11,FALSE)*E30+VLOOKUP(A31,Macronutrients,11,FALSE)*E31+VLOOKUP(A32,Macronutrients,11,FALSE)*E32+VLOOKUP(A33,Macronutrients,11,FALSE)*E33+VLOOKUP(A34,Macronutrients,11,FALSE)*E34+VLOOKUP(A35,Macronutrients,11,FALSE)*E35+VLOOKUP(A38,Micronutrients,11,FALSE)*E38+VLOOKUP(A39,Micronutrients,11,FALSE)*E39+VLOOKUP(A40,Micronutrients,11,FALSE)*E40+VLOOKUP(A41,Micronutrients,11,FALSE)*E41","v":0},{"$f":"VLOOKUP(A30,Macronutrients,12,FALSE)*E30+VLOOKUP(A31,Macronutrients,12,FALSE)*E31+VLOOKUP(A32,Macronutrients,12,FALSE)*E32+VLOOKUP(A33,Macronutrients,12,FALSE)*E33+VLOOKUP(A34,Macronutrients,12,FALSE)*E34+VLOOKUP(A35,Macronutrients,12,FALSE)*E35+VLOOKUP(A38,Micronutrients,12,FALSE)*E38+VLOOKUP(A39,Micronutrients,12,FALSE)*E39+VLOOKUP(A40,Micronutrients,12,FALSE)*E40+VLOOKUP(A41,Micronutrients,12,FALSE)*E41","v":0},{"$f":"VLOOKUP(A30,Macronutrients,13,FALSE)*E30+VLOOKUP(A31,Macronutrients,13,FALSE)*E31+VLOOKUP(A32,Macronutrients,13,FALSE)*E32+VLOOKUP(A33,Macronutrients,13,FALSE)*E33+VLOOKUP(A34,Macronutrients,13,FALSE)*E34+VLOOKUP(A35,Macronutrients,13,FALSE)*E35+VLOOKUP(A38,Micronutrients,13,FALSE)*E38+VLOOKUP(A39,Micronutrients,13,FALSE)*E39+VLOOKUP(A40,Micronutrients,13,FALSE)*E40+VLOOKUP(A41,Micronutrients,13,FALSE)*E41","v":0},null,"None",{"$f":"VLOOKUP($M39,Micronutrients,14,FALSE)","v":0},{"$f":"VLOOKUP(M39,Micronutrients,18,FALSE)","v":0},{"$f":"VLOOKUP(M39,Micronutrients,16,FALSE)","v":1},0,{"$f":"VLOOKUP(M39,Micronutrients,15,FALSE)","v":0},{"$f":"(Q39*VLOOKUP(M39,Micronutrients,14,FALSE)/P39)*O39","v":0},null,{"$f":"VLOOKUP(M30,Macronutrients,11,FALSE)*Q30+VLOOKUP(M31,Macronutrients,11,FALSE)*Q31+VLOOKUP(M32,Macronutrients,11,FALSE)*Q32+VLOOKUP(M33,Macronutrients,11,FALSE)*Q33+VLOOKUP(M34,Macronutrients,11,FALSE)*Q34+VLOOKUP(M35,Macronutrients,11,FALSE)*Q35+VLOOKUP(M38,Micronutrients,11,FALSE)*Q38+VLOOKUP(M39,Micronutrients,11,FALSE)*Q39+VLOOKUP(M40,Micronutrients,11,FALSE)*Q40+VLOOKUP(M41,Micronutrients,11,FALSE)*Q41","v":0},{"$f":"VLOOKUP(M30,Macronutrients,12,FALSE)*Q30+VLOOKUP(M31,Macronutrients,12,FALSE)*Q31+VLOOKUP(M32,Macronutrients,12,FALSE)*Q32+VLOOKUP(M33,Macronutrients,12,FALSE)*Q33+VLOOKUP(M34,Macronutrients,12,FALSE)*Q34+VLOOKUP(M35,Macronutrients,12,FALSE)*Q35+VLOOKUP(M38,Micronutrients,12,FALSE)*Q38+VLOOKUP(M39,Micronutrients,12,FALSE)*Q39+VLOOKUP(M40,Micronutrients,12,FALSE)*Q40+VLOOKUP(M41,Micronutrients,12,FALSE)*Q41","v":0},{"$f":"VLOOKUP(M30,Macronutrients,13,FALSE)*Q30+VLOOKUP(M31,Macronutrients,13,FALSE)*Q31+VLOOKUP(M32,Macronutrients,13,FALSE)*Q32+VLOOKUP(M33,Macronutrients,13,FALSE)*Q33+VLOOKUP(M34,Macronutrients,13,FALSE)*Q34+VLOOKUP(M35,Macronutrients,13,FALSE)*Q35+VLOOKUP(M38,Micronutrients,13,FALSE)*Q38+VLOOKUP(M39,Micronutrients,13,FALSE)*Q39+VLOOKUP(M40,Micronutrients,13,FALSE)*Q40+VLOOKUP(M41,Micronutrients,13,FALSE)*Q41","v":0},null,"None",{"$f":"VLOOKUP(Y39,Micronutrients,14,FALSE)","v":0},{"$f":"VLOOKUP(Y39,Micronutrients,18,FALSE)","v":0},{"$f":"VLOOKUP(Y39,Micronutrients,16,FALSE)","v":1},0,{"$f":"VLOOKUP(Y39,Micronutrients,15,FALSE)","v":0},{"$f":"(AC39*VLOOKUP(Y39,Micronutrients,14,FALSE)/AB39)*AA39","v":0},null,{"$f":"VLOOKUP(Y30,Macronutrients,11,FALSE)*AC30+VLOOKUP(Y31,Macronutrients,11,FALSE)*AC31+VLOOKUP(Y32,Macronutrients,11,FALSE)*AC32+VLOOKUP(Y33,Macronutrients,11,FALSE)*AC33+VLOOKUP(Y34,Macronutrients,11,FALSE)*AC34+VLOOKUP(Y35,Macronutrients,11,FALSE)*AC35+VLOOKUP(Y38,Micronutrients,11,FALSE)*AC38+VLOOKUP(Y39,Micronutrients,11,FALSE)*AC39+VLOOKUP(Y40,Micronutrients,11,FALSE)*AC40+VLOOKUP(Y41,Micronutrients,11,FALSE)*AC41","v":0},{"$f":"VLOOKUP(Y30,Macronutrients,12,FALSE)*AC30+VLOOKUP(Y31,Macronutrients,12,FALSE)*AC31+VLOOKUP(Y32,Macronutrients,12,FALSE)*AC32+VLOOKUP(Y33,Macronutrients,12,FALSE)*AC33+VLOOKUP(Y34,Macronutrients,12,FALSE)*AC34+VLOOKUP(Y35,Macronutrients,12,FALSE)*AC35+VLOOKUP(Y38,Micronutrients,12,FALSE)*AC38+VLOOKUP(Y39,Micronutrients,12,FALSE)*AC39+VLOOKUP(Y40,Micronutrients,12,FALSE)*AC40+VLOOKUP(Y41,Micronutrients,12,FALSE)*AC41","v":0},{"$f":"VLOOKUP(Y30,Macronutrients,13,FALSE)*AC30+VLOOKUP(Y31,Macronutrients,13,FALSE)*AC31+VLOOKUP(Y32,Macronutrients,13,FALSE)*AC32+VLOOKUP(Y33,Macronutrients,13,FALSE)*AC33+VLOOKUP(Y34,Macronutrients,13,FALSE)*AC34+VLOOKUP(Y35,Macronutrients,13,FALSE)*AC35+VLOOKUP(Y38,Micronutrients,13,FALSE)*AC38+VLOOKUP(Y39,Micronutrients,13,FALSE)*AC39+VLOOKUP(Y40,Micronutrients,13,FALSE)*AC40+VLOOKUP(Y41,Micronutrients,13,FALSE)*AC41","v":0}]
["None",{"$f":"VLOOKUP($A40,Micronutrients,14,FALSE)","v":0},{"$f":"VLOOKUP(A40,Micronutrients,18,FALSE)","v":0},{"$f":"VLOOKUP(A40,Micronutrients,16,FALSE)","v":1},0,{"$f":"VLOOKUP(A40,Micronutrients,15,FALSE)","v":0},{"$f":"(E40*VLOOKUP(A40,Micronutrients,14,FALSE)/D40)*C40","v":0},null,null,null,null,null,"None",{"$f":"VLOOKUP($M40,Micronutrients,14,FALSE)","v":0},{"$f":"VLOOKUP(M40,Micronutrients,18,FALSE)","v":0},{"$f":"VLOOKUP(M40,Micronutrients,16,FALSE)","v":1},0,{"$f":"VLOOKUP(M40,Micronutrients,15,FALSE)","v":0},{"$f":"(Q40*VLOOKUP(M40,Micronutrients,14,FALSE)/P40)*O40","v":0},null,null,null,null,null,"None",{"$f":"VLOOKUP(Y40,Micronutrients,14,FALSE)","v":0},{"$f":"VLOOKUP(Y40,Micronutrients,18,FALSE)","v":0},{"$f":"VLOOKUP(Y40,Micronutrients,16,FALSE)","v":1},0,{"$f":"VLOOKUP(Y40,Micronutrients,15,FALSE)","v":0},{"$f":"(AC40*VLOOKUP(Y40,Micronutrients,14,FALSE)/AB40)*AA40","v":0}]
["None",{"$f":"VLOOKUP($A41,Micronutrients,14,FALSE)","v":0},{"$f":"VLOOKUP(A41,Micronutrients,18,FALSE)","v":0},{"$f":"VLOOKUP(A41,Micronutrients,16,FALSE)","v":1},0,{"$f":"VLOOKUP(A41,Micronutrients,15,FALSE)","v":0},{"$f":"(E41*VLOOKUP(A41,Micronutrients,14,FALSE)/D41)*C41","v":0},null,null,null,null,null,"None",{"$f":"VLOOKUP($M41,Micronutrients,14,FALSE)","v":0},{"$f":"VLOOKUP(M41,Micronutrients,18,FALSE)","v":0},{"$f":"VLOOKUP(M41,Micronutrients,16,FALSE)","v":1},0,{"$f":"VLOOKUP(M41,Micronutrients,15,FALSE)","v":0},{"$f":"(Q41*VLOOKUP(M41,Micronutrients,14,FALSE)/P41)*O41","v":0},null,null,null,null,null,"None",{"$f":"VLOOKUP(Y41,Micronutrients,14,FALSE)","v":0},{"$f":"VLOOKUP(Y41,Micronutrients,18,FALSE)","v":0},{"$f":"VLOOKUP(Y41,Micronutrients,16,FALSE)","v":1},0,{"$f":"VLOOKUP(Y41,Micronutrients,15,FALSE)","v":0},{"$f":"(AC41*VLOOKUP(Y41,Micronutrients,14,FALSE)/AB41)*AA41","v":0}]
[]
["Nitrogen Stabilizers (drop down menu)",null,null,null,null,null,null,null,null,null,null,null,"Nitrogen Stabilizers (drop down menu)",null,null,null,null,null,null,null,null,null,null,null,"Nitrogen Stabilizers (drop down menu)"]
["None",{"$f":"VLOOKUP(A44,NitrogenStabilizers,14,FALSE)","v":0},{"$f":"VLOOKUP(A44,NitrogenStabilizers,18,FALSE)","v":0},{"$f":"VLOOKUP(A44,NitrogenStabilizers,16,FALSE)","v":1},0,{"$f":"VLOOKUP(A44,NitrogenStabilizers,15,FALSE)","v":0},{"$f":"(E44*VLOOKUP(A44,NitrogenStabilizers,14,FALSE)/D44)*C44","v":0},null,null,null,null,null,"None",{"$f":"VLOOKUP(M44,NitrogenStabilizers,14,FALSE)","v":0},{"$f":"VLOOKUP(M44,NitrogenStabilizers,18,FALSE)","v":0},{"$f":"VLOOKUP(M44,NitrogenStabilizers,16,FALSE)","v":1},0,{"$f":"VLOOKUP(M44,NitrogenStabilizers,15,FALSE)","v":0},{"$f":"(Q44*VLOOKUP(M44,NitrogenStabilizers,14,FALSE)/P44)*O44","v":0},null,null,null,null,null,"None",{"$f":"VLOOKUP(Y44,NitrogenStabilizers,14,FALSE)","v":0},{"$f":"VLOOKUP(Y44,NitrogenStabilizers,18,FALSE)","v":0},{"$f":"VLOOKUP(Y44,NitrogenStabilizers,16,FALSE)","v":1},0,{"$f":"VLOOKUP(Y44,NitrogenStabilizers,15,FALSE)","v":0},{"$f":"(AC44*VLOOKUP(Y44,NitrogenStabilizers,14,FALSE)/AB44)*AA44","v":0}]
["None",{"$f":"VLOOKUP(A45,NitrogenStabilizers,14,FALSE)","v":0},{"$f":"VLOOKUP(A45,NitrogenStabilizers,18,FALSE)","v":0},{"$f":"VLOOKUP(A45,NitrogenStabilizers,16,FALSE)","v":1},0,{"$f":"VLOOKUP(A45,NitrogenStabilizers,15,FALSE)","v":0},{"$f":"(E45*VLOOKUP(A45,NitrogenStabilizers,14,FALSE)/D45)*C45","v":0},null,null,null,"More",null,"None",{"$f":"VLOOKUP(M45,NitrogenStabilizers,14,FALSE)","v":0},{"$f":"VLOOKUP(M45,NitrogenStabilizers,18,FALSE)","v":0},{"$f":"VLOOKUP(M45,NitrogenStabilizers,16,FALSE)","v":1},0,{"$f":"VLOOKUP(M45,NitrogenStabilizers,15,FALSE)","v":0},{"$f":"(Q45*VLOOKUP(M45,NitrogenStabilizers,14,FALSE)/P45)*O45","v":0},null,null,null,"More",null,"None",{"$f":"VLOOKUP(Y45,NitrogenStabilizers,14,FALSE)","v":0},{"$f":"VLOOKUP(Y45,NitrogenStabilizers,18,FALSE)","v":0},{"$f":"VLOOKUP(Y45,NitrogenStabilizers,16,FALSE)","v":1},0,{"$f":"VLOOKUP(Y45,NitrogenStabilizers,15,FALSE)","v":0},{"$f":"(AC45*VLOOKUP(Y45,NitrogenStabilizers,14,FALSE)/AB45)*AA45","v":0},null,null,null,"More"]
["2nd Application Fertilizer Cost/Acre",null,null,null,null,null,{"$f":"SUM(G30:G45)","v":0},null,null,null,"Below",null,"2nd Application Fertilizer Cost/Acre",null,null,null,null,null,{"$f":"SUM(S30:S45)","v":0},null,null,null,"Below",null,"2nd Application Fertilizer Cost/Acre",null,null,null,null,null,{"$f":"SUM(AE30:AE45)","v":0},null,null,null,"Below"]
[null,null,null,null,null,null,null,null,null,null,"¯",null,null,null,null,null,null,null,null,null,null,null,"¯",null,null,null,null,null,null,null,null,null,null,null,"¯"]
["3rd Application (i.e., Side-Dress or Broadcast)",null,null,null,null,null,null,null,null,null,null,null,"3rd Application (i.e., Side-Dress or Broadcast)",null,null,null,null,null,null,null,null,null,null,null,"3rd Application (i.e., Side-Dress or Broadcast)"]
["Fertilizer Source","Purchase Units","Package Price (Gals, Lbs, etc.)","Units/Pkg","Rate/Acre","Units","Cost",null,null,null,null,null,"Fertilizer Source","Purchase Units","Package Price (Gals, Lbs, etc.)","Units/Pkg","Rate/Acre","Units","Cost",null,null,null,null,null,"Fertilizer Source","Purchase Units","Package Price (Gals, Lbs, etc.)","Units/Pkg","Rate/Acre","Units","Cost"]
["Macronutrients (drop down menu)",null,null,null,"(Enter Below)",null,null,null,"N","P","K",null,"Macronutrients (drop down menu)",null,null,null,"(Enter Below)",null,null,null,"N","P","K",null,"Macronutrients (drop down menu)",null,null,null,"(Enter Below)",null,null,null,"N","P","K"]
["None",{"$f":"VLOOKUP(A51,Macronutrients,14,FALSE)","v":0},{"$f":"VLOOKUP(A51,Macronutrients,18,FALSE)","v":0},{"$f":"VLOOKUP(A51,Macronutrients,16,FALSE)","v":1},0,{"$f":"VLOOKUP(A51,Macronutrients,15,FALSE)","v":0},{"$f":"(E51*VLOOKUP(A51,Macronutrients,14,FALSE)/D51)*C51","v":0},null,{"$f":"VLOOKUP(A51,Macronutrients,2,FALSE)*E51+VLOOKUP(A52,Macronutrients,2,FALSE)*E52+VLOOKUP(A53,Macronutrients,2,FALSE)*E53+VLOOKUP(A54,Macronutrients,2,FALSE)*E54+VLOOKUP(A55,Macronutrients,2,FALSE)*E55+VLOOKUP(A56,Macronutrients,2,FALSE)*E56+VLOOKUP(A59,Micronutrients,2,FALSE)*E59+VLOOKUP(A60,Micronutrients,2,FALSE)*E60+VLOOKUP(A61,Micronutrients,2,FALSE)*E61+VLOOKUP(A62,Micronutrients,2,FALSE)*E62","v":0},{"$f":"VLOOKUP(A51,Macronutrients,3,FALSE)*E51+VLOOKUP(A52,Macronutrients,3,FALSE)*E52+VLOOKUP(A53,Macronutrients,3,FALSE)*E53+VLOOKUP(A54,Macronutrients,3,FALSE)*E54+VLOOKUP(A55,Macronutrients,3,FALSE)*E55+VLOOKUP(A56,Macronutrients,3,FALSE)*E56+VLOOKUP(A59,Micronutrients,3,FALSE)*E59+VLOOKUP(A60,Micronutrients,3,FALSE)*E60+VLOOKUP(A61,Micronutrients,3,FALSE)*E61+VLOOKUP(A62,Micronutrients,3,FALSE)*E62","v":0},{"$f":"VLOOKUP(A51,Macronutrients,4,FALSE)*E51+VLOOKUP(A52,Macronutrients,4,FALSE)*E52+VLOOKUP(A53,Macronutrients,4,FALSE)*E53+VLOOKUP(A54,Macronutrients,4,FALSE)*E54+VLOOKUP(A55,Macronutrients,4,FALSE)*E55+VLOOKUP(A56,Macronutrients,4,FALSE)*E56+VLOOKUP(A59,Micronutrients,4,FALSE)*E59+VLOOKUP(A60,Micronutrients,4,FALSE)*E60+VLOOKUP(A61,Micronutrients,4,FALSE)*E61+VLOOKUP(A62,Micronutrients,4,FALSE)*E62","v":0},null,"None",{"$f":"VLOOKUP(M51,Macronutrients,14,FALSE)","v":0},{"$f":"VLOOKUP(M51,Macronutrients,18,FALSE)","v":0},{"$f":"VLOOKUP(M51,Macronutrients,16,FALSE)","v":1},0,{"$f":"VLOOKUP(M51,Macronutrients,15,FALSE)","v":0},{"$f":"(Q51*VLOOKUP(M51,Macronutrients,14,FALSE)/P51)*O51","v":0},null,{"$f":"VLOOKUP(M51,Macronutrients,2,FALSE)*Q51+VLOOKUP(M52,Macronutrients,2,FALSE)*Q52+VLOOKUP(M53,Macronutrients,2,FALSE)*Q53+VLOOKUP(M54,Macronutrients,2,FALSE)*Q54+VLOOKUP(M55,Macronutrients,2,FALSE)*Q55+VLOOKUP(M56,Macronutrients,2,FALSE)*Q56+VLOOKUP(M59,Micronutrients,2,FALSE)*Q59+VLOOKUP(M60,Micronutrients,2,FALSE)*Q60+VLOOKUP(M61,Micronutrients,2,FALSE)*Q61+VLOOKUP(M62,Micronutrients,2,FALSE)*Q62","v":0},{"$f":"VLOOKUP(M51,Macronutrients,3,FALSE)*Q51+VLOOKUP(M52,Macronutrients,3,FALSE)*Q52+VLOOKUP(M53,Macronutrients,3,FALSE)*Q53+VLOOKUP(M54,Macronutrients,3,FALSE)*Q54+VLOOKUP(M55,Macronutrients,3,FALSE)*Q55+VLOOKUP(M56,Macronutrients,3,FALSE)*Q56+VLOOKUP(M59,Micronutrients,3,FALSE)*Q59+VLOOKUP(M60,Micronutrients,3,FALSE)*Q60+VLOOKUP(M61,Micronutrients,3,FALSE)*Q61+VLOOKUP(M62,Micronutrients,3,FALSE)*Q62","v":0},{"$f":"VLOOKUP(M51,Macronutrients,4,FALSE)*Q51+VLOOKUP(M52,Macronutrients,4,FALSE)*Q52+VLOOKUP(M53,Macronutrients,4,FALSE)*Q53+VLOOKUP(M54,Macronutrients,4,FALSE)*Q54+VLOOKUP(M55,Macronutrients,4,FALSE)*Q55+VLOOKUP(M56,Macronutrients,4,FALSE)*Q56+VLOOKUP(M59,Micronutrients,4,FALSE)*Q59+VLOOKUP(M60,Micronutrients,4,FALSE)*Q60+VLOOKUP(M61,Micronutrients,4,FALSE)*Q61+VLOOKUP(M62,Micronutrients,4,FALSE)*Q62","v":0},null,"None",{"$f":"VLOOKUP(Y51,Macronutrients,14,FALSE)","v":0},{"$f":"VLOOKUP(Y51,Macronutrients,18,FALSE)","v":0},{"$f":"VLOOKUP(Y51,Macronutrients,16,FALSE)","v":1},0,{"$f":"VLOOKUP(Y51,Macronutrients,15,FALSE)","v":0},{"$f":"(AC51*VLOOKUP(Y51,Macronutrients,14,FALSE)/AB51)*AA51","v":0},null,{"$f":"VLOOKUP(Y51,Macronutrients,2,FALSE)*AC51+VLOOKUP(Y52,Macronutrients,2,FALSE)*AC52+VLOOKUP(Y53,Macronutrients,2,FALSE)*AC53+VLOOKUP(Y54,Macronutrients,2,FALSE)*AC54+VLOOKUP(Y55,Macronutrients,2,FALSE)*AC55+VLOOKUP(Y56,Macronutrients,2,FALSE)*AC56+VLOOKUP(Y59,Micronutrients,2,FALSE)*AC59+VLOOKUP(Y60,Micronutrients,2,FALSE)*AC60+VLOOKUP(Y61,Micronutrients,2,FALSE)*AC61+VLOOKUP(Y62,Micronutrients,2,FALSE)*AC62","v":0},{"$f":"VLOOKUP(Y51,Macronutrients,3,FALSE)*AC51+VLOOKUP(Y52,Macronutrients,3,FALSE)*AC52+VLOOKUP(Y53,Macronutrients,3,FALSE)*AC53+VLOOKUP(Y54,Macronutrients,3,FALSE)*AC54+VLOOKUP(Y55,Macronutrients,3,FALSE)*AC55+VLOOKUP(Y56,Macronutrients,3,FALSE)*AC56+VLOOKUP(Y59,Micronutrients,3,FALSE)*AC59+VLOOKUP(Y60,Micronutrients,3,FALSE)*AC60+VLOOKUP(Y61,Micronutrients,3,FALSE)*AC61+VLOOKUP(Y62,Micronutrients,3,FALSE)*AC62","v":0},{"$f":"VLOOKUP(Y51,Macronutrients,4,FALSE)*AC51+VLOOKUP(Y52,Macronutrients,4,FALSE)*AC52+VLOOKUP(Y53,Macronutrients,4,FALSE)*AC53+VLOOKUP(Y54,Macronutrients,4,FALSE)*AC54+VLOOKUP(Y55,Macronutrients,4,FALSE)*AC55+VLOOKUP(Y56,Macronutrients,4,FALSE)*AC56+VLOOKUP(Y59,Micronutrients,4,FALSE)*AC59+VLOOKUP(Y60,Micronutrients,4,FALSE)*AC60+VLOOKUP(Y61,Micronutrients,4,FALSE)*AC61+VLOOKUP(Y62,Micronutrients,4,FALSE)*AC62","v":0}]
["None",0,0,1,0,0,0,null,null,null,null,null,"None",{"$f":"VLOOKUP(M52,Macronutrients,14,FALSE)","v":0},0,1,0,0,0,null,null,null,null,null,"None",0,0,1,0,0,0]
["None",0,0,1,0,0,0,null,"S","Ca","Mg",null,"None",0,0,1,0,0,0,null,"S","Ca","Mg",null,"None",0,0,1,0,0,0,null,"S","Ca","Mg"]
["None",0,0,1,0,0,0,null,{"$f":"VLOOKUP(A51,Macronutrients,5,FALSE)*E51+VLOOKUP(A52,Macronutrients,5,FALSE)*E52+VLOOKUP(A53,Macronutrients,5,FALSE)*E53+VLOOKUP(A54,Macronutrients,5,FALSE)*E54+VLOOKUP(A55,Macronutrients,5,FALSE)*E55+VLOOKUP(A56,Macronutrients,5,FALSE)*E56+VLOOKUP(A59,Micronutrients,5,FALSE)*E59+VLOOKUP(A60,Micronutrients,5,FALSE)*E60+VLOOKUP(A61,Micronutrients,5,FALSE)*E61+VLOOKUP(A62,Micronutrients,5,FALSE)*E62","v":0},{"$f":"VLOOKUP(A51,Macronutrients,7,FALSE)*E51+VLOOKUP(A52,Macronutrients,7,FALSE)*E52+VLOOKUP(A53,Macronutrients,7,FALSE)*E53+VLOOKUP(A54,Macronutrients,7,FALSE)*E54+VLOOKUP(A55,Macronutrients,7,FALSE)*E55+VLOOKUP(A56,Macronutrients,7,FALSE)*E56+VLOOKUP(A59,Micronutrients,7,FALSE)*E59+VLOOKUP(A60,Micronutrients,7,FALSE)*E60+VLOOKUP(A61,Micronutrients,7,FALSE)*E61+VLOOKUP(A62,Micronutrients,7,FALSE)*E62","v":0},{"$f":"VLOOKUP($A51,Macronutrients,6,FALSE)*$E$6+VLOOKUP($A52,Macronutrients,6,FALSE)*$E$7+VLOOKUP($A53,Macronutrients,6,FALSE)*$E$8+VLOOKUP($A54,Macronutrients,6,FALSE)*$E$9+VLOOKUP($A55,Macronutrients,6,FALSE)*$E$10+VLOOKUP($A56,Macronutrients,6,FALSE)*$E$11+VLOOKUP($A59,Micronutrients,6,FALSE)*$E$14+VLOOKUP($A60,Micronutrients,6,FALSE)*E60+VLOOKUP($A61,Micronutrients,6,FALSE)*$E$16+VLOOKUP($A62,Micronutrients,6,FALSE)*$E$17","v":0},null,"None",0,0,1,0,0,0,null,{"$f":"VLOOKUP(M51,Macronutrients,5,FALSE)*Q51+VLOOKUP(M52,Macronutrients,5,FALSE)*Q52+VLOOKUP(M53,Macronutrients,5,FALSE)*Q53+VLOOKUP(M54,Macronutrients,5,FALSE)*Q54+VLOOKUP(M55,Macronutrients,5,FALSE)*Q55+VLOOKUP(M56,Macronutrients,5,FALSE)*Q56+VLOOKUP(M59,Micronutrients,5,FALSE)*Q59+VLOOKUP(M60,Micronutrients,5,FALSE)*Q60+VLOOKUP(M61,Micronutrients,5,FALSE)*Q61+VLOOKUP(M62,Micronutrients,5,FALSE)*Q62","v":0},{"$f":"VLOOKUP(M51,Macronutrients,7,FALSE)*Q51+VLOOKUP(M52,Macronutrients,7,FALSE)*Q52+VLOOKUP(M53,Macronutrients,7,FALSE)*Q53+VLOOKUP(M54,Macronutrients,7,FALSE)*Q54+VLOOKUP(M55,Macronutrients,7,FALSE)*Q55+VLOOKUP(M56,Macronutrients,7,FALSE)*Q56+VLOOKUP(M59,Micronutrients,7,FALSE)*Q59+VLOOKUP(M60,Micronutrients,7,FALSE)*Q60+VLOOKUP(M61,Micronutrients,7,FALSE)*Q61+VLOOKUP(M62,Micronutrients,7,FALSE)*Q62","v":0},{"$f":"VLOOKUP($A51,Macronutrients,6,FALSE)*$E$6+VLOOKUP($A52,Macronutrients,6,FALSE)*$E$7+VLOOKUP($A53,Macronutrients,6,FALSE)*$E$8+VLOOKUP($A54,Macronutrients,6,FALSE)*$E$9+VLOOKUP($A55,Macronutrients,6,FALSE)*$E$10+VLOOKUP($A56,Macronutrients,6,FALSE)*$E$11+VLOOKUP($A59,Micronutrients,6,FALSE)*$E$14+VLOOKUP($A60,Micronutrients,6,FALSE)*Q60+VLOOKUP($A61,Micronutrients,6,FALSE)*$E$16+VLOOKUP($A62,Micronutrients,6,FALSE)*$E$17","v":0},null,"None",0,0,1,0,0,0,null,{"$f":"VLOOKUP(Y51,Macronutrients,5,FALSE)*AC51+VLOOKUP(Y52,Macronutrients,5,FALSE)*AC52+VLOOKUP(Y53,Macronutrients,5,FALSE)*AC53+VLOOKUP(Y54,Macronutrients,5,FALSE)*AC54+VLOOKUP(Y55,Macronutrients,5,FALSE)*AC55+VLOOKUP(Y56,Macronutrients,5,FALSE)*AC56+VLOOKUP(Y59,Micronutrients,5,FALSE)*AC59+VLOOKUP(Y60,Micronutrients,5,FALSE)*AC60+VLOOKUP(Y61,Micronutrients,5,FALSE)*AC61+VLOOKUP(Y62,Micronutrients,5,FALSE)*AC62","v":0},{"$f":"VLOOKUP(Y51,Macronutrients,7,FALSE)*AC51+VLOOKUP(Y52,Macronutrients,7,FALSE)*AC52+VLOOKUP(Y53,Macronutrients,7,FALSE)*AC53+VLOOKUP(Y54,Macronutrients,7,FALSE)*AC54+VLOOKUP(Y55,Macronutrients,7,FALSE)*AC55+VLOOKUP(Y56,Macronutrients,7,FALSE)*AC56+VLOOKUP(Y59,Micronutrients,7,FALSE)*AC59+VLOOKUP(Y60,Micronutrients,7,FALSE)*AC60+VLOOKUP(Y61,Micronutrients,7,FALSE)*AC61+VLOOKUP(Y62,Micronutrients,7,FALSE)*AC62","v":0},{"$f":"VLOOKUP($A51,Macronutrients,6,FALSE)*$E$6+VLOOKUP($A52,Macronutrients,6,FALSE)*$E$7+VLOOKUP($A53,Macronutrients,6,FALSE)*$E$8+VLOOKUP($A54,Macronutrients,6,FALSE)*$E$9+VLOOKUP($A55,Macronutrients,6,FALSE)*$E$10+VLOOKUP($A56,Macronutrients,6,FALSE)*$E$11+VLOOKUP($A59,Micronutrients,6,FALSE)*$E$14+VLOOKUP($A60,Micronutrients,6,FALSE)*AC60+VLOOKUP($A61,Micronutrients,6,FALSE)*$E$16+VLOOKUP($A62,Micronutrients,6,FALSE)*$E$17","v":0}]
["None",0,0,1,0,0,0,null,null,null,null,null,"None",0,0,1,0,0,0,null,null,null,null,null,"None",0,0,1,0,0,0]
["None",0,0,1,0,0,0,null,"Z","B","Mn",null,"None",0,0,1,0,0,0,null,"Z","B","Mn",null,"None",0,0,1,0,0,0,null,"Z","B","Mn"]
[null,null,null,null,null,null,null,null,{"$f":"VLOOKUP(A51,Macronutrients,8,FALSE)*E51+VLOOKUP(A52,Macronutrients,8,FALSE)*E52+VLOOKUP(A53,Macronutrients,8,FALSE)*E53+VLOOKUP(A54,Macronutrients,8,FALSE)*E54+VLOOKUP(A55,Macronutrients,8,FALSE)*E55+VLOOKUP(A56,Macronutrients,8,FALSE)*E56+VLOOKUP(A59,Micronutrients,8,FALSE)*E59+VLOOKUP(A60,Micronutrients,8,FALSE)*E60+VLOOKUP(A61,Micronutrients,8,FALSE)*E61+VLOOKUP(A62,Micronutrients,8,FALSE)*E62","v":0},{"$f":"VLOOKUP(A51,Macronutrients,9,FALSE)*E51+VLOOKUP(A52,Macronutrients,9,FALSE)*E52+VLOOKUP(A53,Macronutrients,9,FALSE)*E53+VLOOKUP(A54,Macronutrients,9,FALSE)*E54+VLOOKUP(A55,Macronutrients,9,FALSE)*E55+VLOOKUP(A56,Macronutrients,9,FALSE)*E56+VLOOKUP(A59,Micronutrients,9,FALSE)*E59+VLOOKUP(A60,Micronutrients,9,FALSE)*E60+VLOOKUP(A61,Micronutrients,9,FALSE)*E61+VLOOKUP(A62,Micronutrients,9,FALSE)*E62","v":0},{"$f":"VLOOKUP(A51,Macronutrients,10,FALSE)*E51+VLOOKUP(A52,Macronutrients,10,FALSE)*E52+VLOOKUP(A53,Macronutrients,10,FALSE)*E53+VLOOKUP(A54,Macronutrients,10,FALSE)*E54+VLOOKUP(A55,Macronutrients,10,FALSE)*E55+VLOOKUP(A56,Macronutrients,10,FALSE)*E56+VLOOKUP(A59,Micronutrients,10,FALSE)*E59+VLOOKUP(A60,Micronutrients,10,FALSE)*E60+VLOOKUP(A61,Micronutrients,10,FALSE)*E61+VLOOKUP(A62,Micronutrients,10,FALSE)*E62","v":0},null,null,null,null,null,null,null,null,null,{"$f":"VLOOKUP(M51,Macronutrients,8,FALSE)*Q51+VLOOKUP(M52,Macronutrients,8,FALSE)*Q52+VLOOKUP(M53,Macronutrients,8,FALSE)*Q53+VLOOKUP(M54,Macronutrients,8,FALSE)*Q54+VLOOKUP(M55,Macronutrients,8,FALSE)*Q55+VLOOKUP(M56,Macronutrients,8,FALSE)*Q56+VLOOKUP(M59,Micronutrients,8,FALSE)*Q59+VLOOKUP(M60,Micronutrients,8,FALSE)*Q60+VLOOKUP(M61,Micronutrients,8,FALSE)*Q61+VLOOKUP(M62,Micronutrients,8,FALSE)*Q62","v":0},{"$f":"VLOOKUP(M51,Macronutrients,9,FALSE)*Q51+VLOOKUP(M52,Macronutrients,9,FALSE)*Q52+VLOOKUP(M53,Macronutrients,9,FALSE)*Q53+VLOOKUP(M54,Macronutrients,9,FALSE)*Q54+VLOOKUP(M55,Macronutrients,9,FALSE)*Q55+VLOOKUP(M56,Macronutrients,9,FALSE)*Q56+VLOOKUP(M59,Micronutrients,9,FALSE)*Q59+VLOOKUP(M60,Micronutrients,9,FALSE)*Q60+VLOOKUP(M61,Micronutrients,9,FALSE)*Q61+VLOOKUP(M62,Micronutrients,9,FALSE)*Q62","v":0},{"$f":"VLOOKUP(M51,Macronutrients,10,FALSE)*Q51+VLOOKUP(M52,Macronutrients,10,FALSE)*Q52+VLOOKUP(M53,Macronutrients,10,FALSE)*Q53+VLOOKUP(M54,Macronutrients,10,FALSE)*Q54+VLOOKUP(M55,Macronutrients,10,FALSE)*Q55+VLOOKUP(M56,Macronutrients,10,FALSE)*Q56+VLOOKUP(M59,Micronutrients,10,FALSE)*Q59+VLOOKUP(M60,Micronutrients,10,FALSE)*Q60+VLOOKUP(M61,Micronutrients,10,FALSE)*Q61+VLOOKUP(M62,Micronutrients,10,FALSE)*Q62","v":0},null,null,null,null,null,null,null,null,null,{"$f":"VLOOKUP(Y51,Macronutrients,8,FALSE)*AC51+VLOOKUP(Y52,Macronutrients,8,FALSE)*AC52+VLOOKUP(Y53,Macronutrients,8,FALSE)*AC53+VLOOKUP(Y54,Macronutrients,8,FALSE)*AC54+VLOOKUP(Y55,Macronutrients,8,FALSE)*AC55+VLOOKUP(Y56,Macronutrients,8,FALSE)*AC56+VLOOKUP(Y59,Micronutrients,8,FALSE)*AC59+VLOOKUP(Y60,Micronutrients,8,FALSE)*AC60+VLOOKUP(Y61,Micronutrients,8,FALSE)*AC61+VLOOKUP(Y62,Micronutrients,8,FALSE)*AC62","v":0},{"$f":"VLOOKUP(Y51,Macronutrients,9,FALSE)*AC51+VLOOKUP(Y52,Macronutrients,9,FALSE)*AC52+VLOOKUP(Y53,Macronutrients,9,FALSE)*AC53+VLOOKUP(Y54,Macronutrients,9,FALSE)*AC54+VLOOKUP(Y55,Macronutrients,9,FALSE)*AC55+VLOOKUP(Y56,Macronutrients,9,FALSE)*AC56+VLOOKUP(Y59,Micronutrients,9,FALSE)*AC59+VLOOKUP(Y60,Micronutrients,9,FALSE)*AC60+VLOOKUP(Y61,Micronutrients,9,FALSE)*AC61+VLOOKUP(Y62,Micronutrients,9,FALSE)*AC62","v":0},{"$f":"VLOOKUP(Y51,Macronutrients,10,FALSE)*AC51+VLOOKUP(Y52,Macronutrients,10,FALSE)*AC52+VLOOKUP(Y53,Macronutrients,10,FALSE)*AC53+VLOOKUP(Y54,Macronutrients,10,FALSE)*AC54+VLOOKUP(Y55,Macronutrients,10,FALSE)*AC55+VLOOKUP(Y56,Macronutrients,10,FALSE)*AC56+VLOOKUP(Y59,Micronutrients,10,FALSE)*AC59+VLOOKUP(Y60,Micronutrients,10,FALSE)*AC60+VLOOKUP(Y61,Micronutrients,10,FALSE)*AC61+VLOOKUP(Y62,Micronutrients,10,FALSE)*AC62","v":0}]
["Micronutrients (drop down menu)",null,null,null,null,null,null,null,null,null,null,null,"Micronutrients (drop down menu)",null,null,null,null,null,null,null,null,null,null,null,"Micronutrients (drop down menu)"]
["None",{"$f":"VLOOKUP($A59,Micronutrients,14,FALSE)","v":0},{"$f":"VLOOKUP(A59,Micronutrients,18,FALSE)","v":0},{"$f":"VLOOKUP(A59,Micronutrients,16,FALSE)","v":1},0,{"$f":"VLOOKUP(A59,Micronutrients,15,FALSE)","v":0},{"$f":"(E59*VLOOKUP(A59,Micronutrients,14,FALSE)/D59)*C59","v":0},null,"Cu","Mo","Fe",null,"None",{"$f":"VLOOKUP($M59,Micronutrients,14,FALSE)","v":0},{"$f":"VLOOKUP(M59,Micronutrients,18,FALSE)","v":0},{"$f":"VLOOKUP(M59,Micronutrients,16,FALSE)","v":1},0,{"$f":"VLOOKUP(M59,Micronutrients,15,FALSE)","v":0},{"$f":"(Q59*VLOOKUP(M59,Micronutrients,14,FALSE)/P59)*O59","v":0},null,"Cu","Mo","Fe",null,"None",{"$f":"VLOOKUP(Y59,Micronutrients,14,FALSE)","v":0},{"$f":"VLOOKUP(Y59,Micronutrients,18,FALSE)","v":0},{"$f":"VLOOKUP(Y59,Micronutrients,16,FALSE)","v":1},0,{"$f":"VLOOKUP(Y59,Micronutrients,15,FALSE)","v":0},{"$f":"(AC59*VLOOKUP(Y59,Micronutrients,14,FALSE)/AB59)*AA59","v":0},null,"Cu","Mo","Fe"]
["None",{"$f":"VLOOKUP($A60,Micronutrients,14,FALSE)","v":0},{"$f":"VLOOKUP(A60,Micronutrients,18,FALSE)","v":0},{"$f":"VLOOKUP(A60,Micronutrients,16,FALSE)","v":1},0,{"$f":"VLOOKUP(A60,Micronutrients,15,FALSE)","v":0},{"$f":"(E60*VLOOKUP(A60,Micronutrients,14,FALSE)/D60)*C60","v":0},null,{"$f":"VLOOKUP(A51,Macronutrients,11,FALSE)*E51+VLOOKUP(A52,Macronutrients,11,FALSE)*E52+VLOOKUP(A53,Macronutrients,11,FALSE)*E53+VLOOKUP(A54,Macronutrients,11,FALSE)*E54+VLOOKUP(A55,Macronutrients,11,FALSE)*E55+VLOOKUP(A56,Macronutrients,11,FALSE)*E56+VLOOKUP(A59,Micronutrients,11,FALSE)*E59+VLOOKUP(A60,Micronutrients,11,FALSE)*E60+VLOOKUP(A61,Micronutrients,11,FALSE)*E61+VLOOKUP(A62,Micronutrients,11,FALSE)*E62","v":0},{"$f":"VLOOKUP(A51,Macronutrients,12,FALSE)*E51+VLOOKUP(A52,Macronutrients,12,FALSE)*E52+VLOOKUP(A53,Macronutrients,12,FALSE)*E53+VLOOKUP(A54,Macronutrients,12,FALSE)*E54+VLOOKUP(A55,Macronutrients,12,FALSE)*E55+VLOOKUP(A56,Macronutrients,12,FALSE)*E56+VLOOKUP(A59,Micronutrients,12,FALSE)*E59+VLOOKUP(A60,Micronutrients,12,FALSE)*E60+VLOOKUP(A61,Micronutrients,12,FALSE)*E61+VLOOKUP(A62,Micronutrients,12,FALSE)*E62","v":0},{"$f":"VLOOKUP(A51,Macronutrients,13,FALSE)*E51+VLOOKUP(A52,Macronutrients,13,FALSE)*E52+VLOOKUP(A53,Macronutrients,13,FALSE)*E53+VLOOKUP(A54,Macronutrients,13,FALSE)*E54+VLOOKUP(A55,Macronutrients,13,FALSE)*E55+VLOOKUP(A56,Macronutrients,13,FALSE)*E56+VLOOKUP(A59,Micronutrients,13,FALSE)*E59+VLOOKUP(A60,Micronutrients,13,FALSE)*E60+VLOOKUP(A61,Micronutrients,13,FALSE)*E61+VLOOKUP(A62,Micronutrients,13,FALSE)*E62","v":0},null,"None",{"$f":"VLOOKUP($M60,Micronutrients,14,FALSE)","v":0},{"$f":"VLOOKUP(M60,Micronutrients,18,FALSE)","v":0},{"$f":"VLOOKUP(M60,Micronutrients,16,FALSE)","v":1},0,{"$f":"VLOOKUP(M60,Micronutrients,15,FALSE)","v":0},{"$f":"(Q60*VLOOKUP(M60,Micronutrients,14,FALSE)/P60)*O60","v":0},null,{"$f":"VLOOKUP(M51,Macronutrients,11,FALSE)*Q51+VLOOKUP(M52,Macronutrients,11,FALSE)*Q52+VLOOKUP(M53,Macronutrients,11,FALSE)*Q53+VLOOKUP(M54,Macronutrients,11,FALSE)*Q54+VLOOKUP(M55,Macronutrients,11,FALSE)*Q55+VLOOKUP(M56,Macronutrients,11,FALSE)*Q56+VLOOKUP(M59,Micronutrients,11,FALSE)*Q59+VLOOKUP(M60,Micronutrients,11,FALSE)*Q60+VLOOKUP(M61,Micronutrients,11,FALSE)*Q61+VLOOKUP(M62,Micronutrients,11,FALSE)*Q62","v":0},{"$f":"VLOOKUP(M51,Macronutrients,12,FALSE)*Q51+VLOOKUP(M52,Macronutrients,12,FALSE)*Q52+VLOOKUP(M53,Macronutrients,12,FALSE)*Q53+VLOOKUP(M54,Macronutrients,12,FALSE)*Q54+VLOOKUP(M55,Macronutrients,12,FALSE)*Q55+VLOOKUP(M56,Macronutrients,12,FALSE)*Q56+VLOOKUP(M59,Micronutrients,12,FALSE)*Q59+VLOOKUP(M60,Micronutrients,12,FALSE)*Q60+VLOOKUP(M61,Micronutrients,12,FALSE)*Q61+VLOOKUP(M62,Micronutrients,12,FALSE)*Q62","v":0},{"$f":"VLOOKUP(M51,Macronutrients,13,FALSE)*Q51+VLOOKUP(M52,Macronutrients,13,FALSE)*Q52+VLOOKUP(M53,Macronutrients,13,FALSE)*Q53+VLOOKUP(M54,Macronutrients,13,FALSE)*Q54+VLOOKUP(M55,Macronutrients,13,FALSE)*Q55+VLOOKUP(M56,Macronutrients,13,FALSE)*Q56+VLOOKUP(M59,Micronutrients,13,FALSE)*Q59+VLOOKUP(M60,Micronutrients,13,FALSE)*Q60+VLOOKUP(M61,Micronutrients,13,FALSE)*Q61+VLOOKUP(M62,Micronutrients,13,FALSE)*Q62","v":0},null,"None",{"$f":"VLOOKUP(Y60,Micronutrients,14,FALSE)","v":0},{"$f":"VLOOKUP(Y60,Micronutrients,18,FALSE)","v":0},{"$f":"VLOOKUP(Y60,Micronutrients,16,FALSE)","v":1},0,{"$f":"VLOOKUP(Y60,Micronutrients,15,FALSE)","v":0},{"$f":"(AC60*VLOOKUP(Y60,Micronutrients,14,FALSE)/AB60)*AA60","v":0},null,{"$f":"VLOOKUP(Y51,Macronutrients,11,FALSE)*AC51+VLOOKUP(Y52,Macronutrients,11,FALSE)*AC52+VLOOKUP(Y53,Macronutrients,11,FALSE)*AC53+VLOOKUP(Y54,Macronutrients,11,FALSE)*AC54+VLOOKUP(Y55,Macronutrients,11,FALSE)*AC55+VLOOKUP(Y56,Macronutrients,11,FALSE)*AC56+VLOOKUP(Y59,Micronutrients,11,FALSE)*AC59+VLOOKUP(Y60,Micronutrients,11,FALSE)*AC60+VLOOKUP(Y61,Micronutrients,11,FALSE)*AC61+VLOOKUP(Y62,Micronutrients,11,FALSE)*AC62","v":0},{"$f":"VLOOKUP(Y51,Macronutrients,12,FALSE)*AC51+VLOOKUP(Y52,Macronutrients,12,FALSE)*AC52+VLOOKUP(Y53,Macronutrients,12,FALSE)*AC53+VLOOKUP(Y54,Macronutrients,12,FALSE)*AC54+VLOOKUP(Y55,Macronutrients,12,FALSE)*AC55+VLOOKUP(Y56,Macronutrients,12,FALSE)*AC56+VLOOKUP(Y59,Micronutrients,12,FALSE)*AC59+VLOOKUP(Y60,Micronutrients,12,FALSE)*AC60+VLOOKUP(Y61,Micronutrients,12,FALSE)*AC61+VLOOKUP(Y62,Micronutrients,12,FALSE)*AC62","v":0},{"$f":"VLOOKUP(Y51,Macronutrients,13,FALSE)*AC51+VLOOKUP(Y52,Macronutrients,13,FALSE)*AC52+VLOOKUP(Y53,Macronutrients,13,FALSE)*AC53+VLOOKUP(Y54,Macronutrients,13,FALSE)*AC54+VLOOKUP(Y55,Macronutrients,13,FALSE)*AC55+VLOOKUP(Y56,Macronutrients,13,FALSE)*AC56+VLOOKUP(Y59,Micronutrients,13,FALSE)*AC59+VLOOKUP(Y60,Micronutrients,13,FALSE)*AC60+VLOOKUP(Y61,Micronutrients,13,FALSE)*AC61+VLOOKUP(Y62,Micronutrients,13,FALSE)*AC62","v":0}]
["None",{"$f":"VLOOKUP($A61,Micronutrients,14,FALSE)","v":0},{"$f":"VLOOKUP(A61,Micronutrients,18,FALSE)","v":0},{"$f":"VLOOKUP(A61,Micronutrients,16,FALSE)","v":1},0,{"$f":"VLOOKUP(A61,Micronutrients,15,FALSE)","v":0},{"$f":"(E61*VLOOKUP(A61,Micronutrients,14,FALSE)/D61)*C61","v":0},null,null,null,null,null,"None",{"$f":"VLOOKUP($M61,Micronutrients,14,FALSE)","v":0},{"$f":"VLOOKUP(M61,Micronutrients,18,FALSE)","v":0},{"$f":"VLOOKUP(M61,Micronutrients,16,FALSE)","v":1},0,{"$f":"VLOOKUP(M61,Micronutrients,15,FALSE)","v":0},{"$f":"(Q61*VLOOKUP(M61,Micronutrients,14,FALSE)/P61)*O61","v":0},null,null,null,null,null,"None",{"$f":"VLOOKUP(Y61,Micronutrients,14,FALSE)","v":0},{"$f":"VLOOKUP(Y61,Micronutrients,18,FALSE)","v":0},{"$f":"VLOOKUP(Y61,Micronutrients,16,FALSE)","v":1},0,{"$f":"VLOOKUP(Y61,Micronutrients,15,FALSE)","v":0},{"$f":"(AC61*VLOOKUP(Y61,Micronutrients,14,FALSE)/AB61)*AA61","v":0}]
["None",{"$f":"VLOOKUP($A62,Micronutrients,14,FALSE)","v":0},{"$f":"VLOOKUP(A62,Micronutrients,18,FALSE)","v":0},{"$f":"VLOOKUP(A62,Micronutrients,16,FALSE)","v":1},0,{"$f":"VLOOKUP(A62,Micronutrients,15,FALSE)","v":0},{"$f":"(E62*VLOOKUP(A62,Micronutrients,14,FALSE)/D62)*C62","v":0},null,null,null,null,null,"None",{"$f":"VLOOKUP($M62,Micronutrients,14,FALSE)","v":0},{"$f":"VLOOKUP(M62,Micronutrients,18,FALSE)","v":0},{"$f":"VLOOKUP(M62,Micronutrients,16,FALSE)","v":1},0,{"$f":"VLOOKUP(M62,Micronutrients,15,FALSE)","v":0},{"$f":"(Q62*VLOOKUP(M62,Micronutrients,14,FALSE)/P62)*O62","v":0},null,null,null,null,null,"None",{"$f":"VLOOKUP(Y62,Micronutrients,14,FALSE)","v":0},{"$f":"VLOOKUP(Y62,Micronutrients,18,FALSE)","v":0},{"$f":"VLOOKUP(Y62,Micronutrients,16,FALSE)","v":1},0,{"$f":"VLOOKUP(Y62,Micronutrients,15,FALSE)","v":0},{"$f":"(AC62*VLOOKUP(Y62,Micronutrients,14,FALSE)/AB62)*AA62","v":0}]
[]
["Nitrogen Stabilizers (drop down menu)",null,null,null,null,null,null,null,null,null,null,null,"Nitrogen Stabilizers (drop down menu)",null,null,null,null,null,null,null,null,null,null,null,"Nitrogen Stabilizers (drop down menu)"]
["None",{"$f":"VLOOKUP(A65,NitrogenStabilizers,14,FALSE)","v":0},{"$f":"VLOOKUP(A65,NitrogenStabilizers,18,FALSE)","v":0},{"$f":"VLOOKUP(A65,NitrogenStabilizers,16,FALSE)","v":1},0,{"$f":"VLOOKUP(A65,NitrogenStabilizers,15,FALSE)","v":0},{"$f":"(E65*VLOOKUP(A65,NitrogenStabilizers,14,FALSE)/D65)*C65","v":0},null,null,null,null,null,"None",{"$f":"VLOOKUP(M65,NitrogenStabilizers,14,FALSE)","v":0},{"$f":"VLOOKUP(M65,NitrogenStabilizers,18,FALSE)","v":0},{"$f":"VLOOKUP(M65,NitrogenStabilizers,16,FALSE)","v":1},0,{"$f":"VLOOKUP(M65,NitrogenStabilizers,15,FALSE)","v":0},{"$f":"(Q65*VLOOKUP(M65,NitrogenStabilizers,14,FALSE)/P65)*O65","v":0},null,null,null,null,null,"None",{"$f":"VLOOKUP(Y65,NitrogenStabilizers,14,FALSE)","v":0},{"$f":"VLOOKUP(Y65,NitrogenStabilizers,18,FALSE)","v":0},{"$f":"VLOOKUP(Y65,NitrogenStabilizers,16,FALSE)","v":1},0,{"$f":"VLOOKUP(Y65,NitrogenStabilizers,15,FALSE)","v":0},{"$f":"(AC65*VLOOKUP(Y65,NitrogenStabilizers,14,FALSE)/AB65)*AA65","v":0}]
["None",{"$f":"VLOOKUP(A66,NitrogenStabilizers,14,FALSE)","v":0},{"$f":"VLOOKUP(A66,NitrogenStabilizers,18,FALSE)","v":0},{"$f":"VLOOKUP(A66,NitrogenStabilizers,16,FALSE)","v":1},0,{"$f":"VLOOKUP(A66,NitrogenStabilizers,15,FALSE)","v":0},{"$f":"(E66*VLOOKUP(A66,NitrogenStabilizers,14,FALSE)/D66)*C66","v":0},null,null,null,"More",null,"None",{"$f":"VLOOKUP(M66,NitrogenStabilizers,14,FALSE)","v":0},{"$f":"VLOOKUP(M66,NitrogenStabilizers,18,FALSE)","v":0},{"$f":"VLOOKUP(M66,NitrogenStabilizers,16,FALSE)","v":1},0,{"$f":"VLOOKUP(M66,NitrogenStabilizers,15,FALSE)","v":0},{"$f":"(Q66*VLOOKUP(M66,NitrogenStabilizers,14,FALSE)/P66)*O66","v":0},null,null,null,"More",null,"None",{"$f":"VLOOKUP(Y66,NitrogenStabilizers,14,FALSE)","v":0},{"$f":"VLOOKUP(Y66,NitrogenStabilizers,18,FALSE)","v":0},{"$f":"VLOOKUP(Y66,NitrogenStabilizers,16,FALSE)","v":1},0,{"$f":"VLOOKUP(Y66,NitrogenStabilizers,15,FALSE)","v":0},{"$f":"(AC66*VLOOKUP(Y66,NitrogenStabilizers,14,FALSE)/AB66)*AA66","v":0},null,null,null,"More"]
["3rd Application Fertilizer Cost/Acre",null,null,null,null,null,{"$f":"SUM(G51:G66)","v":0},null,null,null,"Below",null,"3rd Application Fertilizer Cost/Acre",null,null,null,null,null,{"$f":"SUM(S51:S66)","v":0},null,null,null,"Below",null,"3rd Application Fertilizer Cost/Acre",null,null,null,null,null,{"$f":"SUM(AE51:AE66)","v":0},null,null,null,"Below"]
[null,null,null,null,null,null,null,null,null,null,"¯",null,null,null,null,null,null,null,null,null,null,null,"¯",null,null,null,null,null,null,null,null,null,null,null,"¯"]
["Total Fertilizer Cost/Acre",null,null,null,null,null,{"$f":"G67+G46+G25","v":0},null,null,null,null,null,"Total Fertilizer Cost/Acre",null,null,null,null,null,{"$f":"S67+S46+S25","v":0},null,null,null,null,null,"Total Fertilizer Cost/Acre",null,null,null,null,null,{"$f":"AE67+AE46+AE25","v":0}]
[]
["4th Application (i.e., Side-Dress or Broadcast)",null,null,null,null,null,null,null,null,null,null,null,"4th Application (i.e., Side-Dress or Broadcast)",null,null,null,null,null,null,null,null,null,null,null,"4th Application (i.e., Side-Dress or Broadcast)"]
["Fertilizer Source","Purchase Units","Package Price (Gals, Lbs, etc.)","Units/Pkg","Rate/Acre","Units","Cost",null,null,null,null,null,"Fertilizer Source","Purchase Units","Package Price (Gals, Lbs, etc.)","Units/Pkg","Rate/Acre","Units","Cost",null,null,null,null,null,"Fertilizer Source","Purchase Units","Package Price (Gals, Lbs, etc.)","Units/Pkg","Rate/Acre","Units","Cost"]
["Macronutrients (drop down menu)",null,null,null,"(Enter Below)",null,null,null,"N","P","K",null,"Macronutrients (drop down menu)",null,null,null,"(Enter Below)",null,null,null,"N","P","K",null,"Macronutrients (drop down menu)",null,null,null,"(Enter Below)",null,null,null,"N","P","K"]
["None",{"$f":"VLOOKUP(A74,Macronutrients,14,FALSE)","v":0},{"$f":"VLOOKUP(A74,Macronutrients,18,FALSE)","v":0},{"$f":"VLOOKUP(A74,Macronutrients,16,FALSE)","v":1},0,{"$f":"VLOOKUP(A74,Macronutrients,15,FALSE)","v":0},{"$f":"(E74*VLOOKUP(A74,Macronutrients,14,FALSE)/D74)*C74","v":0},null,{"$f":"VLOOKUP(A74,Macronutrients,2,FALSE)*E74+VLOOKUP(A75,Macronutrients,2,FALSE)*E75+VLOOKUP(A76,Macronutrients,2,FALSE)*E76+VLOOKUP(A77,Macronutrients,2,FALSE)*E77+VLOOKUP(A78,Macronutrients,2,FALSE)*E78+VLOOKUP(A79,Macronutrients,2,FALSE)*E79+VLOOKUP(A82,Micronutrients,2,FALSE)*E82+VLOOKUP(A83,Micronutrients,2,FALSE)*E83+VLOOKUP(A84,Micronutrients,2,FALSE)*E84+VLOOKUP(A85,Micronutrients,2,FALSE)*E85","v":0},{"$f":"VLOOKUP(A74,Macronutrients,3,FALSE)*E74+VLOOKUP(A75,Macronutrients,3,FALSE)*E75+VLOOKUP(A76,Macronutrients,3,FALSE)*E76+VLOOKUP(A77,Macronutrients,3,FALSE)*E77+VLOOKUP(A78,Macronutrients,3,FALSE)*E78+VLOOKUP(A79,Macronutrients,3,FALSE)*E79+VLOOKUP(A82,Micronutrients,3,FALSE)*E82+VLOOKUP(A83,Micronutrients,3,FALSE)*E83+VLOOKUP(A84,Micronutrients,3,FALSE)*E84+VLOOKUP(A85,Micronutrients,3,FALSE)*E85","v":0},{"$f":"VLOOKUP(A74,Macronutrients,4,FALSE)*E74+VLOOKUP(A75,Macronutrients,4,FALSE)*E75+VLOOKUP(A76,Macronutrients,4,FALSE)*E76+VLOOKUP(A77,Macronutrients,4,FALSE)*E77+VLOOKUP(A78,Macronutrients,4,FALSE)*E78+VLOOKUP(A79,Macronutrients,4,FALSE)*E79+VLOOKUP(A82,Micronutrients,4,FALSE)*E82+VLOOKUP(A83,Micronutrients,4,FALSE)*E83+VLOOKUP(A84,Micronutrients,4,FALSE)*E84+VLOOKUP(A85,Micronutrients,4,FALSE)*E85","v":0},null,"None",{"$f":"VLOOKUP(M74,Macronutrients,14,FALSE)","v":0},{"$f":"VLOOKUP(M74,Macronutrients,18,FALSE)","v":0},{"$f":"VLOOKUP(M74,Macronutrients,16,FALSE)","v":1},0,{"$f":"VLOOKUP(M74,Macronutrients,15,FALSE)","v":0},{"$f":"(Q74*VLOOKUP(M74,Macronutrients,14,FALSE)/P74)*O74","v":0},null,{"$f":"VLOOKUP(M74,Macronutrients,2,FALSE)*Q74+VLOOKUP(M75,Macronutrients,2,FALSE)*Q75+VLOOKUP(M76,Macronutrients,2,FALSE)*Q76+VLOOKUP(M77,Macronutrients,2,FALSE)*Q77+VLOOKUP(M78,Macronutrients,2,FALSE)*Q78+VLOOKUP(M79,Macronutrients,2,FALSE)*Q79+VLOOKUP(M82,Micronutrients,2,FALSE)*Q82+VLOOKUP(M83,Micronutrients,2,FALSE)*Q83+VLOOKUP(M84,Micronutrients,2,FALSE)*Q84+VLOOKUP(M85,Micronutrients,2,FALSE)*Q85","v":0},{"$f":"VLOOKUP(M74,Macronutrients,3,FALSE)*Q74+VLOOKUP(M75,Macronutrients,3,FALSE)*Q75+VLOOKUP(M76,Macronutrients,3,FALSE)*Q76+VLOOKUP(M77,Macronutrients,3,FALSE)*Q77+VLOOKUP(M78,Macronutrients,3,FALSE)*Q78+VLOOKUP(M79,Macronutrients,3,FALSE)*Q79+VLOOKUP(M82,Micronutrients,3,FALSE)*Q82+VLOOKUP(M83,Micronutrients,3,FALSE)*Q83+VLOOKUP(M84,Micronutrients,3,FALSE)*Q84+VLOOKUP(M85,Micronutrients,3,FALSE)*Q85","v":0},{"$f":"VLOOKUP(M74,Macronutrients,4,FALSE)*Q74+VLOOKUP(M75,Macronutrients,4,FALSE)*Q75+VLOOKUP(M76,Macronutrients,4,FALSE)*Q76+VLOOKUP(M77,Macronutrients,4,FALSE)*Q77+VLOOKUP(M78,Macronutrients,4,FALSE)*Q78+VLOOKUP(M79,Macronutrients,4,FALSE)*Q79+VLOOKUP(M82,Micronutrients,4,FALSE)*Q82+VLOOKUP(M83,Micronutrients,4,FALSE)*Q83+VLOOKUP(M84,Micronutrients,4,FALSE)*Q84+VLOOKUP(M85,Micronutrients,4,FALSE)*Q85","v":0},null,"None",{"$f":"VLOOKUP(Y74,Macronutrients,14,FALSE)","v":0},{"$f":"VLOOKUP(Y74,Macronutrients,18,FALSE)","v":0},{"$f":"VLOOKUP(Y74,Macronutrients,16,FALSE)","v":1},0,{"$f":"VLOOKUP(Y74,Macronutrients,15,FALSE)","v":0},{"$f":"(AC74*VLOOKUP(Y74,Macronutrients,14,FALSE)/AB74)*AA74","v":0},null,{"$f":"VLOOKUP(Y74,Macronutrients,2,FALSE)*AC74+VLOOKUP(Y75,Macronutrients,2,FALSE)*AC75+VLOOKUP(Y76,Macronutrients,2,FALSE)*AC76+VLOOKUP(Y77,Macronutrients,2,FALSE)*AC77+VLOOKUP(Y78,Macronutrients,2,FALSE)*AC78+VLOOKUP(Y79,Macronutrients,2,FALSE)*AC79+VLOOKUP(Y82,Micronutrients,2,FALSE)*AC82+VLOOKUP(Y83,Micronutrients,2,FALSE)*AC83+VLOOKUP(Y84,Micronutrients,2,FALSE)*AC84+VLOOKUP(Y85,Micronutrients,2,FALSE)*AC85","v":0},{"$f":"VLOOKUP(Y74,Macronutrients,3,FALSE)*AC74+VLOOKUP(Y75,Macronutrients,3,FALSE)*AC75+VLOOKUP(Y76,Macronutrients,3,FALSE)*AC76+VLOOKUP(Y77,Macronutrients,3,FALSE)*AC77+VLOOKUP(Y78,Macronutrients,3,FALSE)*AC78+VLOOKUP(Y79,Macronutrients,3,FALSE)*AC79+VLOOKUP(Y82,Micronutrients,3,FALSE)*AC82+VLOOKUP(Y83,Micronutrients,3,FALSE)*AC83+VLOOKUP(Y84,Micronutrients,3,FALSE)*AC84+VLOOKUP(Y85,Micronutrients,3,FALSE)*AC85","v":0},{"$f":"VLOOKUP(Y74,Macronutrients,4,FALSE)*AC74+VLOOKUP(Y75,Macronutrients,4,FALSE)*AC75+VLOOKUP(Y76,Macronutrients,4,FALSE)*AC76+VLOOKUP(Y77,Macronutrients,4,FALSE)*AC77+VLOOKUP(Y78,Macronutrients,4,FALSE)*AC78+VLOOKUP(Y79,Macronutrients,4,FALSE)*AC79+VLOOKUP(Y82,Micronutrients,4,FALSE)*AC82+VLOOKUP(Y83,Micronutrients,4,FALSE)*AC83+VLOOKUP(Y84,Micronutrients,4,FALSE)*AC84+VLOOKUP(Y85,Micronutrients,4,FALSE)*AC85","v":0}]
["None",0,0,1,0,0,0,null,null,null,null,null,"None",0,0,1,0,0,0,null,null,null,null,null,"None",0,0,1,0,0,0]
["None",0,0,1,0,0,0,null,"S","Ca","Mg",null,"None",0,0,1,0,0,0,null,"S","Ca","Mg",null,"None",0,0,1,0,0,0,null,"S","Ca","Mg"]
["None",0,0,1,0,0,0,null,{"$f":"VLOOKUP(A74,Macronutrients,5,FALSE)*E74+VLOOKUP(A75,Macronutrients,5,FALSE)*E75+VLOOKUP(A76,Macronutrients,5,FALSE)*E76+VLOOKUP(A77,Macronutrients,5,FALSE)*E77+VLOOKUP(A78,Macronutrients,5,FALSE)*E78+VLOOKUP(A79,Macronutrients,5,FALSE)*E79+VLOOKUP(A82,Micronutrients,5,FALSE)*E82+VLOOKUP(A83,Micronutrients,5,FALSE)*E83+VLOOKUP(A84,Micronutrients,5,FALSE)*E84+VLOOKUP(A85,Micronutrients,5,FALSE)*E85","v":0},{"$f":"VLOOKUP(A74,Macronutrients,7,FALSE)*E74+VLOOKUP(A75,Macronutrients,7,FALSE)*E75+VLOOKUP(A76,Macronutrients,7,FALSE)*E76+VLOOKUP(A77,Macronutrients,7,FALSE)*E77+VLOOKUP(A78,Macronutrients,7,FALSE)*E78+VLOOKUP(A79,Macronutrients,7,FALSE)*E79+VLOOKUP(A82,Micronutrients,7,FALSE)*E82+VLOOKUP(A83,Micronutrients,7,FALSE)*E83+VLOOKUP(A84,Micronutrients,7,FALSE)*E84+VLOOKUP(A85,Micronutrients,7,FALSE)*E85","v":0},{"$f":"VLOOKUP($A74,Macronutrients,6,FALSE)*$E$6+VLOOKUP($A75,Macronutrients,6,FALSE)*$E$7+VLOOKUP($A76,Macronutrients,6,FALSE)*$E$8+VLOOKUP($A77,Macronutrients,6,FALSE)*$E$9+VLOOKUP($A78,Macronutrients,6,FALSE)*$E$10+VLOOKUP($A79,Macronutrients,6,FALSE)*$E$11+VLOOKUP($A82,Micronutrients,6,FALSE)*$E$14+VLOOKUP($A83,Micronutrients,6,FALSE)*E83+VLOOKUP($A84,Micronutrients,6,FALSE)*$E$16+VLOOKUP($A85,Micronutrients,6,FALSE)*$E$17","v":0},null,"None",0,0,1,0,0,0,null,{"$f":"VLOOKUP(M74,Macronutrients,5,FALSE)*Q74+VLOOKUP(M75,Macronutrients,5,FALSE)*Q75+VLOOKUP(M76,Macronutrients,5,FALSE)*Q76+VLOOKUP(M77,Macronutrients,5,FALSE)*Q77+VLOOKUP(M78,Macronutrients,5,FALSE)*Q78+VLOOKUP(M79,Macronutrients,5,FALSE)*Q79+VLOOKUP(M82,Micronutrients,5,FALSE)*Q82+VLOOKUP(M83,Micronutrients,5,FALSE)*Q83+VLOOKUP(M84,Micronutrients,5,FALSE)*Q84+VLOOKUP(M85,Micronutrients,5,FALSE)*Q85","v":0},{"$f":"VLOOKUP(M74,Macronutrients,7,FALSE)*Q74+VLOOKUP(M75,Macronutrients,7,FALSE)*Q75+VLOOKUP(M76,Macronutrients,7,FALSE)*Q76+VLOOKUP(M77,Macronutrients,7,FALSE)*Q77+VLOOKUP(M78,Macronutrients,7,FALSE)*Q78+VLOOKUP(M79,Macronutrients,7,FALSE)*Q79+VLOOKUP(M82,Micronutrients,7,FALSE)*Q82+VLOOKUP(M83,Micronutrients,7,FALSE)*Q83+VLOOKUP(M84,Micronutrients,7,FALSE)*Q84+VLOOKUP(M85,Micronutrients,7,FALSE)*Q85","v":0},{"$f":"VLOOKUP($A74,Macronutrients,6,FALSE)*$E$6+VLOOKUP($A75,Macronutrients,6,FALSE)*$E$7+VLOOKUP($A76,Macronutrients,6,FALSE)*$E$8+VLOOKUP($A77,Macronutrients,6,FALSE)*$E$9+VLOOKUP($A78,Macronutrients,6,FALSE)*$E$10+VLOOKUP($A79,Macronutrients,6,FALSE)*$E$11+VLOOKUP($A82,Micronutrients,6,FALSE)*$E$14+VLOOKUP($A83,Micronutrients,6,FALSE)*Q83+VLOOKUP($A84,Micronutrients,6,FALSE)*$E$16+VLOOKUP($A85,Micronutrients,6,FALSE)*$E$17","v":0},null,"None",0,0,1,0,0,0,null,{"$f":"VLOOKUP(Y74,Macronutrients,5,FALSE)*AC74+VLOOKUP(Y75,Macronutrients,5,FALSE)*AC75+VLOOKUP(Y76,Macronutrients,5,FALSE)*AC76+VLOOKUP(Y77,Macronutrients,5,FALSE)*AC77+VLOOKUP(Y78,Macronutrients,5,FALSE)*AC78+VLOOKUP(Y79,Macronutrients,5,FALSE)*AC79+VLOOKUP(Y82,Micronutrients,5,FALSE)*AC82+VLOOKUP(Y83,Micronutrients,5,FALSE)*AC83+VLOOKUP(Y84,Micronutrients,5,FALSE)*AC84+VLOOKUP(Y85,Micronutrients,5,FALSE)*AC85","v":0},{"$f":"VLOOKUP(Y74,Macronutrients,7,FALSE)*AC74+VLOOKUP(Y75,Macronutrients,7,FALSE)*AC75+VLOOKUP(Y76,Macronutrients,7,FALSE)*AC76+VLOOKUP(Y77,Macronutrients,7,FALSE)*AC77+VLOOKUP(Y78,Macronutrients,7,FALSE)*AC78+VLOOKUP(Y79,Macronutrients,7,FALSE)*AC79+VLOOKUP(Y82,Micronutrients,7,FALSE)*AC82+VLOOKUP(Y83,Micronutrients,7,FALSE)*AC83+VLOOKUP(Y84,Micronutrients,7,FALSE)*AC84+VLOOKUP(Y85,Micronutrients,7,FALSE)*AC85","v":0},{"$f":"VLOOKUP($A74,Macronutrients,6,FALSE)*$E$6+VLOOKUP($A75,Macronutrients,6,FALSE)*$E$7+VLOOKUP($A76,Macronutrients,6,FALSE)*$E$8+VLOOKUP($A77,Macronutrients,6,FALSE)*$E$9+VLOOKUP($A78,Macronutrients,6,FALSE)*$E$10+VLOOKUP($A79,Macronutrients,6,FALSE)*$E$11+VLOOKUP($A82,Micronutrients,6,FALSE)*$E$14+VLOOKUP($A83,Micronutrients,6,FALSE)*AC83+VLOOKUP($A84,Micronutrients,6,FALSE)*$E$16+VLOOKUP($A85,Micronutrients,6,FALSE)*$E$17","v":0}]
["None",0,0,1,0,0,0,null,null,null,null,null,"None",0,0,1,0,0,0,null,null,null,null,null,"None",0,0,1,0,0,0]
["None",0,0,1,0,0,0,null,"Z","B","Mn",null,"None",0,0,1,0,0,0,null,"Z","B","Mn",null,"None",0,0,1,0,0,0,null,"Z","B","Mn"]
[null,null,null,null,null,null,null,null,{"$f":"VLOOKUP(A74,Macronutrients,8,FALSE)*E74+VLOOKUP(A75,Macronutrients,8,FALSE)*E75+VLOOKUP(A76,Macronutrients,8,FALSE)*E76+VLOOKUP(A77,Macronutrients,8,FALSE)*E77+VLOOKUP(A78,Macronutrients,8,FALSE)*E78+VLOOKUP(A79,Macronutrients,8,FALSE)*E79+VLOOKUP(A82,Micronutrients,8,FALSE)*E82+VLOOKUP(A83,Micronutrients,8,FALSE)*E83+VLOOKUP(A84,Micronutrients,8,FALSE)*E84+VLOOKUP(A85,Micronutrients,8,FALSE)*E85","v":0},{"$f":"VLOOKUP(A74,Macronutrients,9,FALSE)*E74+VLOOKUP(A75,Macronutrients,9,FALSE)*E75+VLOOKUP(A76,Macronutrients,9,FALSE)*E76+VLOOKUP(A77,Macronutrients,9,FALSE)*E77+VLOOKUP(A78,Macronutrients,9,FALSE)*E78+VLOOKUP(A79,Macronutrients,9,FALSE)*E79+VLOOKUP(A82,Micronutrients,9,FALSE)*E82+VLOOKUP(A83,Micronutrients,9,FALSE)*E83+VLOOKUP(A84,Micronutrients,9,FALSE)*E84+VLOOKUP(A85,Micronutrients,9,FALSE)*E85","v":0},{"$f":"VLOOKUP(A74,Macronutrients,10,FALSE)*E74+VLOOKUP(A75,Macronutrients,10,FALSE)*E75+VLOOKUP(A76,Macronutrients,10,FALSE)*E76+VLOOKUP(A77,Macronutrients,10,FALSE)*E77+VLOOKUP(A78,Macronutrients,10,FALSE)*E78+VLOOKUP(A79,Macronutrients,10,FALSE)*E79+VLOOKUP(A82,Micronutrients,10,FALSE)*E82+VLOOKUP(A83,Micronutrients,10,FALSE)*E83+VLOOKUP(A84,Micronutrients,10,FALSE)*E84+VLOOKUP(A85,Micronutrients,10,FALSE)*E85","v":0},null,null,null,null,null,null,null,null,null,{"$f":"VLOOKUP(M74,Macronutrients,8,FALSE)*Q74+VLOOKUP(M75,Macronutrients,8,FALSE)*Q75+VLOOKUP(M76,Macronutrients,8,FALSE)*Q76+VLOOKUP(M77,Macronutrients,8,FALSE)*Q77+VLOOKUP(M78,Macronutrients,8,FALSE)*Q78+VLOOKUP(M79,Macronutrients,8,FALSE)*Q79+VLOOKUP(M82,Micronutrients,8,FALSE)*Q82+VLOOKUP(M83,Micronutrients,8,FALSE)*Q83+VLOOKUP(M84,Micronutrients,8,FALSE)*Q84+VLOOKUP(M85,Micronutrients,8,FALSE)*Q85","v":0},{"$f":"VLOOKUP(M74,Macronutrients,9,FALSE)*Q74+VLOOKUP(M75,Macronutrients,9,FALSE)*Q75+VLOOKUP(M76,Macronutrients,9,FALSE)*Q76+VLOOKUP(M77,Macronutrients,9,FALSE)*Q77+VLOOKUP(M78,Macronutrients,9,FALSE)*Q78+VLOOKUP(M79,Macronutrients,9,FALSE)*Q79+VLOOKUP(M82,Micronutrients,9,FALSE)*Q82+VLOOKUP(M83,Micronutrients,9,FALSE)*Q83+VLOOKUP(M84,Micronutrients,9,FALSE)*Q84+VLOOKUP(M85,Micronutrients,9,FALSE)*Q85","v":0},{"$f":"VLOOKUP(M74,Macronutrients,10,FALSE)*Q74+VLOOKUP(M75,Macronutrients,10,FALSE)*Q75+VLOOKUP(M76,Macronutrients,10,FALSE)*Q76+VLOOKUP(M77,Macronutrients,10,FALSE)*Q77+VLOOKUP(M78,Macronutrients,10,FALSE)*Q78+VLOOKUP(M79,Macronutrients,10,FALSE)*Q79+VLOOKUP(M82,Micronutrients,10,FALSE)*Q82+VLOOKUP(M83,Micronutrients,10,FALSE)*Q83+VLOOKUP(M84,Micronutrients,10,FALSE)*Q84+VLOOKUP(M85,Micronutrients,10,FALSE)*Q85","v":0},null,null,null,null,null,null,null,null,null,{"$f":"VLOOKUP(Y74,Macronutrients,8,FALSE)*AC74+VLOOKUP(Y75,Macronutrients,8,FALSE)*AC75+VLOOKUP(Y76,Macronutrients,8,FALSE)*AC76+VLOOKUP(Y77,Macronutrients,8,FALSE)*AC77+VLOOKUP(Y78,Macronutrients,8,FALSE)*AC78+VLOOKUP(Y79,Macronutrients,8,FALSE)*AC79+VLOOKUP(Y82,Micronutrients,8,FALSE)*AC82+VLOOKUP(Y83,Micronutrients,8,FALSE)*AC83+VLOOKUP(Y84,Micronutrients,8,FALSE)*AC84+VLOOKUP(Y85,Micronutrients,8,FALSE)*AC85","v":0},{"$f":"VLOOKUP(Y74,Macronutrients,9,FALSE)*AC74+VLOOKUP(Y75,Macronutrients,9,FALSE)*AC75+VLOOKUP(Y76,Macronutrients,9,FALSE)*AC76+VLOOKUP(Y77,Macronutrients,9,FALSE)*AC77+VLOOKUP(Y78,Macronutrients,9,FALSE)*AC78+VLOOKUP(Y79,Macronutrients,9,FALSE)*AC79+VLOOKUP(Y82,Micronutrients,9,FALSE)*AC82+VLOOKUP(Y83,Micronutrients,9,FALSE)*AC83+VLOOKUP(Y84,Micronutrients,9,FALSE)*AC84+VLOOKUP(Y85,Micronutrients,9,FALSE)*AC85","v":0},{"$f":"VLOOKUP(Y74,Macronutrients,10,FALSE)*AC74+VLOOKUP(Y75,Macronutrients,10,FALSE)*AC75+VLOOKUP(Y76,Macronutrients,10,FALSE)*AC76+VLOOKUP(Y77,Macronutrients,10,FALSE)*AC77+VLOOKUP(Y78,Macronutrients,10,FALSE)*AC78+VLOOKUP(Y79,Macronutrients,10,FALSE)*AC79+VLOOKUP(Y82,Micronutrients,10,FALSE)*AC82+VLOOKUP(Y83,Micronutrients,10,FALSE)*AC83+VLOOKUP(Y84,Micronutrients,10,FALSE)*AC84+VLOOKUP(Y85,Micronutrients,10,FALSE)*AC85","v":0}]
["Micronutrients (drop down menu)",null,null,null,null,null,null,null,null,null,null,null,"Micronutrients (drop down menu)",null,null,null,null,null,null,null,null,null,null,null,"Micronutrients (drop down menu)"]
["None",{"$f":"VLOOKUP($A82,Micronutrients,14,FALSE)","v":0},{"$f":"VLOOKUP(A82,Micronutrients,18,FALSE)","v":0},{"$f":"VLOOKUP(A82,Micronutrients,16,FALSE)","v":1},0,{"$f":"VLOOKUP(A82,Micronutrients,15,FALSE)","v":0},{"$f":"(E82*VLOOKUP(A82,Micronutrients,14,FALSE)/D82)*C82","v":0},null,"Cu","Mo","Fe",null,"None",{"$f":"VLOOKUP($M82,Micronutrients,14,FALSE)","v":0},{"$f":"VLOOKUP(M82,Micronutrients,18,FALSE)","v":0},{"$f":"VLOOKUP(M82,Micronutrients,16,FALSE)","v":1},0,{"$f":"VLOOKUP(M82,Micronutrients,15,FALSE)","v":0},{"$f":"(Q82*VLOOKUP(M82,Micronutrients,14,FALSE)/P82)*O82","v":0},null,"Cu","Mo","Fe",null,"None",{"$f":"VLOOKUP(Y82,Micronutrients,14,FALSE)","v":0},{"$f":"VLOOKUP(Y82,Micronutrients,18,FALSE)","v":0},{"$f":"VLOOKUP(Y82,Micronutrients,16,FALSE)","v":1},0,{"$f":"VLOOKUP(Y82,Micronutrients,15,FALSE)","v":0},{"$f":"(AC82*VLOOKUP(Y82,Micronutrients,14,FALSE)/AB82)*AA82","v":0},null,"Cu","Mo","Fe"]
["None",{"$f":"VLOOKUP($A83,Micronutrients,14,FALSE)","v":0},{"$f":"VLOOKUP(A83,Micronutrients,18,FALSE)","v":0},{"$f":"VLOOKUP(A83,Micronutrients,16,FALSE)","v":1},0,{"$f":"VLOOKUP(A83,Micronutrients,15,FALSE)","v":0},{"$f":"(E83*VLOOKUP(A83,Micronutrients,14,FALSE)/D83)*C83","v":0},null,{"$f":"VLOOKUP(A74,Macronutrients,11,FALSE)*E74+VLOOKUP(A75,Macronutrients,11,FALSE)*E75+VLOOKUP(A76,Macronutrients,11,FALSE)*E76+VLOOKUP(A77,Macronutrients,11,FALSE)*E77+VLOOKUP(A78,Macronutrients,11,FALSE)*E78+VLOOKUP(A79,Macronutrients,11,FALSE)*E79+VLOOKUP(A82,Micronutrients,11,FALSE)*E82+VLOOKUP(A83,Micronutrients,11,FALSE)*E83+VLOOKUP(A84,Micronutrients,11,FALSE)*E84+VLOOKUP(A85,Micronutrients,11,FALSE)*E85","v":0},{"$f":"VLOOKUP(A74,Macronutrients,12,FALSE)*E74+VLOOKUP(A75,Macronutrients,12,FALSE)*E75+VLOOKUP(A76,Macronutrients,12,FALSE)*E76+VLOOKUP(A77,Macronutrients,12,FALSE)*E77+VLOOKUP(A78,Macronutrients,12,FALSE)*E78+VLOOKUP(A79,Macronutrients,12,FALSE)*E79+VLOOKUP(A82,Micronutrients,12,FALSE)*E82+VLOOKUP(A83,Micronutrients,12,FALSE)*E83+VLOOKUP(A84,Micronutrients,12,FALSE)*E84+VLOOKUP(A85,Micronutrients,12,FALSE)*E85","v":0},{"$f":"VLOOKUP(A74,Macronutrients,13,FALSE)*E74+VLOOKUP(A75,Macronutrients,13,FALSE)*E75+VLOOKUP(A76,Macronutrients,13,FALSE)*E76+VLOOKUP(A77,Macronutrients,13,FALSE)*E77+VLOOKUP(A78,Macronutrients,13,FALSE)*E78+VLOOKUP(A79,Macronutrients,13,FALSE)*E79+VLOOKUP(A82,Micronutrients,13,FALSE)*E82+VLOOKUP(A83,Micronutrients,13,FALSE)*E83+VLOOKUP(A84,Micronutrients,13,FALSE)*E84+VLOOKUP(A85,Micronutrients,13,FALSE)*E85","v":0},null,"None",{"$f":"VLOOKUP($M83,Micronutrients,14,FALSE)","v":0},{"$f":"VLOOKUP(M83,Micronutrients,18,FALSE)","v":0},{"$f":"VLOOKUP(M83,Micronutrients,16,FALSE)","v":1},0,{"$f":"VLOOKUP(M83,Micronutrients,15,FALSE)","v":0},{"$f":"(Q83*VLOOKUP(M83,Micronutrients,14,FALSE)/P83)*O83","v":0},null,{"$f":"VLOOKUP(M74,Macronutrients,11,FALSE)*Q74+VLOOKUP(M75,Macronutrients,11,FALSE)*Q75+VLOOKUP(M76,Macronutrients,11,FALSE)*Q76+VLOOKUP(M77,Macronutrients,11,FALSE)*Q77+VLOOKUP(M78,Macronutrients,11,FALSE)*Q78+VLOOKUP(M79,Macronutrients,11,FALSE)*Q79+VLOOKUP(M82,Micronutrients,11,FALSE)*Q82+VLOOKUP(M83,Micronutrients,11,FALSE)*Q83+VLOOKUP(M84,Micronutrients,11,FALSE)*Q84+VLOOKUP(M85,Micronutrients,11,FALSE)*Q85","v":0},{"$f":"VLOOKUP(M74,Macronutrients,12,FALSE)*Q74+VLOOKUP(M75,Macronutrients,12,FALSE)*Q75+VLOOKUP(M76,Macronutrients,12,FALSE)*Q76+VLOOKUP(M77,Macronutrients,12,FALSE)*Q77+VLOOKUP(M78,Macronutrients,12,FALSE)*Q78+VLOOKUP(M79,Macronutrients,12,FALSE)*Q79+VLOOKUP(M82,Micronutrients,12,FALSE)*Q82+VLOOKUP(M83,Micronutrients,12,FALSE)*Q83+VLOOKUP(M84,Micronutrients,12,FALSE)*Q84+VLOOKUP(M85,Micronutrients,12,FALSE)*Q85","v":0},{"$f":"VLOOKUP(M74,Macronutrients,13,FALSE)*Q74+VLOOKUP(M75,Macronutrients,13,FALSE)*Q75+VLOOKUP(M76,Macronutrients,13,FALSE)*Q76+VLOOKUP(M77,Macronutrients,13,FALSE)*Q77+VLOOKUP(M78,Macronutrients,13,FALSE)*Q78+VLOOKUP(M79,Macronutrients,13,FALSE)*Q79+VLOOKUP(M82,Micronutrients,13,FALSE)*Q82+VLOOKUP(M83,Micronutrients,13,FALSE)*Q83+VLOOKUP(M84,Micronutrients,13,FALSE)*Q84+VLOOKUP(M85,Micronutrients,13,FALSE)*Q85","v":0},null,"None",{"$f":"VLOOKUP(Y83,Micronutrients,14,FALSE)","v":0},{"$f":"VLOOKUP(Y83,Micronutrients,18,FALSE)","v":0},{"$f":"VLOOKUP(Y83,Micronutrients,16,FALSE)","v":1},0,{"$f":"VLOOKUP(Y83,Micronutrients,15,FALSE)","v":0},{"$f":"(AC83*VLOOKUP(Y83,Micronutrients,14,FALSE)/AB83)*AA83","v":0},null,{"$f":"VLOOKUP(Y74,Macronutrients,11,FALSE)*AC74+VLOOKUP(Y75,Macronutrients,11,FALSE)*AC75+VLOOKUP(Y76,Macronutrients,11,FALSE)*AC76+VLOOKUP(Y77,Macronutrients,11,FALSE)*AC77+VLOOKUP(Y78,Macronutrients,11,FALSE)*AC78+VLOOKUP(Y79,Macronutrients,11,FALSE)*AC79+VLOOKUP(Y82,Micronutrients,11,FALSE)*AC82+VLOOKUP(Y83,Micronutrients,11,FALSE)*AC83+VLOOKUP(Y84,Micronutrients,11,FALSE)*AC84+VLOOKUP(Y85,Micronutrients,11,FALSE)*AC85","v":0},{"$f":"VLOOKUP(Y74,Macronutrients,12,FALSE)*AC74+VLOOKUP(Y75,Macronutrients,12,FALSE)*AC75+VLOOKUP(Y76,Macronutrients,12,FALSE)*AC76+VLOOKUP(Y77,Macronutrients,12,FALSE)*AC77+VLOOKUP(Y78,Macronutrients,12,FALSE)*AC78+VLOOKUP(Y79,Macronutrients,12,FALSE)*AC79+VLOOKUP(Y82,Micronutrients,12,FALSE)*AC82+VLOOKUP(Y83,Micronutrients,12,FALSE)*AC83+VLOOKUP(Y84,Micronutrients,12,FALSE)*AC84+VLOOKUP(Y85,Micronutrients,12,FALSE)*AC85","v":0},{"$f":"VLOOKUP(Y74,Macronutrients,13,FALSE)*AC74+VLOOKUP(Y75,Macronutrients,13,FALSE)*AC75+VLOOKUP(Y76,Macronutrients,13,FALSE)*AC76+VLOOKUP(Y77,Macronutrients,13,FALSE)*AC77+VLOOKUP(Y78,Macronutrients,13,FALSE)*AC78+VLOOKUP(Y79,Macronutrients,13,FALSE)*AC79+VLOOKUP(Y82,Micronutrients,13,FALSE)*AC82+VLOOKUP(Y83,Micronutrients,13,FALSE)*AC83+VLOOKUP(Y84,Micronutrients,13,FALSE)*AC84+VLOOKUP(Y85,Micronutrients,13,FALSE)*AC85","v":0}]
["None",{"$f":"VLOOKUP($A84,Micronutrients,14,FALSE)","v":0},{"$f":"VLOOKUP(A84,Micronutrients,18,FALSE)","v":0},{"$f":"VLOOKUP(A84,Micronutrients,16,FALSE)","v":1},0,{"$f":"VLOOKUP(A84,Micronutrients,15,FALSE)","v":0},{"$f":"(E84*VLOOKUP(A84,Micronutrients,14,FALSE)/D84)*C84","v":0},null,null,null,null,null,"None",{"$f":"VLOOKUP($M84,Micronutrients,14,FALSE)","v":0},{"$f":"VLOOKUP(M84,Micronutrients,18,FALSE)","v":0},{"$f":"VLOOKUP(M84,Micronutrients,16,FALSE)","v":1},0,{"$f":"VLOOKUP(M84,Micronutrients,15,FALSE)","v":0},{"$f":"(Q84*VLOOKUP(M84,Micronutrients,14,FALSE)/P84)*O84","v":0},null,null,null,null,null,"None",{"$f":"VLOOKUP(Y84,Micronutrients,14,FALSE)","v":0},{"$f":"VLOOKUP(Y84,Micronutrients,18,FALSE)","v":0},{"$f":"VLOOKUP(Y84,Micronutrients,16,FALSE)","v":1},0,{"$f":"VLOOKUP(Y84,Micronutrients,15,FALSE)","v":0},{"$f":"(AC84*VLOOKUP(Y84,Micronutrients,14,FALSE)/AB84)*AA84","v":0}]
["None",{"$f":"VLOOKUP($A85,Micronutrients,14,FALSE)","v":0},{"$f":"VLOOKUP(A85,Micronutrients,18,FALSE)","v":0},{"$f":"VLOOKUP(A85,Micronutrients,16,FALSE)","v":1},0,{"$f":"VLOOKUP(A85,Micronutrients,15,FALSE)","v":0},{"$f":"(E85*VLOOKUP(A85,Micronutrients,14,FALSE)/D85)*C85","v":0},null,null,null,null,null,"None",{"$f":"VLOOKUP($M85,Micronutrients,14,FALSE)","v":0},{"$f":"VLOOKUP(M85,Micronutrients,18,FALSE)","v":0},{"$f":"VLOOKUP(M85,Micronutrients,16,FALSE)","v":1},0,{"$f":"VLOOKUP(M85,Micronutrients,15,FALSE)","v":0},{"$f":"(Q85*VLOOKUP(M85,Micronutrients,14,FALSE)/P85)*O85","v":0},null,null,null,null,null,"None",{"$f":"VLOOKUP(Y85,Micronutrients,14,FALSE)","v":0},{"$f":"VLOOKUP(Y85,Micronutrients,18,FALSE)","v":0},{"$f":"VLOOKUP(Y85,Micronutrients,16,FALSE)","v":1},0,{"$f":"VLOOKUP(Y85,Micronutrients,15,FALSE)","v":0},{"$f":"(AC85*VLOOKUP(Y85,Micronutrients,14,FALSE)/AB85)*AA85","v":0}]
[]
["Nitrogen Stabilizers (drop down menu)",null,null,null,null,null,null,null,null,null,null,null,"Nitrogen Stabilizers (drop down menu)",null,null,null,null,null,null,null,null,null,null,null,"Nitrogen Stabilizers (drop down menu)"]
["None",{"$f":"VLOOKUP(A88,NitrogenStabilizers,14,FALSE)","v":0},{"$f":"VLOOKUP(A88,NitrogenStabilizers,18,FALSE)","v":0},{"$f":"VLOOKUP(A88,NitrogenStabilizers,16,FALSE)","v":1},0,{"$f":"VLOOKUP(A88,NitrogenStabilizers,15,FALSE)","v":0},{"$f":"(E88*VLOOKUP(A88,NitrogenStabilizers,14,FALSE)/D88)*C88","v":0},null,null,null,null,null,"None",{"$f":"VLOOKUP(M88,NitrogenStabilizers,14,FALSE)","v":0},{"$f":"VLOOKUP(M88,NitrogenStabilizers,18,FALSE)","v":0},{"$f":"VLOOKUP(M88,NitrogenStabilizers,16,FALSE)","v":1},0,{"$f":"VLOOKUP(M88,NitrogenStabilizers,15,FALSE)","v":0},{"$f":"(Q88*VLOOKUP(M88,NitrogenStabilizers,14,FALSE)/P88)*O88","v":0},null,null,null,null,null,"None",{"$f":"VLOOKUP(Y88,NitrogenStabilizers,14,FALSE)","v":0},{"$f":"VLOOKUP(Y88,NitrogenStabilizers,18,FALSE)","v":0},{"$f":"VLOOKUP(Y88,NitrogenStabilizers,16,FALSE)","v":1},0,{"$f":"VLOOKUP(Y88,NitrogenStabilizers,15,FALSE)","v":0},{"$f":"(AC88*VLOOKUP(Y88,NitrogenStabilizers,14,FALSE)/AB88)*AA88","v":0}]
["None",{"$f":"VLOOKUP(A89,NitrogenStabilizers,14,FALSE)","v":0},{"$f":"VLOOKUP(A89,NitrogenStabilizers,18,FALSE)","v":0},{"$f":"VLOOKUP(A89,NitrogenStabilizers,16,FALSE)","v":1},0,{"$f":"VLOOKUP(A89,NitrogenStabilizers,15,FALSE)","v":0},{"$f":"(E89*VLOOKUP(A89,NitrogenStabilizers,14,FALSE)/D89)*C89","v":0},null,null,null,"More",null,"None",{"$f":"VLOOKUP(M89,NitrogenStabilizers,14,FALSE)","v":0},{"$f":"VLOOKUP(M89,NitrogenStabilizers,18,FALSE)","v":0},{"$f":"VLOOKUP(M89,NitrogenStabilizers,16,FALSE)","v":1},0,{"$f":"VLOOKUP(M89,NitrogenStabilizers,15,FALSE)","v":0},{"$f":"(Q89*VLOOKUP(M89,NitrogenStabilizers,14,FALSE)/P89)*O89","v":0},null,null,null,"More",null,"None",{"$f":"VLOOKUP(Y89,NitrogenStabilizers,14,FALSE)","v":0},{"$f":"VLOOKUP(Y89,NitrogenStabilizers,18,FALSE)","v":0},{"$f":"VLOOKUP(Y89,NitrogenStabilizers,16,FALSE)","v":1},0,{"$f":"VLOOKUP(Y89,NitrogenStabilizers,15,FALSE)","v":0},{"$f":"(AC89*VLOOKUP(Y89,NitrogenStabilizers,14,FALSE)/AB89)*AA89","v":0},null,null,null,"More"]
["4th Application Fertilizer Cost/Acre",null,null,null,null,null,{"$f":"SUM(G74:G89)","v":0},null,null,null,"Below",null,"4th Application Fertilizer Cost/Acre",null,null,null,null,null,{"$f":"SUM(S74:S89)","v":0},null,null,null,"Below",null,"4th Application Fertilizer Cost/Acre",null,null,null,null,null,{"$f":"SUM(AE74:AE89)","v":0},null,null,null,"Below"]
[null,null,null,null,null,null,null,null,null,null,"¯",null,null,null,null,null,null,null,null,null,null,null,"¯",null,null,null,null,null,null,null,null,null,null,null,"¯"]
["Total Fertilizer Cost/Acre",null,null,null,null,null,{"$f":"G90+G69+G48","v":0},null,null,null,null,null,"Total Fertilizer Cost/Acre",null,null,null,null,null,{"$f":"S90+S69+S48","v":0},null,null,null,null,null,"Total Fertilizer Cost/Acre",null,null,null,null,null,{"$f":"AE90+AE69+AE48","v":0}]
[]
["5th Application (i.e., Side-Dress or Broadcast)",null,null,null,null,null,null,null,null,null,null,null,"5th Application (i.e., Side-Dress or Broadcast)",null,null,null,null,null,null,null,null,null,null,null,"5th Application (i.e., Side-Dress or Broadcast)"]
["Fertilizer Source","Purchase Units","Package Price (Gals, Lbs, etc.)","Units/Pkg","Rate/Acre","Units","Cost",null,null,null,null,null,"Fertilizer Source","Purchase Units","Package Price (Gals, Lbs, etc.)","Units/Pkg","Rate/Acre","Units","Cost",null,null,null,null,null,"Fertilizer Source","Purchase Units","Package Price (Gals, Lbs, etc.)","Units/Pkg","Rate/Acre","Units","Cost"]
["Macronutrients (drop down menu)",null,null,null,"(Enter Below)",null,null,null,"N","P","K",null,"Macronutrients (drop down menu)",null,null,null,"(Enter Below)",null,null,null,"N","P","K",null,"Macronutrients (drop down menu)",null,null,null,"(Enter Below)",null,null,null,"N","P","K"]
["None",{"$f":"VLOOKUP(A97,Macronutrients,14,FALSE)","v":0},{"$f":"VLOOKUP(A97,Macronutrients,18,FALSE)","v":0},{"$f":"VLOOKUP(A97,Macronutrients,16,FALSE)","v":1},0,{"$f":"VLOOKUP(A97,Macronutrients,15,FALSE)","v":0},{"$f":"(E97*VLOOKUP(A97,Macronutrients,14,FALSE)/D97)*C97","v":0},null,{"$f":"VLOOKUP(A97,Macronutrients,2,FALSE)*E97+VLOOKUP(A98,Macronutrients,2,FALSE)*E98+VLOOKUP(A99,Macronutrients,2,FALSE)*E99+VLOOKUP(A100,Macronutrients,2,FALSE)*E100+VLOOKUP(A101,Macronutrients,2,FALSE)*E101+VLOOKUP(A102,Macronutrients,2,FALSE)*E102+VLOOKUP(A105,Micronutrients,2,FALSE)*E105+VLOOKUP(A106,Micronutrients,2,FALSE)*E106+VLOOKUP(A107,Micronutrients,2,FALSE)*E107+VLOOKUP(A108,Micronutrients,2,FALSE)*E108","v":0},{"$f":"VLOOKUP(A97,Macronutrients,3,FALSE)*E97+VLOOKUP(A98,Macronutrients,3,FALSE)*E98+VLOOKUP(A99,Macronutrients,3,FALSE)*E99+VLOOKUP(A100,Macronutrients,3,FALSE)*E100+VLOOKUP(A101,Macronutrients,3,FALSE)*E101+VLOOKUP(A102,Macronutrients,3,FALSE)*E102+VLOOKUP(A105,Micronutrients,3,FALSE)*E105+VLOOKUP(A106,Micronutrients,3,FALSE)*E106+VLOOKUP(A107,Micronutrients,3,FALSE)*E107+VLOOKUP(A108,Micronutrients,3,FALSE)*E108","v":0},{"$f":"VLOOKUP(A97,Macronutrients,4,FALSE)*E97+VLOOKUP(A98,Macronutrients,4,FALSE)*E98+VLOOKUP(A99,Macronutrients,4,FALSE)*E99+VLOOKUP(A100,Macronutrients,4,FALSE)*E100+VLOOKUP(A101,Macronutrients,4,FALSE)*E101+VLOOKUP(A102,Macronutrients,4,FALSE)*E102+VLOOKUP(A105,Micronutrients,4,FALSE)*E105+VLOOKUP(A106,Micronutrients,4,FALSE)*E106+VLOOKUP(A107,Micronutrients,4,FALSE)*E107+VLOOKUP(A108,Micronutrients,4,FALSE)*E108","v":0},null,"None",{"$f":"VLOOKUP(M97,Macronutrients,14,FALSE)","v":0},{"$f":"VLOOKUP(M97,Macronutrients,18,FALSE)","v":0},{"$f":"VLOOKUP(M97,Macronutrients,16,FALSE)","v":1},0,{"$f":"VLOOKUP(M97,Macronutrients,15,FALSE)","v":0},{"$f":"(Q97*VLOOKUP(M97,Macronutrients,14,FALSE)/P97)*O97","v":0},null,{"$f":"VLOOKUP(M97,Macronutrients,2,FALSE)*Q97+VLOOKUP(M98,Macronutrients,2,FALSE)*Q98+VLOOKUP(M99,Macronutrients,2,FALSE)*Q99+VLOOKUP(M100,Macronutrients,2,FALSE)*Q100+VLOOKUP(M101,Macronutrients,2,FALSE)*Q101+VLOOKUP(M102,Macronutrients,2,FALSE)*Q102+VLOOKUP(M105,Micronutrients,2,FALSE)*Q105+VLOOKUP(M106,Micronutrients,2,FALSE)*Q106+VLOOKUP(M107,Micronutrients,2,FALSE)*Q107+VLOOKUP(M108,Micronutrients,2,FALSE)*Q108","v":0},{"$f":"VLOOKUP(M97,Macronutrients,3,FALSE)*Q97+VLOOKUP(M98,Macronutrients,3,FALSE)*Q98+VLOOKUP(M99,Macronutrients,3,FALSE)*Q99+VLOOKUP(M100,Macronutrients,3,FALSE)*Q100+VLOOKUP(M101,Macronutrients,3,FALSE)*Q101+VLOOKUP(M102,Macronutrients,3,FALSE)*Q102+VLOOKUP(M105,Micronutrients,3,FALSE)*Q105+VLOOKUP(M106,Micronutrients,3,FALSE)*Q106+VLOOKUP(M107,Micronutrients,3,FALSE)*Q107+VLOOKUP(M108,Micronutrients,3,FALSE)*Q108","v":0},{"$f":"VLOOKUP(M97,Macronutrients,4,FALSE)*Q97+VLOOKUP(M98,Macronutrients,4,FALSE)*Q98+VLOOKUP(M99,Macronutrients,4,FALSE)*Q99+VLOOKUP(M100,Macronutrients,4,FALSE)*Q100+VLOOKUP(M101,Macronutrients,4,FALSE)*Q101+VLOOKUP(M102,Macronutrients,4,FALSE)*Q102+VLOOKUP(M105,Micronutrients,4,FALSE)*Q105+VLOOKUP(M106,Micronutrients,4,FALSE)*Q106+VLOOKUP(M107,Micronutrients,4,FALSE)*Q107+VLOOKUP(M108,Micronutrients,4,FALSE)*Q108","v":0},null,"None",{"$f":"VLOOKUP(Y97,Macronutrients,14,FALSE)","v":0},{"$f":"VLOOKUP(Y97,Macronutrients,18,FALSE)","v":0},{"$f":"VLOOKUP(Y97,Macronutrients,16,FALSE)","v":1},0,{"$f":"VLOOKUP(Y97,Macronutrients,15,FALSE)","v":0},{"$f":"(AC97*VLOOKUP(Y97,Macronutrients,14,FALSE)/AB97)*AA97","v":0},null,{"$f":"VLOOKUP(Y97,Macronutrients,2,FALSE)*AC97+VLOOKUP(Y98,Macronutrients,2,FALSE)*AC98+VLOOKUP(Y99,Macronutrients,2,FALSE)*AC99+VLOOKUP(Y100,Macronutrients,2,FALSE)*AC100+VLOOKUP(Y101,Macronutrients,2,FALSE)*AC101+VLOOKUP(Y102,Macronutrients,2,FALSE)*AC102+VLOOKUP(Y105,Micronutrients,2,FALSE)*AC105+VLOOKUP(Y106,Micronutrients,2,FALSE)*AC106+VLOOKUP(Y107,Micronutrients,2,FALSE)*AC107+VLOOKUP(Y108,Micronutrients,2,FALSE)*AC108","v":0},{"$f":"VLOOKUP(Y97,Macronutrients,3,FALSE)*AC97+VLOOKUP(Y98,Macronutrients,3,FALSE)*AC98+VLOOKUP(Y99,Macronutrients,3,FALSE)*AC99+VLOOKUP(Y100,Macronutrients,3,FALSE)*AC100+VLOOKUP(Y101,Macronutrients,3,FALSE)*AC101+VLOOKUP(Y102,Macronutrients,3,FALSE)*AC102+VLOOKUP(Y105,Micronutrients,3,FALSE)*AC105+VLOOKUP(Y106,Micronutrients,3,FALSE)*AC106+VLOOKUP(Y107,Micronutrients,3,FALSE)*AC107+VLOOKUP(Y108,Micronutrients,3,FALSE)*AC108","v":0},{"$f":"VLOOKUP(Y97,Macronutrients,4,FALSE)*AC97+VLOOKUP(Y98,Macronutrients,4,FALSE)*AC98+VLOOKUP(Y99,Macronutrients,4,FALSE)*AC99+VLOOKUP(Y100,Macronutrients,4,FALSE)*AC100+VLOOKUP(Y101,Macronutrients,4,FALSE)*AC101+VLOOKUP(Y102,Macronutrients,4,FALSE)*AC102+VLOOKUP(Y105,Micronutrients,4,FALSE)*AC105+VLOOKUP(Y106,Micronutrients,4,FALSE)*AC106+VLOOKUP(Y107,Micronutrients,4,FALSE)*AC107+VLOOKUP(Y108,Micronutrients,4,FALSE)*AC108","v":0}]
["None",0,0,1,0,0,0,null,null,null,null,null,"None",0,0,1,0,0,0,null,null,null,null,null,"None",0,0,1,0,0,0]
["None",0,0,1,0,0,0,null,"S","Ca","Mg",null,"None",0,0,1,0,0,0,null,"S","Ca","Mg",null,"None",0,0,1,0,0,0,null,"S","Ca","Mg"]
["None",0,0,1,0,0,0,null,{"$f":"VLOOKUP(A97,Macronutrients,5,FALSE)*E97+VLOOKUP(A98,Macronutrients,5,FALSE)*E98+VLOOKUP(A99,Macronutrients,5,FALSE)*E99+VLOOKUP(A100,Macronutrients,5,FALSE)*E100+VLOOKUP(A101,Macronutrients,5,FALSE)*E101+VLOOKUP(A102,Macronutrients,5,FALSE)*E102+VLOOKUP(A105,Micronutrients,5,FALSE)*E105+VLOOKUP(A106,Micronutrients,5,FALSE)*E106+VLOOKUP(A107,Micronutrients,5,FALSE)*E107+VLOOKUP(A108,Micronutrients,5,FALSE)*E108","v":0},{"$f":"VLOOKUP(A97,Macronutrients,7,FALSE)*E97+VLOOKUP(A98,Macronutrients,7,FALSE)*E98+VLOOKUP(A99,Macronutrients,7,FALSE)*E99+VLOOKUP(A100,Macronutrients,7,FALSE)*E100+VLOOKUP(A101,Macronutrients,7,FALSE)*E101+VLOOKUP(A102,Macronutrients,7,FALSE)*E102+VLOOKUP(A105,Micronutrients,7,FALSE)*E105+VLOOKUP(A106,Micronutrients,7,FALSE)*E106+VLOOKUP(A107,Micronutrients,7,FALSE)*E107+VLOOKUP(A108,Micronutrients,7,FALSE)*E108","v":0},{"$f":"VLOOKUP($A97,Macronutrients,6,FALSE)*$E$6+VLOOKUP($A98,Macronutrients,6,FALSE)*$E$7+VLOOKUP($A99,Macronutrients,6,FALSE)*$E$8+VLOOKUP($A100,Macronutrients,6,FALSE)*$E$9+VLOOKUP($A101,Macronutrients,6,FALSE)*$E$10+VLOOKUP($A102,Macronutrients,6,FALSE)*$E$11+VLOOKUP($A105,Micronutrients,6,FALSE)*$E$14+VLOOKUP($A106,Micronutrients,6,FALSE)*E106+VLOOKUP($A107,Micronutrients,6,FALSE)*$E$16+VLOOKUP($A108,Micronutrients,6,FALSE)*$E$17","v":0},null,"None",0,0,1,0,0,0,null,{"$f":"VLOOKUP(M97,Macronutrients,5,FALSE)*Q97+VLOOKUP(M98,Macronutrients,5,FALSE)*Q98+VLOOKUP(M99,Macronutrients,5,FALSE)*Q99+VLOOKUP(M100,Macronutrients,5,FALSE)*Q100+VLOOKUP(M101,Macronutrients,5,FALSE)*Q101+VLOOKUP(M102,Macronutrients,5,FALSE)*Q102+VLOOKUP(M105,Micronutrients,5,FALSE)*Q105+VLOOKUP(M106,Micronutrients,5,FALSE)*Q106+VLOOKUP(M107,Micronutrients,5,FALSE)*Q107+VLOOKUP(M108,Micronutrients,5,FALSE)*Q108","v":0},{"$f":"VLOOKUP(M97,Macronutrients,7,FALSE)*Q97+VLOOKUP(M98,Macronutrients,7,FALSE)*Q98+VLOOKUP(M99,Macronutrients,7,FALSE)*Q99+VLOOKUP(M100,Macronutrients,7,FALSE)*Q100+VLOOKUP(M101,Macronutrients,7,FALSE)*Q101+VLOOKUP(M102,Macronutrients,7,FALSE)*Q102+VLOOKUP(M105,Micronutrients,7,FALSE)*Q105+VLOOKUP(M106,Micronutrients,7,FALSE)*Q106+VLOOKUP(M107,Micronutrients,7,FALSE)*Q107+VLOOKUP(M108,Micronutrients,7,FALSE)*Q108","v":0},{"$f":"VLOOKUP($A97,Macronutrients,6,FALSE)*$E$6+VLOOKUP($A98,Macronutrients,6,FALSE)*$E$7+VLOOKUP($A99,Macronutrients,6,FALSE)*$E$8+VLOOKUP($A100,Macronutrients,6,FALSE)*$E$9+VLOOKUP($A101,Macronutrients,6,FALSE)*$E$10+VLOOKUP($A102,Macronutrients,6,FALSE)*$E$11+VLOOKUP($A105,Micronutrients,6,FALSE)*$E$14+VLOOKUP($A106,Micronutrients,6,FALSE)*Q106+VLOOKUP($A107,Micronutrients,6,FALSE)*$E$16+VLOOKUP($A108,Micronutrients,6,FALSE)*$E$17","v":0},null,"None",0,0,1,0,0,0,null,{"$f":"VLOOKUP(Y97,Macronutrients,5,FALSE)*AC97+VLOOKUP(Y98,Macronutrients,5,FALSE)*AC98+VLOOKUP(Y99,Macronutrients,5,FALSE)*AC99+VLOOKUP(Y100,Macronutrients,5,FALSE)*AC100+VLOOKUP(Y101,Macronutrients,5,FALSE)*AC101+VLOOKUP(Y102,Macronutrients,5,FALSE)*AC102+VLOOKUP(Y105,Micronutrients,5,FALSE)*AC105+VLOOKUP(Y106,Micronutrients,5,FALSE)*AC106+VLOOKUP(Y107,Micronutrients,5,FALSE)*AC107+VLOOKUP(Y108,Micronutrients,5,FALSE)*AC108","v":0},{"$f":"VLOOKUP(Y97,Macronutrients,7,FALSE)*AC97+VLOOKUP(Y98,Macronutrients,7,FALSE)*AC98+VLOOKUP(Y99,Macronutrients,7,FALSE)*AC99+VLOOKUP(Y100,Macronutrients,7,FALSE)*AC100+VLOOKUP(Y101,Macronutrients,7,FALSE)*AC101+VLOOKUP(Y102,Macronutrients,7,FALSE)*AC102+VLOOKUP(Y105,Micronutrients,7,FALSE)*AC105+VLOOKUP(Y106,Micronutrients,7,FALSE)*AC106+VLOOKUP(Y107,Micronutrients,7,FALSE)*AC107+VLOOKUP(Y108,Micronutrients,7,FALSE)*AC108","v":0},{"$f":"VLOOKUP($A97,Macronutrients,6,FALSE)*$E$6+VLOOKUP($A98,Macronutrients,6,FALSE)*$E$7+VLOOKUP($A99,Macronutrients,6,FALSE)*$E$8+VLOOKUP($A100,Macronutrients,6,FALSE)*$E$9+VLOOKUP($A101,Macronutrients,6,FALSE)*$E$10+VLOOKUP($A102,Macronutrients,6,FALSE)*$E$11+VLOOKUP($A105,Micronutrients,6,FALSE)*$E$14+VLOOKUP($A106,Micronutrients,6,FALSE)*AC106+VLOOKUP($A107,Micronutrients,6,FALSE)*$E$16+VLOOKUP($A108,Micronutrients,6,FALSE)*$E$17","v":0}]
["None",0,0,1,0,0,0,null,null,null,null,null,"None",0,0,1,0,0,0,null,null,null,null,null,"None",0,0,1,0,0,0]
["None",0,0,1,0,0,0,null,"Z","B","Mn",null,"None",0,0,1,0,0,0,null,"Z","B","Mn",null,"None",0,0,1,0,0,0,null,"Z","B","Mn"]
[null,null,null,null,null,null,null,null,{"$f":"VLOOKUP(A97,Macronutrients,8,FALSE)*E97+VLOOKUP(A98,Macronutrients,8,FALSE)*E98+VLOOKUP(A99,Macronutrients,8,FALSE)*E99+VLOOKUP(A100,Macronutrients,8,FALSE)*E100+VLOOKUP(A101,Macronutrients,8,FALSE)*E101+VLOOKUP(A102,Macronutrients,8,FALSE)*E102+VLOOKUP(A105,Micronutrients,8,FALSE)*E105+VLOOKUP(A106,Micronutrients,8,FALSE)*E106+VLOOKUP(A107,Micronutrients,8,FALSE)*E107+VLOOKUP(A108,Micronutrients,8,FALSE)*E108","v":0},{"$f":"VLOOKUP(A97,Macronutrients,9,FALSE)*E97+VLOOKUP(A98,Macronutrients,9,FALSE)*E98+VLOOKUP(A99,Macronutrients,9,FALSE)*E99+VLOOKUP(A100,Macronutrients,9,FALSE)*E100+VLOOKUP(A101,Macronutrients,9,FALSE)*E101+VLOOKUP(A102,Macronutrients,9,FALSE)*E102+VLOOKUP(A105,Micronutrients,9,FALSE)*E105+VLOOKUP(A106,Micronutrients,9,FALSE)*E106+VLOOKUP(A107,Micronutrients,9,FALSE)*E107+VLOOKUP(A108,Micronutrients,9,FALSE)*E108","v":0},{"$f":"VLOOKUP(A97,Macronutrients,10,FALSE)*E97+VLOOKUP(A98,Macronutrients,10,FALSE)*E98+VLOOKUP(A99,Macronutrients,10,FALSE)*E99+VLOOKUP(A100,Macronutrients,10,FALSE)*E100+VLOOKUP(A101,Macronutrients,10,FALSE)*E101+VLOOKUP(A102,Macronutrients,10,FALSE)*E102+VLOOKUP(A105,Micronutrients,10,FALSE)*E105+VLOOKUP(A106,Micronutrients,10,FALSE)*E106+VLOOKUP(A107,Micronutrients,10,FALSE)*E107+VLOOKUP(A108,Micronutrients,10,FALSE)*E108","v":0},null,null,null,null,null,null,null,null,null,{"$f":"VLOOKUP(M97,Macronutrients,8,FALSE)*Q97+VLOOKUP(M98,Macronutrients,8,FALSE)*Q98+VLOOKUP(M99,Macronutrients,8,FALSE)*Q99+VLOOKUP(M100,Macronutrients,8,FALSE)*Q100+VLOOKUP(M101,Macronutrients,8,FALSE)*Q101+VLOOKUP(M102,Macronutrients,8,FALSE)*Q102+VLOOKUP(M105,Micronutrients,8,FALSE)*Q105+VLOOKUP(M106,Micronutrients,8,FALSE)*Q106+VLOOKUP(M107,Micronutrients,8,FALSE)*Q107+VLOOKUP(M108,Micronutrients,8,FALSE)*Q108","v":0},{"$f":"VLOOKUP(M97,Macronutrients,9,FALSE)*Q97+VLOOKUP(M98,Macronutrients,9,FALSE)*Q98+VLOOKUP(M99,Macronutrients,9,FALSE)*Q99+VLOOKUP(M100,Macronutrients,9,FALSE)*Q100+VLOOKUP(M101,Macronutrients,9,FALSE)*Q101+VLOOKUP(M102,Macronutrients,9,FALSE)*Q102+VLOOKUP(M105,Micronutrients,9,FALSE)*Q105+VLOOKUP(M106,Micronutrients,9,FALSE)*Q106+VLOOKUP(M107,Micronutrients,9,FALSE)*Q107+VLOOKUP(M108,Micronutrients,9,FALSE)*Q108","v":0},{"$f":"VLOOKUP(M97,Macronutrients,10,FALSE)*Q97+VLOOKUP(M98,Macronutrients,10,FALSE)*Q98+VLOOKUP(M99,Macronutrients,10,FALSE)*Q99+VLOOKUP(M100,Macronutrients,10,FALSE)*Q100+VLOOKUP(M101,Macronutrients,10,FALSE)*Q101+VLOOKUP(M102,Macronutrients,10,FALSE)*Q102+VLOOKUP(M105,Micronutrients,10,FALSE)*Q105+VLOOKUP(M106,Micronutrients,10,FALSE)*Q106+VLOOKUP(M107,Micronutrients,10,FALSE)*Q107+VLOOKUP(M108,Micronutrients,10,FALSE)*Q108","v":0},null,null,null,null,null,null,null,null,null,{"$f":"VLOOKUP(Y97,Macronutrients,8,FALSE)*AC97+VLOOKUP(Y98,Macronutrients,8,FALSE)*AC98+VLOOKUP(Y99,Macronutrients,8,FALSE)*AC99+VLOOKUP(Y100,Macronutrients,8,FALSE)*AC100+VLOOKUP(Y101,Macronutrients,8,FALSE)*AC101+VLOOKUP(Y102,Macronutrients,8,FALSE)*AC102+VLOOKUP(Y105,Micronutrients,8,FALSE)*AC105+VLOOKUP(Y106,Micronutrients,8,FALSE)*AC106+VLOOKUP(Y107,Micronutrients,8,FALSE)*AC107+VLOOKUP(Y108,Micronutrients,8,FALSE)*AC108","v":0},{"$f":"VLOOKUP(Y97,Macronutrients,9,FALSE)*AC97+VLOOKUP(Y98,Macronutrients,9,FALSE)*AC98+VLOOKUP(Y99,Macronutrients,9,FALSE)*AC99+VLOOKUP(Y100,Macronutrients,9,FALSE)*AC100+VLOOKUP(Y101,Macronutrients,9,FALSE)*AC101+VLOOKUP(Y102,Macronutrients,9,FALSE)*AC102+VLOOKUP(Y105,Micronutrients,9,FALSE)*AC105+VLOOKUP(Y106,Micronutrients,9,FALSE)*AC106+VLOOKUP(Y107,Micronutrients,9,FALSE)*AC107+VLOOKUP(Y108,Micronutrients,9,FALSE)*AC108","v":0},{"$f":"VLOOKUP(Y97,Macronutrients,10,FALSE)*AC97+VLOOKUP(Y98,Macronutrients,10,FALSE)*AC98+VLOOKUP(Y99,Macronutrients,10,FALSE)*AC99+VLOOKUP(Y100,Macronutrients,10,FALSE)*AC100+VLOOKUP(Y101,Macronutrients,10,FALSE)*AC101+VLOOKUP(Y102,Macronutrients,10,FALSE)*AC102+VLOOKUP(Y105,Micronutrients,10,FALSE)*AC105+VLOOKUP(Y106,Micronutrients,10,FALSE)*AC106+VLOOKUP(Y107,Micronutrients,10,FALSE)*AC107+VLOOKUP(Y108,Micronutrients,10,FALSE)*AC108","v":0}]
["Micronutrients (drop down menu)",null,null,null,null,null,null,null,null,null,null,null,"Micronutrients (drop down menu)",null,null,null,null,null,null,null,null,null,null,null,"Micronutrients (drop down menu)"]
["None",{"$f":"VLOOKUP($A105,Micronutrients,14,FALSE)","v":0},{"$f":"VLOOKUP(A105,Micronutrients,18,FALSE)","v":0},{"$f":"VLOOKUP(A105,Micronutrients,16,FALSE)","v":1},0,{"$f":"VLOOKUP(A105,Micronutrients,15,FALSE)","v":0},{"$f":"(E105*VLOOKUP(A105,Micronutrients,14,FALSE)/D105)*C105","v":0},null,"Cu","Mo","Fe",null,"None",{"$f":"VLOOKUP($M105,Micronutrients,14,FALSE)","v":0},{"$f":"VLOOKUP(M105,Micronutrients,18,FALSE)","v":0},{"$f":"VLOOKUP(M105,Micronutrients,16,FALSE)","v":1},0,{"$f":"VLOOKUP(M105,Micronutrients,15,FALSE)","v":0},{"$f":"(Q105*VLOOKUP(M105,Micronutrients,14,FALSE)/P105)*O105","v":0},null,"Cu","Mo","Fe",null,"None",{"$f":"VLOOKUP(Y105,Micronutrients,14,FALSE)","v":0},{"$f":"VLOOKUP(Y105,Micronutrients,18,FALSE)","v":0},{"$f":"VLOOKUP(Y105,Micronutrients,16,FALSE)","v":1},0,{"$f":"VLOOKUP(Y105,Micronutrients,15,FALSE)","v":0},{"$f":"(AC105*VLOOKUP(Y105,Micronutrients,14,FALSE)/AB105)*AA105","v":0},null,"Cu","Mo","Fe"]
["None",{"$f":"VLOOKUP($A106,Micronutrients,14,FALSE)","v":0},{"$f":"VLOOKUP(A106,Micronutrients,18,FALSE)","v":0},{"$f":"VLOOKUP(A106,Micronutrients,16,FALSE)","v":1},0,{"$f":"VLOOKUP(A106,Micronutrients,15,FALSE)","v":0},{"$f":"(E106*VLOOKUP(A106,Micronutrients,14,FALSE)/D106)*C106","v":0},null,{"$f":"VLOOKUP(A97,Macronutrients,11,FALSE)*E97+VLOOKUP(A98,Macronutrients,11,FALSE)*E98+VLOOKUP(A99,Macronutrients,11,FALSE)*E99+VLOOKUP(A100,Macronutrients,11,FALSE)*E100+VLOOKUP(A101,Macronutrients,11,FALSE)*E101+VLOOKUP(A102,Macronutrients,11,FALSE)*E102+VLOOKUP(A105,Micronutrients,11,FALSE)*E105+VLOOKUP(A106,Micronutrients,11,FALSE)*E106+VLOOKUP(A107,Micronutrients,11,FALSE)*E107+VLOOKUP(A108,Micronutrients,11,FALSE)*E108","v":0},{"$f":"VLOOKUP(A97,Macronutrients,12,FALSE)*E97+VLOOKUP(A98,Macronutrients,12,FALSE)*E98+VLOOKUP(A99,Macronutrients,12,FALSE)*E99+VLOOKUP(A100,Macronutrients,12,FALSE)*E100+VLOOKUP(A101,Macronutrients,12,FALSE)*E101+VLOOKUP(A102,Macronutrients,12,FALSE)*E102+VLOOKUP(A105,Micronutrients,12,FALSE)*E105+VLOOKUP(A106,Micronutrients,12,FALSE)*E106+VLOOKUP(A107,Micronutrients,12,FALSE)*E107+VLOOKUP(A108,Micronutrients,12,FALSE)*E108","v":0},{"$f":"VLOOKUP(A97,Macronutrients,13,FALSE)*E97+VLOOKUP(A98,Macronutrients,13,FALSE)*E98+VLOOKUP(A99,Macronutrients,13,FALSE)*E99+VLOOKUP(A100,Macronutrients,13,FALSE)*E100+VLOOKUP(A101,Macronutrients,13,FALSE)*E101+VLOOKUP(A102,Macronutrients,13,FALSE)*E102+VLOOKUP(A105,Micronutrients,13,FALSE)*E105+VLOOKUP(A106,Micronutrients,13,FALSE)*E106+VLOOKUP(A107,Micronutrients,13,FALSE)*E107+VLOOKUP(A108,Micronutrients,13,FALSE)*E108","v":0},null,"None",{"$f":"VLOOKUP($M106,Micronutrients,14,FALSE)","v":0},{"$f":"VLOOKUP(M106,Micronutrients,18,FALSE)","v":0},{"$f":"VLOOKUP(M106,Micronutrients,16,FALSE)","v":1},0,{"$f":"VLOOKUP(M106,Micronutrients,15,FALSE)","v":0},{"$f":"(Q106*VLOOKUP(M106,Micronutrients,14,FALSE)/P106)*O106","v":0},null,{"$f":"VLOOKUP(M97,Macronutrients,11,FALSE)*Q97+VLOOKUP(M98,Macronutrients,11,FALSE)*Q98+VLOOKUP(M99,Macronutrients,11,FALSE)*Q99+VLOOKUP(M100,Macronutrients,11,FALSE)*Q100+VLOOKUP(M101,Macronutrients,11,FALSE)*Q101+VLOOKUP(M102,Macronutrients,11,FALSE)*Q102+VLOOKUP(M105,Micronutrients,11,FALSE)*Q105+VLOOKUP(M106,Micronutrients,11,FALSE)*Q106+VLOOKUP(M107,Micronutrients,11,FALSE)*Q107+VLOOKUP(M108,Micronutrients,11,FALSE)*Q108","v":0},{"$f":"VLOOKUP(M97,Macronutrients,12,FALSE)*Q97+VLOOKUP(M98,Macronutrients,12,FALSE)*Q98+VLOOKUP(M99,Macronutrients,12,FALSE)*Q99+VLOOKUP(M100,Macronutrients,12,FALSE)*Q100+VLOOKUP(M101,Macronutrients,12,FALSE)*Q101+VLOOKUP(M102,Macronutrients,12,FALSE)*Q102+VLOOKUP(M105,Micronutrients,12,FALSE)*Q105+VLOOKUP(M106,Micronutrients,12,FALSE)*Q106+VLOOKUP(M107,Micronutrients,12,FALSE)*Q107+VLOOKUP(M108,Micronutrients,12,FALSE)*Q108","v":0},{"$f":"VLOOKUP(M97,Macronutrients,13,FALSE)*Q97+VLOOKUP(M98,Macronutrients,13,FALSE)*Q98+VLOOKUP(M99,Macronutrients,13,FALSE)*Q99+VLOOKUP(M100,Macronutrients,13,FALSE)*Q100+VLOOKUP(M101,Macronutrients,13,FALSE)*Q101+VLOOKUP(M102,Macronutrients,13,FALSE)*Q102+VLOOKUP(M105,Micronutrients,13,FALSE)*Q105+VLOOKUP(M106,Micronutrients,13,FALSE)*Q106+VLOOKUP(M107,Micronutrients,13,FALSE)*Q107+VLOOKUP(M108,Micronutrients,13,FALSE)*Q108","v":0},null,"None",{"$f":"VLOOKUP(Y106,Micronutrients,14,FALSE)","v":0},{"$f":"VLOOKUP(Y106,Micronutrients,18,FALSE)","v":0},{"$f":"VLOOKUP(Y106,Micronutrients,16,FALSE)","v":1},0,{"$f":"VLOOKUP(Y106,Micronutrients,15,FALSE)","v":0},{"$f":"(AC106*VLOOKUP(Y106,Micronutrients,14,FALSE)/AB106)*AA106","v":0},null,{"$f":"VLOOKUP(Y97,Macronutrients,11,FALSE)*AC97+VLOOKUP(Y98,Macronutrients,11,FALSE)*AC98+VLOOKUP(Y99,Macronutrients,11,FALSE)*AC99+VLOOKUP(Y100,Macronutrients,11,FALSE)*AC100+VLOOKUP(Y101,Macronutrients,11,FALSE)*AC101+VLOOKUP(Y102,Macronutrients,11,FALSE)*AC102+VLOOKUP(Y105,Micronutrients,11,FALSE)*AC105+VLOOKUP(Y106,Micronutrients,11,FALSE)*AC106+VLOOKUP(Y107,Micronutrients,11,FALSE)*AC107+VLOOKUP(Y108,Micronutrients,11,FALSE)*AC108","v":0},{"$f":"VLOOKUP(Y97,Macronutrients,12,FALSE)*AC97+VLOOKUP(Y98,Macronutrients,12,FALSE)*AC98+VLOOKUP(Y99,Macronutrients,12,FALSE)*AC99+VLOOKUP(Y100,Macronutrients,12,FALSE)*AC100+VLOOKUP(Y101,Macronutrients,12,FALSE)*AC101+VLOOKUP(Y102,Macronutrients,12,FALSE)*AC102+VLOOKUP(Y105,Micronutrients,12,FALSE)*AC105+VLOOKUP(Y106,Micronutrients,12,FALSE)*AC106+VLOOKUP(Y107,Micronutrients,12,FALSE)*AC107+VLOOKUP(Y108,Micronutrients,12,FALSE)*AC108","v":0},{"$f":"VLOOKUP(Y97,Macronutrients,13,FALSE)*AC97+VLOOKUP(Y98,Macronutrients,13,FALSE)*AC98+VLOOKUP(Y99,Macronutrients,13,FALSE)*AC99+VLOOKUP(Y100,Macronutrients,13,FALSE)*AC100+VLOOKUP(Y101,Macronutrients,13,FALSE)*AC101+VLOOKUP(Y102,Macronutrients,13,FALSE)*AC102+VLOOKUP(Y105,Micronutrients,13,FALSE)*AC105+VLOOKUP(Y106,Micronutrients,13,FALSE)*AC106+VLOOKUP(Y107,Micronutrients,13,FALSE)*AC107+VLOOKUP(Y108,Micronutrients,13,FALSE)*AC108","v":0}]
["None",{"$f":"VLOOKUP($A107,Micronutrients,14,FALSE)","v":0},{"$f":"VLOOKUP(A107,Micronutrients,18,FALSE)","v":0},{"$f":"VLOOKUP(A107,Micronutrients,16,FALSE)","v":1},0,{"$f":"VLOOKUP(A107,Micronutrients,15,FALSE)","v":0},{"$f":"(E107*VLOOKUP(A107,Micronutrients,14,FALSE)/D107)*C107","v":0},null,null,null,null,null,"None",{"$f":"VLOOKUP($M107,Micronutrients,14,FALSE)","v":0},{"$f":"VLOOKUP(M107,Micronutrients,18,FALSE)","v":0},{"$f":"VLOOKUP(M107,Micronutrients,16,FALSE)","v":1},0,{"$f":"VLOOKUP(M107,Micronutrients,15,FALSE)","v":0},{"$f":"(Q107*VLOOKUP(M107,Micronutrients,14,FALSE)/P107)*O107","v":0},null,null,null,null,null,"None",{"$f":"VLOOKUP(Y107,Micronutrients,14,FALSE)","v":0},{"$f":"VLOOKUP(Y107,Micronutrients,18,FALSE)","v":0},{"$f":"VLOOKUP(Y107,Micronutrients,16,FALSE)","v":1},0,{"$f":"VLOOKUP(Y107,Micronutrients,15,FALSE)","v":0},{"$f":"(AC107*VLOOKUP(Y107,Micronutrients,14,FALSE)/AB107)*AA107","v":0}]
["None",{"$f":"VLOOKUP($A108,Micronutrients,14,FALSE)","v":0},{"$f":"VLOOKUP(A108,Micronutrients,18,FALSE)","v":0},{"$f":"VLOOKUP(A108,Micronutrients,16,FALSE)","v":1},0,{"$f":"VLOOKUP(A108,Micronutrients,15,FALSE)","v":0},{"$f":"(E108*VLOOKUP(A108,Micronutrients,14,FALSE)/D108)*C108","v":0},null,null,null,null,null,"None",{"$f":"VLOOKUP($M108,Micronutrients,14,FALSE)","v":0},{"$f":"VLOOKUP(M108,Micronutrients,18,FALSE)","v":0},{"$f":"VLOOKUP(M108,Micronutrients,16,FALSE)","v":1},0,{"$f":"VLOOKUP(M108,Micronutrients,15,FALSE)","v":0},{"$f":"(Q108*VLOOKUP(M108,Micronutrients,14,FALSE)/P108)*O108","v":0},null,null,null,null,null,"None",{"$f":"VLOOKUP(Y108,Micronutrients,14,FALSE)","v":0},{"$f":"VLOOKUP(Y108,Micronutrients,18,FALSE)","v":0},{"$f":"VLOOKUP(Y108,Micronutrients,16,FALSE)","v":1},0,{"$f":"VLOOKUP(Y108,Micronutrients,15,FALSE)","v":0},{"$f":"(AC108*VLOOKUP(Y108,Micronutrients,14,FALSE)/AB108)*AA108","v":0}]
[]
["Nitrogen Stabilizers (drop down menu)",null,null,null,null,null,null,null,null,null,null,null,"Nitrogen Stabilizers (drop down menu)",null,null,null,null,null,null,null,null,null,null,null,"Nitrogen Stabilizers (drop down menu)"]
["None",{"$f":"VLOOKUP(A111,NitrogenStabilizers,14,FALSE)","v":0},{"$f":"VLOOKUP(A111,NitrogenStabilizers,18,FALSE)","v":0},{"$f":"VLOOKUP(A111,NitrogenStabilizers,16,FALSE)","v":1},0,{"$f":"VLOOKUP(A111,NitrogenStabilizers,15,FALSE)","v":0},{"$f":"(E111*VLOOKUP(A111,NitrogenStabilizers,14,FALSE)/D111)*C111","v":0},null,null,null,null,null,"None",{"$f":"VLOOKUP(M111,NitrogenStabilizers,14,FALSE)","v":0},{"$f":"VLOOKUP(M111,NitrogenStabilizers,18,FALSE)","v":0},{"$f":"VLOOKUP(M111,NitrogenStabilizers,16,FALSE)","v":1},0,{"$f":"VLOOKUP(M111,NitrogenStabilizers,15,FALSE)","v":0},{"$f":"(Q111*VLOOKUP(M111,NitrogenStabilizers,14,FALSE)/P111)*O111","v":0},null,null,null,null,null,"None",{"$f":"VLOOKUP(Y111,NitrogenStabilizers,14,FALSE)","v":0},{"$f":"VLOOKUP(Y111,NitrogenStabilizers,18,FALSE)","v":0},{"$f":"VLOOKUP(Y111,NitrogenStabilizers,16,FALSE)","v":1},0,{"$f":"VLOOKUP(Y111,NitrogenStabilizers,15,FALSE)","v":0},{"$f":"(AC111*VLOOKUP(Y111,NitrogenStabilizers,14,FALSE)/AB111)*AA111","v":0}]
["None",{"$f":"VLOOKUP(A112,NitrogenStabilizers,14,FALSE)","v":0},{"$f":"VLOOKUP(A112,NitrogenStabilizers,18,FALSE)","v":0},{"$f":"VLOOKUP(A112,NitrogenStabilizers,16,FALSE)","v":1},0,{"$f":"VLOOKUP(A112,NitrogenStabilizers,15,FALSE)","v":0},{"$f":"(E112*VLOOKUP(A112,NitrogenStabilizers,14,FALSE)/D112)*C112","v":0},null,null,null,"More",null,"None",{"$f":"VLOOKUP(M112,NitrogenStabilizers,14,FALSE)","v":0},{"$f":"VLOOKUP(M112,NitrogenStabilizers,18,FALSE)","v":0},{"$f":"VLOOKUP(M112,NitrogenStabilizers,16,FALSE)","v":1},0,{"$f":"VLOOKUP(M112,NitrogenStabilizers,15,FALSE)","v":0},{"$f":"(Q112*VLOOKUP(M112,NitrogenStabilizers,14,FALSE)/P112)*O112","v":0},null,null,null,"More",null,"None",{"$f":"VLOOKUP(Y112,NitrogenStabilizers,14,FALSE)","v":0},{"$f":"VLOOKUP(Y112,NitrogenStabilizers,18,FALSE)","v":0},{"$f":"VLOOKUP(Y112,NitrogenStabilizers,16,FALSE)","v":1},0,{"$f":"VLOOKUP(Y112,NitrogenStabilizers,15,FALSE)","v":0},{"$f":"(AC112*VLOOKUP(Y112,NitrogenStabilizers,14,FALSE)/AB112)*AA112","v":0},null,null,null,"More"]
["5th Application Fertilizer Cost/Acre",null,null,null,null,null,{"$f":"SUM(G97:G112)","v":0},null,null,null,"Below",null,"5th Application Fertilizer Cost/Acre",null,null,null,null,null,{"$f":"SUM(S97:S112)","v":0},null,null,null,"Below",null,"5th Application Fertilizer Cost/Acre",null,null,null,null,null,{"$f":"SUM(AE97:AE112)","v":0},null,null,null,"Below"]
[null,null,null,null,null,null,null,null,null,null,"¯",null,null,null,null,null,null,null,null,null,null,null,"¯",null,null,null,null,null,null,null,null,null,null,null,"¯"]
["Total Fertilizer Cost/Acre",null,null,null,null,null,{"$f":"G113+G92+G69+G46+G25","v":0},null,null,null,null,null,"Total Fertilizer Cost/Acre",null,null,null,null,null,{"$f":"S113+S92+S69+S46+S25","v":0},null,null,null,null,null,"Total Fertilizer Cost/Acre",null,null,null,null,null,{"$f":"AE113+AE92+AE69+AE46+AE25","v":0}]
[]
[null,null,null,null,"Total Nutrient Needs",null,null,null,null,null,null,null,null,null,null,null,"Total Nutrient Needs",null,null,null,null,null,null,null,null,null,null,null,"Total Nutrient Needs"]
[null,null,null,null,"Based on:","Soil Test Based Recs",null,null,"Total Fertilizer Program",null,null,null,null,null,null,null,"Based on:","Soil Test Based Recs",null,null,"Total Fertilizer Program",null,null,null,null,null,null,null,"Based on:","Soil Test Based Recs",null,null,"Total Fertilizer Program"]
["Farm Name",null,null,null,"N","P","K",null,"N","P","K",null,{"$f":"A119","v":"Farm Name"},null,null,null,"N","P","K",null,"N","P","K",null,{"$f":"A119","v":"Farm Name"},null,null,null,"N","P","K",null,"N","P","K"]
["Farm Tract",null,null,null,{"$f":"'Nutrient Management'!$B$56","v":0},{"$f":"'Nutrient Management'!$C$56","v":0},{"$f":"'Nutrient Management'!$D$56","v":0},null,{"$f":"I6+I30+I51+I74+I97","v":0},{"$f":"J6+J30+J51+J74+J97","v":0},0,null,{"$f":"A120","v":"Farm Tract"},null,null,null,{"$f":"'Nutrient Management'!$B$56","v":0},{"$f":"'Nutrient Management'!$C$56","v":0},{"$f":"'Nutrient Management'!$D$56","v":0},null,{"$f":"U6+U30+U51+U74+U97","v":0},{"$f":"V6+V30+V51+V74+V97","v":0},0,null,{"$f":"A120","v":"Farm Tract"},null,null,null,{"$f":"'Nutrient Management'!$B$56","v":0},{"$f":"'Nutrient Management'!$C$56","v":0},{"$f":"'Nutrient Management'!$D$56","v":0},null,{"$f":"AG6+AG30+AG51+AG74+AG97","v":0},{"$f":"AH6+AH30+AH51+AH74+AH97","v":0},0]
["Farm Number",null,null,null,"S","Ca","Mg",null,"S","Ca","Mg",null,"Farm Number",null,null,null,"S","Ca","Mg",null,"S","Ca","Mg",null,"Farm Number",null,null,null,"S","Ca","Mg",null,"S","Ca","Mg"]
[null,null,null,null,{"$f":"'Nutrient Management'!$B$59","v":0},{"$f":"'Nutrient Management'!$C$59","v":0},{"$f":"'Nutrient Management'!$D$59","v":0},null,{"$f":"I9+I33+I54+I77+I100","v":0},{"$f":"J9+J33+J54+J77+J100","v":0},0,null,null,null,null,null,{"$f":"'Nutrient Management'!$B$59","v":0},{"$f":"'Nutrient Management'!$C$59","v":0},{"$f":"'Nutrient Management'!$D$59","v":0},null,{"$f":"U9+U33+U54+U77+U100","v":0},{"$f":"V9+V33+V54+V77+V100","v":0},0,null,null,null,null,null,{"$f":"'Nutrient Management'!$B$59","v":0},{"$f":"'Nutrient Management'!$C$59","v":0},{"$f":"'Nutrient Management'!$D$59","v":0},null,{"$f":"AG9+AG33+AG54+AG77+AG100","v":0},{"$f":"AH9+AH33+AH54+AH77+AH100","v":0},0]
[null,null,null,null,"Z","B","Mn",null,"Zn","B","Mn",null,null,null,null,null,"Z","B","Mn",null,"Zn","B","Mn",null,null,null,null,null,"Z","B","Mn",null,"Zn","B","Mn"]
[null,null,null,null,{"$f":"'Nutrient Management'!$B$61","v":0},{"$f":"'Nutrient Management'!$C$61","v":0},{"$f":"'Nutrient Management'!$D$61","v":0},null,{"$f":"I12+I36+I57+I80+I103","v":0},{"$f":"J12+J36+J57+J80+J103","v":0},0,null,null,null,null,null,{"$f":"'Nutrient Management'!$B$61","v":0},{"$f":"'Nutrient Management'!$C$61","v":0},{"$f":"'Nutrient Management'!$D$61","v":0},null,{"$f":"U12+U36+U57+U80+U103","v":0},{"$f":"V12+V36+V57+V80+V103","v":0},0,null,null,null,null,null,{"$f":"'Nutrient Management'!$B$61","v":0},{"$f":"'Nutrient Management'!$C$61","v":0},{"$f":"'Nutrient Management'!$D$61","v":0},null,{"$f":"AG12+AG36+AG57+AG80+AG103","v":0},{"$f":"AH12+AH36+AH57+AH80+AH103","v":0},0]
[null,null,null,null,"Cu","Mo","Fe",null,"Cu","Mo","Fe",null,null,null,null,null,"Cu","Mo","Fe",null,"Cu","Mo","Fe",null,null,null,null,null,"Cu","Mo","Fe",null,"Cu","Mo","Fe"]
[null,null,null,null,{"$f":"'Nutrient Management'!$B$63","v":0},{"$f":"'Nutrient Management'!$C$63","v":0},{"$f":"'Nutrient Management'!$D$63","v":0},null,{"$f":"I15+I39+I60+I83+I106","v":0},{"$f":"J15+J39+J60+J83+J106","v":0},0,null,null,null,null,null,{"$f":"'Nutrient Management'!$B$63","v":0},{"$f":"'Nutrient Management'!$C$63","v":0},{"$f":"'Nutrient Management'!$D$63","v":0},null,{"$f":"U15+U39+U60+U83+U106","v":0},{"$f":"V15+V39+V60+V83+V106","v":0},0,null,null,null,null,null,{"$f":"'Nutrient Management'!$B$63","v":0},{"$f":"'Nutrient Management'!$C$63","v":0},{"$f":"'Nutrient Management'!$D$63","v":0},null,{"$f":"AG15+AG39+AG60+AG83+AG106","v":0},{"$f":"AH15+AH39+AH60+AH83+AH106","v":0},0]
[null,null,null,null,"* from Nutrient Management tab",null,null,null,null,null,null,null,null,null,null,null,"* from Nutrient Management tab",null,null,null,null,null,null,null,null,null,null,null,"* from Nutrient Management tab"]

{"sheet":"Fertilizer Plan (Vegetable 2)","index":8,"n_rows":127,"n_cols":35,"rows_kept":127,"cut":false,"hidden":false,"merged":[[93,0,93,10],[93,12,93,22],[93,24,93,34],[117,32,117,34],[116,4,116,6],[116,8,116,10],[116,16,116,18],[116,20,116,22],[116,28,116,30],[116,32,116,34],[117,5,117,6],[117,8,117,10],[117,17,117,18],[117,20,117,22],[117,29,117,30],[47,0,47,10],[47,12,47,22],[47,24,47,34],[70,0,70,10],[70,12,70,22],[70,24,70,34],[2,0,2,10],[2,12,2,22],[2,24,2,34],[25,23,26,23],[26,0,26,10],[26,12,26,22],[26,24,26,34],[0,0,0,10],[0,12,0,22],[0,24,0,34],[1,0,1,10],[1,12,1,22],[1,24,1,34]]}
[{"$f":"'Nutrient Management'!F2","v":"Select Crop"},null,null,null,null,null,null,null,null,null,null,null,{"$f":"A1","v":"Select Crop"},null,null,null,null,null,null,null,null,null,null,null,{"$f":"A1","v":"Select Crop"}]
["Comparison Plan 1",null,null,null,null,null,null,null,null,null,null,null,"Comparison Plan 2",null,null,null,null,null,null,null,null,null,null,null,"Comparison Plan 3"]
["1st Application (i.e., Pre-Plant or Broadcast Fertilizer)",null,null,null,null,null,null,null,null,null,null,null,"1st Application (i.e., Pre-Plant or Broadcast Fertilizer)",null,null,null,null,null,null,null,null,null,null,null,"1st Application (i.e., Pre-Plant or Broadcast Fertilizer)"]
["Fertilizer Source","Purchase Units","Package Price (Gals, Lbs, etc.)","Units/Pkg","Rate/Acre","Units","Cost",null,null,null,null,null,"Fertilizer Source","Purchase Units","Package Price (Gals, Lbs, etc.)","Units/Pkg","Rate/Acre","Units","Cost",null,null,null,null,null,"Fertilizer Source","Purchase Units","Package Price (Gals, Lbs, etc.)","Units/Pkg","Rate/Acre","Units","Cost"]
["Macronutrients (drop down menu)",null,null,null,"(Enter Below)",null,null,null,"N","P","K",null,"Macronutrients (drop down menu)",null,null,null,"(Enter Below)",null,null,null,"N","P","K",null,"Macronutrients (drop down menu)",null,null,null,"(Enter Below)",null,null,null,"N","P","K"]
["None",{"$f":"VLOOKUP(A6,Macronutrients,14,FALSE)","v":0},{"$f":"VLOOKUP(A6,Macronutrients,18,FALSE)","v":0},{"$f":"VLOOKUP(A6,Macronutrients,16,FALSE)","v":1},0,{"$f":"VLOOKUP(A6,Macronutrients,15,FALSE)","v":0},{"$f":"(E6*VLOOKUP(A6,Macronutrients,14,FALSE)/D6)*C6","v":0},null,{"$f":"VLOOKUP(A6,Macronutrients,2,FALSE)*E6+VLOOKUP(A7,Macronutrients,2,FALSE)*E7+VLOOKUP(A8,Macronutrients,2,FALSE)*E8+VLOOKUP(A9,Macronutrients,2,FALSE)*E9+VLOOKUP(A10,Macronutrients,2,FALSE)*E10+VLOOKUP(A11,Macronutrients,2,FALSE)*E11+VLOOKUP(A14,Micronutrients,2,FALSE)*E14+VLOOKUP(A15,Micronutrients,2,FALSE)*E15+VLOOKUP(A16,Micronutrients,2,FALSE)*E16+VLOOKUP(A17,Micronutrients,2,FALSE)*E17","v":0},{"$f":"VLOOKUP(A6,Macronutrients,3,FALSE)*E6+VLOOKUP(A7,Macronutrients,3,FALSE)*E7+VLOOKUP(A8,Macronutrients,3,FALSE)*E8+VLOOKUP(A9,Macronutrients,3,FALSE)*E9+VLOOKUP(A10,Macronutrients,3,FALSE)*E10+VLOOKUP(A11,Macronutrients,3,FALSE)*E11+VLOOKUP(A14,Micronutrients,3,FALSE)*E14+VLOOKUP(A15,Micronutrients,3,FALSE)*E15+VLOOKUP(A16,Micronutrients,3,FALSE)*E16+VLOOKUP(A17,Micronutrients,3,FALSE)*E17","v":0},{"$f":"VLOOKUP(A6,Macronutrients,4,FALSE)*E6+VLOOKUP(A7,Macronutrients,4,FALSE)*E7+VLOOKUP(A8,Macronutrients,4,FALSE)*E8+VLOOKUP(A9,Macronutrients,4,FALSE)*E9+VLOOKUP(A10,Macronutrients,4,FALSE)*E10+VLOOKUP(A11,Macronutrients,4,FALSE)*E11+VLOOKUP(A14,Micronutrients,4,FALSE)*E14+VLOOKUP(A15,Micronutrients,4,FALSE)*E15+VLOOKUP(A16,Micronutrients,4,FALSE)*E16+VLOOKUP(A17,Micronutrients,4,FALSE)*E17","v":0},null,"None",{"$f":"VLOOKUP(M6,Macronutrients,14,FALSE)","v":0},{"$f":"VLOOKUP(M6,Macronutrients,18,FALSE)","v":0},{"$f":"VLOOKUP(M6,Macronutrients,16,FALSE)","v":1},0,{"$f":"VLOOKUP(M6,Macronutrients,15,FALSE)","v":0},{"$f":"(Q6*VLOOKUP(M6,Macronutrients,14,FALSE)/P6)*O6","v":0},null,{"$f":"VLOOKUP(M6,Macronutrients,2,FALSE)*Q6+VLOOKUP(M7,Macronutrients,2,FALSE)*Q7+VLOOKUP(M8,Macronutrients,2,FALSE)*Q8+VLOOKUP(M9,Macronutrients,2,FALSE)*Q9+VLOOKUP(M10,Macronutrients,2,FALSE)*Q10+VLOOKUP(M11,Macronutrients,2,FALSE)*Q11+VLOOKUP(M14,Micronutrients,2,FALSE)*Q14+VLOOKUP(M15,Micronutrients,2,FALSE)*Q15+VLOOKUP(M16,Micronutrients,2,FALSE)*Q16+VLOOKUP(M17,Micronutrients,2,FALSE)*Q17","v":0},{"$f":"VLOOKUP(M6,Macronutrients,3,FALSE)*Q6+VLOOKUP(M7,Macronutrients,3,FALSE)*Q7+VLOOKUP(M8,Macronutrients,3,FALSE)*Q8+VLOOKUP(M9,Macronutrients,3,FALSE)*Q9+VLOOKUP(M10,Macronutrients,3,FALSE)*Q10+VLOOKUP(M11,Macronutrients,3,FALSE)*Q11+VLOOKUP(M14,Micronutrients,3,FALSE)*Q14+VLOOKUP(M15,Micronutrients,3,FALSE)*Q15+VLOOKUP(M16,Micronutrients,3,FALSE)*Q16+VLOOKUP(M17,Micronutrients,3,FALSE)*Q17","v":0},{"$f":"VLOOKUP(M6,Macronutrients,4,FALSE)*Q6+VLOOKUP(M7,Macronutrients,4,FALSE)*Q7+VLOOKUP(M8,Macronutrients,4,FALSE)*Q8+VLOOKUP(M9,Macronutrients,4,FALSE)*Q9+VLOOKUP(M10,Macronutrients,4,FALSE)*Q10+VLOOKUP(M11,Macronutrients,4,FALSE)*Q11+VLOOKUP(M14,Micronutrients,4,FALSE)*Q14+VLOOKUP(M15,Micronutrients,4,FALSE)*Q15+VLOOKUP(M16,Micronutrients,4,FALSE)*Q16+VLOOKUP(M17,Micronutrients,4,FALSE)*Q17","v":0},null,"None",{"$f":"VLOOKUP(Y6,Macronutrients,14,FALSE)","v":0},{"$f":"VLOOKUP(Y6,Macronutrients,18,FALSE)","v":0},{"$f":"VLOOKUP(Y6,Macronutrients,16,FALSE)","v":1},0,{"$f":"VLOOKUP(Y6,Macronutrients,15,FALSE)","v":0},{"$f":"(AC6*VLOOKUP(Y6,Macronutrients,14,FALSE)/AB6)*AA6","v":0},null,{"$f":"VLOOKUP(Y6,Macronutrients,2,FALSE)*AC6+VLOOKUP(Y7,Macronutrients,2,FALSE)*AC7+VLOOKUP(Y8,Macronutrients,2,FALSE)*AC8+VLOOKUP(Y9,Macronutrients,2,FALSE)*AC9+VLOOKUP(Y10,Macronutrients,2,FALSE)*AC10+VLOOKUP(Y11,Macronutrients,2,FALSE)*AC11+VLOOKUP(Y14,Micronutrients,2,FALSE)*AC14+VLOOKUP(Y15,Micronutrients,2,FALSE)*AC15+VLOOKUP(Y16,Micronutrients,2,FALSE)*AC16+VLOOKUP(Y17,Micronutrients,2,FALSE)*AC17","v":0},{"$f":"VLOOKUP(Y6,Macronutrients,3,FALSE)*AC6+VLOOKUP(Y7,Macronutrients,3,FALSE)*AC7+VLOOKUP(Y8,Macronutrients,3,FALSE)*AC8+VLOOKUP(Y9,Macronutrients,3,FALSE)*AC9+VLOOKUP(Y10,Macronutrients,3,FALSE)*AC10+VLOOKUP(Y11,Macronutrients,3,FALSE)*AC11+VLOOKUP(Y14,Micronutrients,3,FALSE)*AC14+VLOOKUP(Y15,Micronutrients,3,FALSE)*AC15+VLOOKUP(Y16,Micronutrients,3,FALSE)*AC16+VLOOKUP(Y17,Micronutrients,3,FALSE)*AC17","v":0},{"$f":"VLOOKUP(Y6,Macronutrients,4,FALSE)*AC6+VLOOKUP(Y7,Macronutrients,4,FALSE)*AC7+VLOOKUP(Y8,Macronutrients,4,FALSE)*AC8+VLOOKUP(Y9,Macronutrients,4,FALSE)*AC9+VLOOKUP(Y10,Macronutrients,4,FALSE)*AC10+VLOOKUP(Y11,Macronutrients,4,FALSE)*AC11+VLOOKUP(Y14,Micronutrients,4,FALSE)*AC14+VLOOKUP(Y15,Micronutrients,4,FALSE)*AC15+VLOOKUP(Y16,Micronutrients,4,FALSE)*AC16+VLOOKUP(Y17,Micronutrients,4,FALSE)*AC17","v":0}]
["None",0,0,1,0,0,0,null,null,null,null,null,"None",0,0,1,0,0,0,null,null,null,null,null,"None",0,0,1,0,0,0]
["None",0,0,1,0,0,0,null,"S","Ca","Mg",null,"None",0,0,1,0,0,0,null,"S","Ca","Mg",null,"None",0,0,1,0,0,0,null,"S","Ca","Mg"]
["None",0,0,1,0,0,0,null,{"$f":"VLOOKUP(A6,Macronutrients,5,FALSE)*E6+VLOOKUP(A7,Macronutrients,5,FALSE)*E7+VLOOKUP(A8,Macronutrients,5,FALSE)*E8+VLOOKUP(A9,Macronutrients,5,FALSE)*E9+VLOOKUP(A10,Macronutrients,5,FALSE)*E10+VLOOKUP(A11,Macronutrients,5,FALSE)*E11+VLOOKUP(A14,Micronutrients,5,FALSE)*E14+VLOOKUP(A15,Micronutrients,5,FALSE)*E15+VLOOKUP(A16,Micronutrients,5,FALSE)*E16+VLOOKUP(A17,Micronutrients,5,FALSE)*E17+VLOOKUP(A20,Lime,5,FALSE)*E20","v":0},{"$f":"VLOOKUP(A6,Macronutrients,7,FALSE)*E6+VLOOKUP(A7,Macronutrients,7,FALSE)*E7+VLOOKUP(A8,Macronutrients,7,FALSE)*E8+VLOOKUP(A9,Macronutrients,7,FALSE)*E9+VLOOKUP(A10,Macronutrients,7,FALSE)*E10+VLOOKUP(A11,Macronutrients,7,FALSE)*E11+VLOOKUP(A14,Micronutrients,7,FALSE)*E14+VLOOKUP(A15,Micronutrients,7,FALSE)*E15+VLOOKUP(A16,Micronutrients,7,FALSE)*E16+VLOOKUP(A17,Micronutrients,7,FALSE)*E17+VLOOKUP(A20,Lime,7,FALSE)*E20","v":0},{"$f":"VLOOKUP($A6,Macronutrients,6,FALSE)*$E$6+VLOOKUP($A7,Macronutrients,6,FALSE)*$E$7+VLOOKUP($A8,Macronutrients,6,FALSE)*$E$8+VLOOKUP($A9,Macronutrients,6,FALSE)*$E$9+VLOOKUP($A10,Macronutrients,6,FALSE)*$E$10+VLOOKUP($A11,Macronutrients,6,FALSE)*$E$11+VLOOKUP($A14,Micronutrients,6,FALSE)*$E$14+VLOOKUP($A15,Micronutrients,6,FALSE)*E15+VLOOKUP($A16,Micronutrients,6,FALSE)*$E$16+VLOOKUP($A17,Micronutrients,6,FALSE)*$E$17+VLOOKUP($A20,Lime,6,FALSE)*E20","v":0},null,"None",0,0,1,0,0,0,null,{"$f":"VLOOKUP(M6,Macronutrients,5,FALSE)*Q6+VLOOKUP(M7,Macronutrients,5,FALSE)*Q7+VLOOKUP(M8,Macronutrients,5,FALSE)*Q8+VLOOKUP(M9,Macronutrients,5,FALSE)*Q9+VLOOKUP(M10,Macronutrients,5,FALSE)*Q10+VLOOKUP(M11,Macronutrients,5,FALSE)*Q11+VLOOKUP(M14,Micronutrients,5,FALSE)*Q14+VLOOKUP(M15,Micronutrients,5,FALSE)*Q15+VLOOKUP(M16,Micronutrients,5,FALSE)*Q16+VLOOKUP(M17,Micronutrients,5,FALSE)*Q17+VLOOKUP(M20,Lime,5,FALSE)*Q20","v":0},{"$f":"VLOOKUP(M6,Macronutrients,7,FALSE)*Q6+VLOOKUP(M7,Macronutrients,7,FALSE)*Q7+VLOOKUP(M8,Macronutrients,7,FALSE)*Q8+VLOOKUP(M9,Macronutrients,7,FALSE)*Q9+VLOOKUP(M10,Macronutrients,7,FALSE)*Q10+VLOOKUP(M11,Macronutrients,7,FALSE)*Q11+VLOOKUP(M14,Micronutrients,7,FALSE)*Q14+VLOOKUP(M15,Micronutrients,7,FALSE)*Q15+VLOOKUP(M16,Micronutrients,7,FALSE)*Q16+VLOOKUP(M17,Micronutrients,7,FALSE)*Q17+VLOOKUP(M20,Lime,7,FALSE)*Q20","v":0},{"$f":"VLOOKUP($A6,Macronutrients,6,FALSE)*$E$6+VLOOKUP($A7,Macronutrients,6,FALSE)*$E$7+VLOOKUP($A8,Macronutrients,6,FALSE)*$E$8+VLOOKUP($A9,Macronutrients,6,FALSE)*$E$9+VLOOKUP($A10,Macronutrients,6,FALSE)*$E$10+VLOOKUP($A11,Macronutrients,6,FALSE)*$E$11+VLOOKUP($A14,Micronutrients,6,FALSE)*$E$14+VLOOKUP($A15,Micronutrients,6,FALSE)*Q15+VLOOKUP($A16,Micronutrients,6,FALSE)*$E$16+VLOOKUP($A17,Micronutrients,6,FALSE)*$E$17+VLOOKUP($A20,Lime,6,FALSE)*Q20","v":0},null,"None",0,0,1,0,0,0,null,{"$f":"VLOOKUP(Y6,Macronutrients,5,FALSE)*AC6+VLOOKUP(Y7,Macronutrients,5,FALSE)*AC7+VLOOKUP(Y8,Macronutrients,5,FALSE)*AC8+VLOOKUP(Y9,Macronutrients,5,FALSE)*AC9+VLOOKUP(Y10,Macronutrients,5,FALSE)*AC10+VLOOKUP(Y11,Macronutrients,5,FALSE)*AC11+VLOOKUP(Y14,Micronutrients,5,FALSE)*AC14+VLOOKUP(Y15,Micronutrients,5,FALSE)*AC15+VLOOKUP(Y16,Micronutrients,5,FALSE)*AC16+VLOOKUP(Y17,Micronutrients,5,FALSE)*AC17+VLOOKUP(Y20,Lime,5,FALSE)*AC20","v":0},{"$f":"VLOOKUP(Y6,Macronutrients,7,FALSE)*AC6+VLOOKUP(Y7,Macronutrients,7,FALSE)*AC7+VLOOKUP(Y8,Macronutrients,7,FALSE)*AC8+VLOOKUP(Y9,Macronutrients,7,FALSE)*AC9+VLOOKUP(Y10,Macronutrients,7,FALSE)*AC10+VLOOKUP(Y11,Macronutrients,7,FALSE)*AC11+VLOOKUP(Y14,Micronutrients,7,FALSE)*AC14+VLOOKUP(Y15,Micronutrients,7,FALSE)*AC15+VLOOKUP(Y16,Micronutrients,7,FALSE)*AC16+VLOOKUP(Y17,Micronutrients,7,FALSE)*AC17+VLOOKUP(Y20,Lime,7,FALSE)*AC20","v":0},{"$f":"VLOOKUP($A6,Macronutrients,6,FALSE)*$E$6+VLOOKUP($A7,Macronutrients,6,FALSE)*$E$7+VLOOKUP($A8,Macronutrients,6,FALSE)*$E$8+VLOOKUP($A9,Macronutrients,6,FALSE)*$E$9+VLOOKUP($A10,Macronutrients,6,FALSE)*$E$10+VLOOKUP($A11,Macronutrients,6,FALSE)*$E$11+VLOOKUP($A14,Micronutrients,6,FALSE)*$E$14+VLOOKUP($A15,Micronutrients,6,FALSE)*AC15+VLOOKUP($A16,Micronutrients,6,FALSE)*$E$16+VLOOKUP($A17,Micronutrients,6,FALSE)*$E$17+VLOOKUP($A20,Lime,6,FALSE)*AC20","v":0}]
["None",0,0,1,0,0,0,null,null,null,null,null,"None",0,0,1,0,0,0,null,null,null,null,null,"None",0,0,1,0,0,0]
["None",0,0,1,0,0,0,null,"Z","B","Mn",null,"None",0,0,1,0,0,0,null,"Z","B","Mn",null,"None",0,0,1,0,0,0,null,"Z","B","Mn"]
[null,null,null,null,null,null,null,null,{"$f":"VLOOKUP(A6,Macronutrients,8,FALSE)*E6+VLOOKUP(A7,Macronutrients,8,FALSE)*E7+VLOOKUP(A8,Macronutrients,8,FALSE)*E8+VLOOKUP(A9,Macronutrients,8,FALSE)*E9+VLOOKUP(A10,Macronutrients,8,FALSE)*E10+VLOOKUP(A11,Macronutrients,8,FALSE)*E11+VLOOKUP(A14,Micronutrients,8,FALSE)*E14+VLOOKUP(A15,Micronutrients,8,FALSE)*E15+VLOOKUP(A16,Micronutrients,8,FALSE)*E16+VLOOKUP(A17,Micronutrients,8,FALSE)*E17+VLOOKUP(A20,Lime,8,FALSE)*E20","v":0},{"$f":"VLOOKUP(A6,Macronutrients,9,FALSE)*E6+VLOOKUP(A7,Macronutrients,9,FALSE)*E7+VLOOKUP(A8,Macronutrients,9,FALSE)*E8+VLOOKUP(A9,Macronutrients,9,FALSE)*E9+VLOOKUP(A10,Macronutrients,9,FALSE)*E10+VLOOKUP(A11,Macronutrients,9,FALSE)*E11+VLOOKUP(A14,Micronutrients,9,FALSE)*E14+VLOOKUP(A15,Micronutrients,9,FALSE)*E15+VLOOKUP(A16,Micronutrients,9,FALSE)*E16+VLOOKUP(A17,Micronutrients,9,FALSE)*E17+VLOOKUP(A20,Lime,9,FALSE)*E20","v":0},{"$f":"VLOOKUP(A6,Macronutrients,10,FALSE)*E6+VLOOKUP(A7,Macronutrients,10,FALSE)*E7+VLOOKUP(A8,Macronutrients,10,FALSE)*E8+VLOOKUP(A9,Macronutrients,10,FALSE)*E9+VLOOKUP(A10,Macronutrients,10,FALSE)*E10+VLOOKUP(A11,Macronutrients,10,FALSE)*E11+VLOOKUP(A14,Micronutrients,10,FALSE)*E14+VLOOKUP(A15,Micronutrients,10,FALSE)*E15+VLOOKUP(A16,Micronutrients,10,FALSE)*E16+VLOOKUP(A17,Micronutrients,10,FALSE)*E17+VLOOKUP(A20,Lime,10,FALSE)*E20","v":0},null,null,null,null,null,null,null,null,null,{"$f":"VLOOKUP(M6,Macronutrients,8,FALSE)*Q6+VLOOKUP(M7,Macronutrients,8,FALSE)*Q7+VLOOKUP(M8,Macronutrients,8,FALSE)*Q8+VLOOKUP(M9,Macronutrients,8,FALSE)*Q9+VLOOKUP(M10,Macronutrients,8,FALSE)*Q10+VLOOKUP(M11,Macronutrients,8,FALSE)*Q11+VLOOKUP(M14,Micronutrients,8,FALSE)*Q14+VLOOKUP(M15,Micronutrients,8,FALSE)*Q15+VLOOKUP(M16,Micronutrients,8,FALSE)*Q16+VLOOKUP(M17,Micronutrients,8,FALSE)*Q17+VLOOKUP(M20,Lime,8,FALSE)*Q20","v":0},{"$f":"VLOOKUP(M6,Macronutrients,9,FALSE)*Q6+VLOOKUP(M7,Macronutrients,9,FALSE)*Q7+VLOOKUP(M8,Macronutrients,9,FALSE)*Q8+VLOOKUP(M9,Macronutrients,9,FALSE)*Q9+VLOOKUP(M10,Macronutrients,9,FALSE)*Q10+VLOOKUP(M11,Macronutrients,9,FALSE)*Q11+VLOOKUP(M14,Micronutrients,9,FALSE)*Q14+VLOOKUP(M15,Micronutrients,9,FALSE)*Q15+VLOOKUP(M16,Micronutrients,9,FALSE)*Q16+VLOOKUP(M17,Micronutrients,9,FALSE)*Q17+VLOOKUP(M20,Lime,9,FALSE)*Q20","v":0},{"$f":"VLOOKUP(M6,Macronutrients,10,FALSE)*Q6+VLOOKUP(M7,Macronutrients,10,FALSE)*Q7+VLOOKUP(M8,Macronutrients,10,FALSE)*Q8+VLOOKUP(M9,Macronutrients,10,FALSE)*Q9+VLOOKUP(M10,Macronutrients,10,FALSE)*Q10+VLOOKUP(M11,Macronutrients,10,FALSE)*Q11+VLOOKUP(M14,Micronutrients,10,FALSE)*Q14+VLOOKUP(M15,Micronutrients,10,FALSE)*Q15+VLOOKUP(M16,Micronutrients,10,FALSE)*Q16+VLOOKUP(M17,Micronutrients,10,FALSE)*Q17+VLOOKUP(M20,Lime,10,FALSE)*Q20","v":0},null,null,null,null,null,null,null,null,null,{"$f":"VLOOKUP(Y6,Macronutrients,8,FALSE)*AC6+VLOOKUP(Y7,Macronutrients,8,FALSE)*AC7+VLOOKUP(Y8,Macronutrients,8,FALSE)*AC8+VLOOKUP(Y9,Macronutrients,8,FALSE)*AC9+VLOOKUP(Y10,Macronutrients,8,FALSE)*AC10+VLOOKUP(Y11,Macronutrients,8,FALSE)*AC11+VLOOKUP(Y14,Micronutrients,8,FALSE)*AC14+VLOOKUP(Y15,Micronutrients,8,FALSE)*AC15+VLOOKUP(Y16,Micronutrients,8,FALSE)*AC16+VLOOKUP(Y17,Micronutrients,8,FALSE)*AC17+VLOOKUP(Y20,Lime,8,FALSE)*AC20","v":0},{"$f":"VLOOKUP(Y6,Macronutrients,9,FALSE)*AC6+VLOOKUP(Y7,Macronutrients,9,FALSE)*AC7+VLOOKUP(Y8,Macronutrients,9,FALSE)*AC8+VLOOKUP(Y9,Macronutrients,9,FALSE)*AC9+VLOOKUP(Y10,Macronutrients,9,FALSE)*AC10+VLOOKUP(Y11,Macronutrients,9,FALSE)*AC11+VLOOKUP(Y14,Micronutrients,9,FALSE)*AC14+VLOOKUP(Y15,Micronutrients,9,FALSE)*AC15+VLOOKUP(Y16,Micronutrients,9,FALSE)*AC16+VLOOKUP(Y17,Micronutrients,9,FALSE)*AC17+VLOOKUP(Y20,Lime,9,FALSE)*AC20","v":0},{"$f":"VLOOKUP(Y6,Macronutrients,10,FALSE)*AC6+VLOOKUP(Y7,Macronutrients,10,FALSE)*AC7+VLOOKUP(Y8,Macronutrients,10,FALSE)*AC8+VLOOKUP(Y9,Macronutrients,10,FALSE)*AC9+VLOOKUP(Y10,Macronutrients,10,FALSE)*AC10+VLOOKUP(Y11,Macronutrients,10,FALSE)*AC11+VLOOKUP(Y14,Micronutrients,10,FALSE)*AC14+VLOOKUP(Y15,Micronutrients,10,FALSE)*AC15+VLOOKUP(Y16,Micronutrients,10,FALSE)*AC16+VLOOKUP(Y17,Micronutrients,10,FALSE)*AC17+VLOOKUP(Y20,Lime,10,FALSE)*AC20","v":0}]
["Micronutrients (drop down menu)",null,null,null,null,null,null,null,null,null,null,null,"Micronutrients (drop down menu)",null,null,null,null,null,null,null,null,null,null,null,"Micronutrients (drop down menu)"]
["None",{"$f":"VLOOKUP($A14,Micronutrients,14,FALSE)","v":0},{"$f":"VLOOKUP(A14,Micronutrients,18,FALSE)","v":0},{"$f":"VLOOKUP(A14,Micronutrients,16,FALSE)","v":1},0,{"$f":"VLOOKUP(A14,Micronutrients,15,FALSE)","v":0},{"$f":"(E14*VLOOKUP(A14,Micronutrients,14,FALSE)/D14)*C14","v":0},null,"Cu","Mo","Fe",null,"None",{"$f":"VLOOKUP(M14,Micronutrients,14,FALSE)","v":0},{"$f":"VLOOKUP(M14,Micronutrients,18,FALSE)","v":0},{"$f":"VLOOKUP(M14,Micronutrients,16,FALSE)","v":1},0,{"$f":"VLOOKUP(M14,Micronutrients,15,FALSE)","v":0},{"$f":"(Q14*VLOOKUP(M14,Micronutrients,14,FALSE)/P14)*O14","v":0},null,"Cu","Mo","Fe",null,"None",{"$f":"VLOOKUP(Y14,Micronutrients,14,FALSE)","v":0},{"$f":"VLOOKUP(Y14,Micronutrients,18,FALSE)","v":0},{"$f":"VLOOKUP(Y14,Micronutrients,16,FALSE)","v":1},0,{"$f":"VLOOKUP(Y14,Micronutrients,15,FALSE)","v":0},{"$f":"(AC14*VLOOKUP(Y14,Micronutrients,14,FALSE)/AB14)*AA14","v":0},null,"Cu","Mo","Fe"]
["None",{"$f":"VLOOKUP($A15,Micronutrients,14,FALSE)","v":0},{"$f":"VLOOKUP(A15,Micronutrients,18,FALSE)","v":0},{"$f":"VLOOKUP(A15,Micronutrients,16,FALSE)","v":1},0,{"$f":"VLOOKUP(A15,Micronutrients,15,FALSE)","v":0},{"$f":"(E15*VLOOKUP(A15,Micronutrients,14,FALSE)/D15)*C15","v":0},null,{"$f":"VLOOKUP(A6,Macronutrients,11,FALSE)*E6+VLOOKUP(A7,Macronutrients,11,FALSE)*E7+VLOOKUP(A8,Macronutrients,11,FALSE)*E8+VLOOKUP(A9,Macronutrients,11,FALSE)*E9+VLOOKUP(A10,Macronutrients,11,FALSE)*E10+VLOOKUP(A11,Macronutrients,11,FALSE)*E11+VLOOKUP(A14,Micronutrients,11,FALSE)*E14+VLOOKUP(A15,Micronutrients,11,FALSE)*E15+VLOOKUP(A16,Micronutrients,11,FALSE)*E16+VLOOKUP(A17,Micronutrients,11,FALSE)*E17+VLOOKUP(A20,Lime,11,FALSE)*E20","v":0},{"$f":"VLOOKUP(A6,Macronutrients,12,FALSE)*E6+VLOOKUP(A7,Macronutrients,12,FALSE)*E7+VLOOKUP(A8,Macronutrients,12,FALSE)*E8+VLOOKUP(A9,Macronutrients,12,FALSE)*E9+VLOOKUP(A10,Macronutrients,12,FALSE)*E10+VLOOKUP(A11,Macronutrients,12,FALSE)*E11+VLOOKUP(A14,Micronutrients,12,FALSE)*E14+VLOOKUP(A15,Micronutrients,12,FALSE)*E15+VLOOKUP(A16,Micronutrients,12,FALSE)*E16+VLOOKUP(A17,Micronutrients,12,FALSE)*E17+VLOOKUP(A20,Lime,12,FALSE)*E20","v":0},{"$f":"VLOOKUP(A6,Macronutrients,13,FALSE)*E6+VLOOKUP(A7,Macronutrients,13,FALSE)*E7+VLOOKUP(A8,Macronutrients,13,FALSE)*E8+VLOOKUP(A9,Macronutrients,13,FALSE)*E9+VLOOKUP(A10,Macronutrients,13,FALSE)*E10+VLOOKUP(A11,Macronutrients,13,FALSE)*E11+VLOOKUP(A14,Micronutrients,13,FALSE)*E14+VLOOKUP(A15,Micronutrients,13,FALSE)*E15+VLOOKUP(A16,Micronutrients,13,FALSE)*E16+VLOOKUP(A17,Micronutrients,13,FALSE)*E17+VLOOKUP(A20,Lime,13,FALSE)*E20","v":0},null,"None",{"$f":"VLOOKUP(M15,Micronutrients,14,FALSE)","v":0},{"$f":"VLOOKUP(M15,Micronutrients,18,FALSE)","v":0},{"$f":"VLOOKUP(M15,Micronutrients,16,FALSE)","v":1},0,{"$f":"VLOOKUP(M15,Micronutrients,15,FALSE)","v":0},{"$f":"(Q15*VLOOKUP(M15,Micronutrients,14,FALSE)/P15)*O15","v":0},null,{"$f":"VLOOKUP(M6,Macronutrients,11,FALSE)*Q6+VLOOKUP(M7,Macronutrients,11,FALSE)*Q7+VLOOKUP(M8,Macronutrients,11,FALSE)*Q8+VLOOKUP(M9,Macronutrients,11,FALSE)*Q9+VLOOKUP(M10,Macronutrients,11,FALSE)*Q10+VLOOKUP(M11,Macronutrients,11,FALSE)*Q11+VLOOKUP(M14,Micronutrients,11,FALSE)*Q14+VLOOKUP(M15,Micronutrients,11,FALSE)*Q15+VLOOKUP(M16,Micronutrients,11,FALSE)*Q16+VLOOKUP(M17,Micronutrients,11,FALSE)*Q17+VLOOKUP(M20,Lime,11,FALSE)*Q20","v":0},{"$f":"VLOOKUP(M6,Macronutrients,12,FALSE)*Q6+VLOOKUP(M7,Macronutrients,12,FALSE)*Q7+VLOOKUP(M8,Macronutrients,12,FALSE)*Q8+VLOOKUP(M9,Macronutrients,12,FALSE)*Q9+VLOOKUP(M10,Macronutrients,12,FALSE)*Q10+VLOOKUP(M11,Macronutrients,12,FALSE)*Q11+VLOOKUP(M14,Micronutrients,12,FALSE)*Q14+VLOOKUP(M15,Micronutrients,12,FALSE)*Q15+VLOOKUP(M16,Micronutrients,12,FALSE)*Q16+VLOOKUP(M17,Micronutrients,12,FALSE)*Q17+VLOOKUP(M20,Lime,12,FALSE)*Q20","v":0},{"$f":"VLOOKUP(M6,Macronutrients,13,FALSE)*Q6+VLOOKUP(M7,Macronutrients,13,FALSE)*Q7+VLOOKUP(M8,Macronutrients,13,FALSE)*Q8+VLOOKUP(M9,Macronutrients,13,FALSE)*Q9+VLOOKUP(M10,Macronutrients,13,FALSE)*Q10+VLOOKUP(M11,Macronutrients,13,FALSE)*Q11+VLOOKUP(M14,Micronutrients,13,FALSE)*Q14+VLOOKUP(M15,Micronutrients,13,FALSE)*Q15+VLOOKUP(M16,Micronutrients,13,FALSE)*Q16+VLOOKUP(M17,Micronutrients,13,FALSE)*Q17+VLOOKUP(M20,Lime,13,FALSE)*Q20","v":0},null,"None",{"$f":"VLOOKUP(Y15,Micronutrients,14,FALSE)","v":0},{"$f":"VLOOKUP(Y15,Micronutrients,18,FALSE)","v":0},{"$f":"VLOOKUP(Y15,Micronutrients,16,FALSE)","v":1},0,{"$f":"VLOOKUP(Y15,Micronutrients,15,FALSE)","v":0},{"$f":"(AC15*VLOOKUP(Y15,Micronutrients,14,FALSE)/AB15)*AA15","v":0},null,{"$f":"VLOOKUP(Y6,Macronutrients,11,FALSE)*AC6+VLOOKUP(Y7,Macronutrients,11,FALSE)*AC7+VLOOKUP(Y8,Macronutrients,11,FALSE)*AC8+VLOOKUP(Y9,Macronutrients,11,FALSE)*AC9+VLOOKUP(Y10,Macronutrients,11,FALSE)*AC10+VLOOKUP(Y11,Macronutrients,11,FALSE)*AC11+VLOOKUP(Y14,Micronutrients,11,FALSE)*AC14+VLOOKUP(Y15,Micronutrients,11,FALSE)*AC15+VLOOKUP(Y16,Micronutrients,11,FALSE)*AC16+VLOOKUP(Y17,Micronutrients,11,FALSE)*AC17+VLOOKUP(Y20,Lime,11,FALSE)*AC20","v":0},{"$f":"VLOOKUP(Y6,Macronutrients,12,FALSE)*AC6+VLOOKUP(Y7,Macronutrients,12,FALSE)*AC7+VLOOKUP(Y8,Macronutrients,12,FALSE)*AC8+VLOOKUP(Y9,Macronutrients,12,FALSE)*AC9+VLOOKUP(Y10,Macronutrients,12,FALSE)*AC10+VLOOKUP(Y11,Macronutrients,12,FALSE)*AC11+VLOOKUP(Y14,Micronutrients,12,FALSE)*AC14+VLOOKUP(Y15,Micronutrients,12,FALSE)*AC15+VLOOKUP(Y16,Micronutrients,12,FALSE)*AC16+VLOOKUP(Y17,Micronutrients,12,FALSE)*AC17+VLOOKUP(Y20,Lime,12,FALSE)*AC20","v":0},{"$f":"VLOOKUP(Y6,Macronutrients,13,FALSE)*AC6+VLOOKUP(Y7,Macronutrients,13,FALSE)*AC7+VLOOKUP(Y8,Macronutrients,13,FALSE)*AC8+VLOOKUP(Y9,Macronutrients,13,FALSE)*AC9+VLOOKUP(Y10,Macronutrients,13,FALSE)*AC10+VLOOKUP(Y11,Macronutrients,13,FALSE)*AC11+VLOOKUP(Y14,Micronutrients,13,FALSE)*AC14+VLOOKUP(Y15,Micronutrients,13,FALSE)*AC15+VLOOKUP(Y16,Micronutrients,13,FALSE)*AC16+VLOOKUP(Y17,Micronutrients,13,FALSE)*AC17+VLOOKUP(Y20,Lime,13,FALSE)*AC20","v":0}]
["None",{"$f":"VLOOKUP($A16,Micronutrients,14,FALSE)","v":0},{"$f":"VLOOKUP(A16,Micronutrients,18,FALSE)","v":0},{"$f":"VLOOKUP(A16,Micronutrients,16,FALSE)","v":1},0,{"$f":"VLOOKUP(A16,Micronutrients,15,FALSE)","v":0},{"$f":"(E16*VLOOKUP(A16,Micronutrients,14,FALSE)/D16)*C16","v":0},null,null,null,null,null,"None",{"$f":"VLOOKUP(M16,Micronutrients,14,FALSE)","v":0},{"$f":"VLOOKUP(M16,Micronutrients,18,FALSE)","v":0},{"$f":"VLOOKUP(M16,Micronutrients,16,FALSE)","v":1},0,{"$f":"VLOOKUP(M16,Micronutrients,15,FALSE)","v":0},{"$f":"(Q16*VLOOKUP(M16,Micronutrients,14,FALSE)/P16)*O16","v":0},null,null,null,null,null,"None",{"$f":"VLOOKUP(Y16,Micronutrients,14,FALSE)","v":0},{"$f":"VLOOKUP(Y16,Micronutrients,18,FALSE)","v":0},{"$f":"VLOOKUP(Y16,Micronutrients,16,FALSE)","v":1},0,{"$f":"VLOOKUP(Y16,Micronutrients,15,FALSE)","v":0},{"$f":"(AC16*VLOOKUP(Y16,Micronutrients,14,FALSE)/AB16)*AA16","v":0}]
["None",{"$f":"VLOOKUP($A17,Micronutrients,14,FALSE)","v":0},{"$f":"VLOOKUP(A17,Micronutrients,18,FALSE)","v":0},{"$f":"VLOOKUP(A17,Micronutrients,16,FALSE)","v":1},0,{"$f":"VLOOKUP(A17,Micronutrients,15,FALSE)","v":0},{"$f":"(E17*VLOOKUP(A17,Micronutrients,14,FALSE)/D17)*C17","v":0},null,null,null,null,null,"None",{"$f":"VLOOKUP(M17,Micronutrients,14,FALSE)","v":0},{"$f":"VLOOKUP(M17,Micronutrients,18,FALSE)","v":0},{"$f":"VLOOKUP(M17,Micronutrients,16,FALSE)","v":1},0,{"$f":"VLOOKUP(M17,Micronutrients,15,FALSE)","v":0},{"$f":"(Q17*VLOOKUP(M17,Micronutrients,14,FALSE)/P17)*O17","v":0},null,null,null,null,null,"None",{"$f":"VLOOKUP(Y17,Micronutrients,14,FALSE)","v":0},{"$f":"VLOOKUP(Y17,Micronutrients,18,FALSE)","v":0},{"$f":"VLOOKUP(Y17,Micronutrients,16,FALSE)","v":1},0,{"$f":"VLOOKUP(Y17,Micronutrients,15,FALSE)","v":0},{"$f":"(AC17*VLOOKUP(Y17,Micronutrients,14,FALSE)/AB17)*AA17","v":0}]
[]
["Lime (drop down menu)",null,null,null,null,null,null,null,null,null,null,null,"Lime (drop down menu)",null,null,null,null,null,null,null,null,null,null,null,"Lime (drop down menu)"]
["None",{"$f":"VLOOKUP(A20,Lime,14,FALSE)","v":0},{"$f":"VLOOKUP(A20,Lime,18,FALSE)","v":0},{"$f":"VLOOKUP(A20,Lime,16,FALSE)","v":1},0,{"$f":"VLOOKUP(A20,Lime,15,FALSE)","v":0},{"$f":"(E20*VLOOKUP(A20,Lime,14,FALSE)/D20)*C20","v":0},null,null,null,null,null,"None",{"$f":"VLOOKUP(M20,Lime,14,FALSE)","v":0},{"$f":"VLOOKUP(M20,Lime,18,FALSE)","v":0},{"$f":"VLOOKUP(M20,Lime,16,FALSE)","v":1},0,{"$f":"VLOOKUP(M20,Lime,15,FALSE)","v":0},{"$f":"(Q20*VLOOKUP(M20,Lime,14,FALSE)/P20)*O20","v":0},null,null,null,null,null,"None",{"$f":"VLOOKUP(Y20,Lime,14,FALSE)","v":0},{"$f":"VLOOKUP(Y20,Lime,18,FALSE)","v":0},{"$f":"VLOOKUP(Y20,Lime,16,FALSE)","v":1},0,{"$f":"VLOOKUP(Y20,Lime,15,FALSE)","v":0},{"$f":"(AC20*VLOOKUP(Y20,Lime,14,FALSE)/AB20)*AA20","v":0}]
[]
["Nitrogen Stabilizers (drop down menu)",null,null,null,null,null,null,null,null,null,null,null,"Nitrogen Stabilizers (drop down menu)",null,null,null,null,null,null,null,null,null,null,null,"Nitrogen Stabilizers (drop down menu)"]
["None",{"$f":"VLOOKUP(A23,NitrogenStabilizers,14,FALSE)","v":0},{"$f":"VLOOKUP(A23,NitrogenStabilizers,18,FALSE)","v":0},{"$f":"VLOOKUP(A23,NitrogenStabilizers,16,FALSE)","v":1},0,{"$f":"VLOOKUP(A23,NitrogenStabilizers,15,FALSE)","v":0},{"$f":"(E23*VLOOKUP(A23,NitrogenStabilizers,14,FALSE)/D23)*C23","v":0},null,null,null,null,null,"None",{"$f":"VLOOKUP(M23,NitrogenStabilizers,14,FALSE)","v":0},{"$f":"VLOOKUP(M23,NitrogenStabilizers,18,FALSE)","v":0},{"$f":"VLOOKUP(M23,NitrogenStabilizers,16,FALSE)","v":1},0,{"$f":"VLOOKUP(M23,NitrogenStabilizers,15,FALSE)","v":0},{"$f":"(Q23*VLOOKUP(M23,NitrogenStabilizers,14,FALSE)/P23)*O23","v":0},null,null,null,null,null,"None",{"$f":"VLOOKUP(Y23,NitrogenStabilizers,14,FALSE)","v":0},{"$f":"VLOOKUP(Y23,NitrogenStabilizers,18,FALSE)","v":0},{"$f":"VLOOKUP(Y23,NitrogenStabilizers,16,FALSE)","v":1},0,{"$f":"VLOOKUP(Y23,NitrogenStabilizers,15,FALSE)","v":0},{"$f":"(AC23*VLOOKUP(Y23,NitrogenStabilizers,14,FALSE)/AB23)*AA23","v":0}]
["None",{"$f":"VLOOKUP(A24,NitrogenStabilizers,14,FALSE)","v":0},{"$f":"VLOOKUP(A24,NitrogenStabilizers,18,FALSE)","v":0},{"$f":"VLOOKUP(A24,NitrogenStabilizers,16,FALSE)","v":1},0,{"$f":"VLOOKUP(A24,NitrogenStabilizers,15,FALSE)","v":0},{"$f":"(E24*VLOOKUP(A24,NitrogenStabilizers,14,FALSE)/D24)*C24","v":0},null,null,null,null,null,"None",{"$f":"VLOOKUP(M24,NitrogenStabilizers,14,FALSE)","v":0},{"$f":"VLOOKUP(M24,NitrogenStabilizers,18,FALSE)","v":0},{"$f":"VLOOKUP(M24,NitrogenStabilizers,16,FALSE)","v":1},0,{"$f":"VLOOKUP(M24,NitrogenStabilizers,15,FALSE)","v":0},{"$f":"(Q24*VLOOKUP(M24,NitrogenStabilizers,14,FALSE)/P24)*O24","v":0},null,null,null,null,null,"None",{"$f":"VLOOKUP(Y24,NitrogenStabilizers,14,FALSE)","v":0},{"$f":"VLOOKUP(Y24,NitrogenStabilizers,18,FALSE)","v":0},{"$f":"VLOOKUP(Y24,NitrogenStabilizers,16,FALSE)","v":1},0,{"$f":"VLOOKUP(Y24,NitrogenStabilizers,15,FALSE)","v":0},{"$f":"(AC24*VLOOKUP(Y24,NitrogenStabilizers,14,FALSE)/AB24)*AA24","v":0}]
["1st Application Fertilizer Cost/Acre",null,null,null,null,null,{"$f":"SUM(G6:G24)","v":0},null,null,null,null,null,"1st Application Fertilizer Cost/Acre",null,null,null,null,null,{"$f":"SUM(S6:S24)","v":0},null,null,null,null,null,"1st Application Fertilizer Cost/Acre",null,null,null,null,null,{"$f":"SUM(AE6:AE24)","v":0}]
[]
["2nd Application (i.e., Starter Fertilizer or Broadcast)",null,null,null,null,null,null,null,null,null,null,null,"2nd Application (i.e., Starter Fertilizer or Broadcast)",null,null,null,null,null,null,null,null,null,null,null,"2nd Application (i.e., Starter Fertilizer or Broadcast)"]
["Fertilizer Source","Purchase Units","Package Price (Gals, Lbs, etc.)","Units/Pkg","Rate/Acre","Units","Cost",null,null,null,null,null,"Fertilizer Source","Purchase Units","Package Price (Gals, Lbs, etc.)","Units/Pkg","Rate/Acre","Units","Cost",null,null,null,null,null,"Fertilizer Source","Purchase Units","Package Price (Gals, Lbs, etc.)","Units/Pkg","Rate/Acre","Units","Cost"]
["Macronutrients (drop down menu)",null,null,null,"(Enter Below)",null,null,null,"N","P","K",null,"Macronutrients (drop down menu)",null,null,null,"(Enter Below)",null,null,null,"N","P","K",null,"Macronutrients (drop down menu)",null,null,null,"(Enter Below)",null,null,null,"N","P","K"]
["None",{"$f":"VLOOKUP(A30,Macronutrients,14,FALSE)","v":0},{"$f":"VLOOKUP(A30,Macronutrients,18,FALSE)","v":0},{"$f":"VLOOKUP(A30,Macronutrients,16,FALSE)","v":1},0,{"$f":"VLOOKUP(A30,Macronutrients,15,FALSE)","v":0},{"$f":"(E30*VLOOKUP(A30,Macronutrients,14,FALSE)/D30)*C30","v":0},null,{"$f":"VLOOKUP(A30,Macronutrients,2,FALSE)*E30+VLOOKUP(A31,Macronutrients,2,FALSE)*E31+VLOOKUP(A32,Macronutrients,2,FALSE)*E32+VLOOKUP(A33,Macronutrients,2,FALSE)*E33+VLOOKUP(A34,Macronutrients,2,FALSE)*E34+VLOOKUP(A35,Macronutrients,2,FALSE)*E35+VLOOKUP(A38,Micronutrients,2,FALSE)*E38+VLOOKUP(A39,Micronutrients,2,FALSE)*E39+VLOOKUP(A40,Micronutrients,2,FALSE)*E40+VLOOKUP(A41,Micronutrients,2,FALSE)*E41","v":0},{"$f":"VLOOKUP(A30,Macronutrients,3,FALSE)*E30+VLOOKUP(A31,Macronutrients,3,FALSE)*E31+VLOOKUP(A32,Macronutrients,3,FALSE)*E32+VLOOKUP(A33,Macronutrients,3,FALSE)*E33+VLOOKUP(A34,Macronutrients,3,FALSE)*E34+VLOOKUP(A35,Macronutrients,3,FALSE)*E35+VLOOKUP(A38,Micronutrients,3,FALSE)*E38+VLOOKUP(A39,Micronutrients,3,FALSE)*E39+VLOOKUP(A40,Micronutrients,3,FALSE)*E40+VLOOKUP(A41,Micronutrients,3,FALSE)*E41","v":0},{"$f":"VLOOKUP(A30,Macronutrients,4,FALSE)*E30+VLOOKUP(A31,Macronutrients,4,FALSE)*E31+VLOOKUP(A32,Macronutrients,4,FALSE)*E32+VLOOKUP(A33,Macronutrients,4,FALSE)*E33+VLOOKUP(A34,Macronutrients,4,FALSE)*E34+VLOOKUP(A35,Macronutrients,4,FALSE)*E35+VLOOKUP(A38,Micronutrients,4,FALSE)*E38+VLOOKUP(A39,Micronutrients,4,FALSE)*E39+VLOOKUP(A40,Micronutrients,4,FALSE)*E40+VLOOKUP(A41,Micronutrients,4,FALSE)*E41","v":0},null,"None",{"$f":"VLOOKUP(M30,Macronutrients,14,FALSE)","v":0},{"$f":"VLOOKUP(M30,Macronutrients,18,FALSE)","v":0},{"$f":"VLOOKUP(M30,Macronutrients,16,FALSE)","v":1},0,{"$f":"VLOOKUP(M30,Macronutrients,15,FALSE)","v":0},{"$f":"(Q30*VLOOKUP(M30,Macronutrients,14,FALSE)/P30)*O30","v":0},null,{"$f":"VLOOKUP(M30,Macronutrients,2,FALSE)*Q30+VLOOKUP(M31,Macronutrients,2,FALSE)*Q31+VLOOKUP(M32,Macronutrients,2,FALSE)*Q32+VLOOKUP(M33,Macronutrients,2,FALSE)*Q33+VLOOKUP(M34,Macronutrients,2,FALSE)*Q34+VLOOKUP(M35,Macronutrients,2,FALSE)*Q35+VLOOKUP(M38,Micronutrients,2,FALSE)*Q38+VLOOKUP(M39,Micronutrients,2,FALSE)*Q39+VLOOKUP(M40,Micronutrients,2,FALSE)*Q40+VLOOKUP(M41,Micronutrients,2,FALSE)*Q41","v":0},{"$f":"VLOOKUP(M30,Macronutrients,3,FALSE)*Q30+VLOOKUP(M31,Macronutrients,3,FALSE)*Q31+VLOOKUP(M32,Macronutrients,3,FALSE)*Q32+VLOOKUP(M33,Macronutrients,3,FALSE)*Q33+VLOOKUP(M34,Macronutrients,3,FALSE)*Q34+VLOOKUP(M35,Macronutrients,3,FALSE)*Q35+VLOOKUP(M38,Micronutrients,3,FALSE)*Q38+VLOOKUP(M39,Micronutrients,3,FALSE)*Q39+VLOOKUP(M40,Micronutrients,3,FALSE)*Q40+VLOOKUP(M41,Micronutrients,3,FALSE)*Q41","v":0},{"$f":"VLOOKUP(M30,Macronutrients,4,FALSE)*Q30+VLOOKUP(M31,Macronutrients,4,FALSE)*Q31+VLOOKUP(M32,Macronutrients,4,FALSE)*Q32+VLOOKUP(M33,Macronutrients,4,FALSE)*Q33+VLOOKUP(M34,Macronutrients,4,FALSE)*Q34+VLOOKUP(M35,Macronutrients,4,FALSE)*Q35+VLOOKUP(M38,Micronutrients,4,FALSE)*Q38+VLOOKUP(M39,Micronutrients,4,FALSE)*Q39+VLOOKUP(M40,Micronutrients,4,FALSE)*Q40+VLOOKUP(M41,Micronutrients,4,FALSE)*Q41","v":0},null,"None",{"$f":"VLOOKUP(Y30,Macronutrients,14,FALSE)","v":0},{"$f":"VLOOKUP(Y30,Macronutrients,18,FALSE)","v":0},{"$f":"VLOOKUP(Y30,Macronutrients,16,FALSE)","v":1},0,{"$f":"VLOOKUP(Y30,Macronutrients,15,FALSE)","v":0},{"$f":"(AC30*VLOOKUP(Y30,Macronutrients,14,FALSE)/AB30)*AA30","v":0},null,{"$f":"VLOOKUP(Y30,Macronutrients,2,FALSE)*AC30+VLOOKUP(Y31,Macronutrients,2,FALSE)*AC31+VLOOKUP(Y32,Macronutrients,2,FALSE)*AC32+VLOOKUP(Y33,Macronutrients,2,FALSE)*AC33+VLOOKUP(Y34,Macronutrients,2,FALSE)*AC34+VLOOKUP(Y35,Macronutrients,2,FALSE)*AC35+VLOOKUP(Y38,Micronutrients,2,FALSE)*AC38+VLOOKUP(Y39,Micronutrients,2,FALSE)*AC39+VLOOKUP(Y40,Micronutrients,2,FALSE)*AC40+VLOOKUP(Y41,Micronutrients,2,FALSE)*AC41","v":0},{"$f":"VLOOKUP(Y30,Macronutrients,3,FALSE)*AC30+VLOOKUP(Y31,Macronutrients,3,FALSE)*AC31+VLOOKUP(Y32,Macronutrients,3,FALSE)*AC32+VLOOKUP(Y33,Macronutrients,3,FALSE)*AC33+VLOOKUP(Y34,Macronutrients,3,FALSE)*AC34+VLOOKUP(Y35,Macronutrients,3,FALSE)*AC35+VLOOKUP(Y38,Micronutrients,3,FALSE)*AC38+VLOOKUP(Y39,Micronutrients,3,FALSE)*AC39+VLOOKUP(Y40,Micronutrients,3,FALSE)*AC40+VLOOKUP(Y41,Micronutrients,3,FALSE)*AC41","v":0},{"$f":"VLOOKUP(Y30,Macronutrients,4,FALSE)*AC30+VLOOKUP(Y31,Macronutrients,4,FALSE)*AC31+VLOOKUP(Y32,Macronutrients,4,FALSE)*AC32+VLOOKUP(Y33,Macronutrients,4,FALSE)*AC33+VLOOKUP(Y34,Macronutrients,4,FALSE)*AC34+VLOOKUP(Y35,Macronutrients,4,FALSE)*AC35+VLOOKUP(Y38,Micronutrients,4,FALSE)*AC38+VLOOKUP(Y39,Micronutrients,4,FALSE)*AC39+VLOOKUP(Y40,Micronutrients,4,FALSE)*AC40+VLOOKUP(Y41,Micronutrients,4,FALSE)*AC41","v":0}]
["None",0,0,1,0,0,0,null,null,null,null,null,"None",0,0,1,0,0,0,null,null,null,null,null,"None",0,0,1,0,0,0]
["None",0,0,1,0,0,0,null,"S","Ca","Mg",null,"None",0,0,1,0,0,0,null,"S","Ca","Mg",null,"None",0,0,1,0,0,0,null,"S","Ca","Mg"]
["None",0,0,1,0,0,0,null,{"$f":"VLOOKUP(A30,Macronutrients,5,FALSE)*E30+VLOOKUP(A31,Macronutrients,5,FALSE)*E31+VLOOKUP(A32,Macronutrients,5,FALSE)*E32+VLOOKUP(A33,Macronutrients,5,FALSE)*E33+VLOOKUP(A34,Macronutrients,5,FALSE)*E34+VLOOKUP(A35,Macronutrients,5,FALSE)*E35+VLOOKUP(A38,Micronutrients,5,FALSE)*E38+VLOOKUP(A39,Micronutrients,5,FALSE)*E39+VLOOKUP(A40,Micronutrients,5,FALSE)*E40+VLOOKUP(A41,Micronutrients,5,FALSE)*E41","v":0},{"$f":"VLOOKUP(A30,Macronutrients,7,FALSE)*E30+VLOOKUP(A31,Macronutrients,7,FALSE)*E31+VLOOKUP(A32,Macronutrients,7,FALSE)*E32+VLOOKUP(A33,Macronutrients,7,FALSE)*E33+VLOOKUP(A34,Macronutrients,7,FALSE)*E34+VLOOKUP(A35,Macronutrients,7,FALSE)*E35+VLOOKUP(A38,Micronutrients,7,FALSE)*E38+VLOOKUP(A39,Micronutrients,7,FALSE)*E39+VLOOKUP(A40,Micronutrients,7,FALSE)*E40+VLOOKUP(A41,Micronutrients,7,FALSE)*E41","v":0},{"$f":"VLOOKUP($A30,Macronutrients,6,FALSE)*$E$6+VLOOKUP($A31,Macronutrients,6,FALSE)*$E$7+VLOOKUP($A32,Macronutrients,6,FALSE)*$E$8+VLOOKUP($A33,Macronutrients,6,FALSE)*$E$9+VLOOKUP($A34,Macronutrients,6,FALSE)*$E$10+VLOOKUP($A35,Macronutrients,6,FALSE)*$E$11+VLOOKUP($A38,Micronutrients,6,FALSE)*$E$14+VLOOKUP($A39,Micronutrients,6,FALSE)*E39+VLOOKUP($A40,Micronutrients,6,FALSE)*$E$16+VLOOKUP($A41,Micronutrients,6,FALSE)*$E$17","v":0},null,"None",0,0,1,0,0,0,null,{"$f":"VLOOKUP(M30,Macronutrients,5,FALSE)*Q30+VLOOKUP(M31,Macronutrients,5,FALSE)*Q31+VLOOKUP(M32,Macronutrients,5,FALSE)*Q32+VLOOKUP(M33,Macronutrients,5,FALSE)*Q33+VLOOKUP(M34,Macronutrients,5,FALSE)*Q34+VLOOKUP(M35,Macronutrients,5,FALSE)*Q35+VLOOKUP(M38,Micronutrients,5,FALSE)*Q38+VLOOKUP(M39,Micronutrients,5,FALSE)*Q39+VLOOKUP(M40,Micronutrients,5,FALSE)*Q40+VLOOKUP(M41,Micronutrients,5,FALSE)*Q41","v":0},{"$f":"VLOOKUP(M30,Macronutrients,7,FALSE)*Q30+VLOOKUP(M31,Macronutrients,7,FALSE)*Q31+VLOOKUP(M32,Macronutrients,7,FALSE)*Q32+VLOOKUP(M33,Macronutrients,7,FALSE)*Q33+VLOOKUP(M34,Macronutrients,7,FALSE)*Q34+VLOOKUP(M35,Macronutrients,7,FALSE)*Q35+VLOOKUP(M38,Micronutrients,7,FALSE)*Q38+VLOOKUP(M39,Micronutrients,7,FALSE)*Q39+VLOOKUP(M40,Micronutrients,7,FALSE)*Q40+VLOOKUP(M41,Micronutrients,7,FALSE)*Q41","v":0},{"$f":"VLOOKUP($A30,Macronutrients,6,FALSE)*$E$6+VLOOKUP($A31,Macronutrients,6,FALSE)*$E$7+VLOOKUP($A32,Macronutrients,6,FALSE)*$E$8+VLOOKUP($A33,Macronutrients,6,FALSE)*$E$9+VLOOKUP($A34,Macronutrients,6,FALSE)*$E$10+VLOOKUP($A35,Macronutrients,6,FALSE)*$E$11+VLOOKUP($A38,Micronutrients,6,FALSE)*$E$14+VLOOKUP($A39,Micronutrients,6,FALSE)*Q39+VLOOKUP($A40,Micronutrients,6,FALSE)*$E$16+VLOOKUP($A41,Micronutrients,6,FALSE)*$E$17","v":0},null,"None",0,0,1,0,0,0,null,{"$f":"VLOOKUP(Y30,Macronutrients,5,FALSE)*AC30+VLOOKUP(Y31,Macronutrients,5,FALSE)*AC31+VLOOKUP(Y32,Macronutrients,5,FALSE)*AC32+VLOOKUP(Y33,Macronutrients,5,FALSE)*AC33+VLOOKUP(Y34,Macronutrients,5,FALSE)*AC34+VLOOKUP(Y35,Macronutrients,5,FALSE)*AC35+VLOOKUP(Y38,Micronutrients,5,FALSE)*AC38+VLOOKUP(Y39,Micronutrients,5,FALSE)*AC39+VLOOKUP(Y40,Micronutrients,5,FALSE)*AC40+VLOOKUP(Y41,Micronutrients,5,FALSE)*AC41","v":0},{"$f":"VLOOKUP(Y30,Macronutrients,7,FALSE)*AC30+VLOOKUP(Y31,Macronutrients,7,FALSE)*AC31+VLOOKUP(Y32,Macronutrients,7,FALSE)*AC32+VLOOKUP(Y33,Macronutrients,7,FALSE)*AC33+VLOOKUP(Y34,Macronutrients,7,FALSE)*AC34+VLOOKUP(Y35,Macronutrients,7,FALSE)*AC35+VLOOKUP(Y38,Micronutrients,7,FALSE)*AC38+VLOOKUP(Y39,Micronutrients,7,FALSE)*AC39+VLOOKUP(Y40,Micronutrients,7,FALSE)*AC40+VLOOKUP(Y41,Micronutrients,7,FALSE)*AC41","v":0},{"$f":"VLOOKUP($A30,Macronutrients,6,FALSE)*$E$6+VLOOKUP($A31,Macronutrients,6,FALSE)*$E$7+VLOOKUP($A32,Macronutrients,6,FALSE)*$E$8+VLOOKUP($A33,Macronutrients,6,FALSE)*$E$9+VLOOKUP($A34,Macronutrients,6,FALSE)*$E$10+VLOOKUP($A35,Macronutrients,6,FALSE)*$E$11+VLOOKUP($A38,Micronutrients,6,FALSE)*$E$14+VLOOKUP($A39,Micronutrients,6,FALSE)*AC39+VLOOKUP($A40,Micronutrients,6,FALSE)*$E$16+VLOOKUP($A41,Micronutrients,6,FALSE)*$E$17","v":0}]
["None",0,0,1,0,0,0,null,null,null,null,null,"None",0,0,1,0,0,0,null,null,null,null,null,"None",0,0,1,0,0,0]
["None",0,0,1,0,0,0,null,"Z","B","Mn",null,"None",0,0,1,0,0,0,null,"Z","B","Mn",null,"None",0,0,1,0,0,0,null,"Z","B","Mn"]
[null,null,null,null,null,null,null,null,{"$f":"VLOOKUP(A30,Macronutrients,8,FALSE)*E30+VLOOKUP(A31,Macronutrients,8,FALSE)*E31+VLOOKUP(A32,Macronutrients,8,FALSE)*E32+VLOOKUP(A33,Macronutrients,8,FALSE)*E33+VLOOKUP(A34,Macronutrients,8,FALSE)*E34+VLOOKUP(A35,Macronutrients,8,FALSE)*E35+VLOOKUP(A38,Micronutrients,8,FALSE)*E38+VLOOKUP(A39,Micronutrients,8,FALSE)*E39+VLOOKUP(A40,Micronutrients,8,FALSE)*E40+VLOOKUP(A41,Micronutrients,8,FALSE)*E41","v":0},{"$f":"VLOOKUP(A30,Macronutrients,9,FALSE)*E30+VLOOKUP(A31,Macronutrients,9,FALSE)*E31+VLOOKUP(A32,Macronutrients,9,FALSE)*E32+VLOOKUP(A33,Macronutrients,9,FALSE)*E33+VLOOKUP(A34,Macronutrients,9,FALSE)*E34+VLOOKUP(A35,Macronutrients,9,FALSE)*E35+VLOOKUP(A38,Micronutrients,9,FALSE)*E38+VLOOKUP(A39,Micronutrients,9,FALSE)*E39+VLOOKUP(A40,Micronutrients,9,FALSE)*E40+VLOOKUP(A41,Micronutrients,9,FALSE)*E41","v":0},{"$f":"VLOOKUP(A30,Macronutrients,10,FALSE)*E30+VLOOKUP(A31,Macronutrients,10,FALSE)*E31+VLOOKUP(A32,Macronutrients,10,FALSE)*E32+VLOOKUP(A33,Macronutrients,10,FALSE)*E33+VLOOKUP(A34,Macronutrients,10,FALSE)*E34+VLOOKUP(A35,Macronutrients,10,FALSE)*E35+VLOOKUP(A38,Micronutrients,10,FALSE)*E38+VLOOKUP(A39,Micronutrients,10,FALSE)*E39+VLOOKUP(A40,Micronutrients,10,FALSE)*E40+VLOOKUP(A41,Micronutrients,10,FALSE)*E41","v":0},null,null,null,null,null,null,null,null,null,{"$f":"VLOOKUP(M30,Macronutrients,8,FALSE)*Q30+VLOOKUP(M31,Macronutrients,8,FALSE)*Q31+VLOOKUP(M32,Macronutrients,8,FALSE)*Q32+VLOOKUP(M33,Macronutrients,8,FALSE)*Q33+VLOOKUP(M34,Macronutrients,8,FALSE)*Q34+VLOOKUP(M35,Macronutrients,8,FALSE)*Q35+VLOOKUP(M38,Micronutrients,8,FALSE)*Q38+VLOOKUP(M39,Micronutrients,8,FALSE)*Q39+VLOOKUP(M40,Micronutrients,8,FALSE)*Q40+VLOOKUP(M41,Micronutrients,8,FALSE)*Q41","v":0},{"$f":"VLOOKUP(M30,Macronutrients,9,FALSE)*Q30+VLOOKUP(M31,Macronutrients,9,FALSE)*Q31+VLOOKUP(M32,Macronutrients,9,FALSE)*Q32+VLOOKUP(M33,Macronutrients,9,FALSE)*Q33+VLOOKUP(M34,Macronutrients,9,FALSE)*Q34+VLOOKUP(M35,Macronutrients,9,FALSE)*Q35+VLOOKUP(M38,Micronutrients,9,FALSE)*Q38+VLOOKUP(M39,Micronutrients,9,FALSE)*Q39+VLOOKUP(M40,Micronutrients,9,FALSE)*Q40+VLOOKUP(M41,Micronutrients,9,FALSE)*Q41","v":0},{"$f":"VLOOKUP(M30,Macronutrients,10,FALSE)*Q30+VLOOKUP(M31,Macronutrients,10,FALSE)*Q31+VLOOKUP(M32,Macronutrients,10,FALSE)*Q32+VLOOKUP(M33,Macronutrients,10,FALSE)*Q33+VLOOKUP(M34,Macronutrients,10,FALSE)*Q34+VLOOKUP(M35,Macronutrients,10,FALSE)*Q35+VLOOKUP(M38,Micronutrients,10,FALSE)*Q38+VLOOKUP(M39,Micronutrients,10,FALSE)*Q39+VLOOKUP(M40,Micronutrients,10,FALSE)*Q40+VLOOKUP(M41,Micronutrients,10,FALSE)*Q41","v":0},null,null,null,null,null,null,null,null,null,{"$f":"VLOOKUP(Y30,Macronutrients,8,FALSE)*AC30+VLOOKUP(Y31,Macronutrients,8,FALSE)*AC31+VLOOKUP(Y32,Macronutrients,8,FALSE)*AC32+VLOOKUP(Y33,Macronutrients,8,FALSE)*AC33+VLOOKUP(Y34,Macronutrients,8,FALSE)*AC34+VLOOKUP(Y35,Macronutrients,8,FALSE)*AC35+VLOOKUP(Y38,Micronutrients,8,FALSE)*AC38+VLOOKUP(Y39,Micronutrients,8,FALSE)*AC39+VLOOKUP(Y40,Micronutrients,8,FALSE)*AC40+VLOOKUP(Y41,Micronutrients,8,FALSE)*AC41","v":0},{"$f":"VLOOKUP(Y30,Macronutrients,9,FALSE)*AC30+VLOOKUP(Y31,Macronutrients,9,FALSE)*AC31+VLOOKUP(Y32,Macronutrients,9,FALSE)*AC32+VLOOKUP(Y33,Macronutrients,9,FALSE)*AC33+VLOOKUP(Y34,Macronutrients,9,FALSE)*AC34+VLOOKUP(Y35,Macronutrients,9,FALSE)*AC35+VLOOKUP(Y38,Micronutrients,9,FALSE)*AC38+VLOOKUP(Y39,Micronutrients,9,FALSE)*AC39+VLOOKUP(Y40,Micronutrients,9,FALSE)*AC40+VLOOKUP(Y41,Micronutrients,9,FALSE)*AC41","v":0},{"$f":"VLOOKUP(Y30,Macronutrients,10,FALSE)*AC30+VLOOKUP(Y31,Macronutrients,10,FALSE)*AC31+VLOOKUP(Y32,Macronutrients,10,FALSE)*AC32+VLOOKUP(Y33,Macronutrients,10,FALSE)*AC33+VLOOKUP(Y34,Macronutrients,10,FALSE)*AC34+VLOOKUP(Y35,Macronutrients,10,FALSE)*AC35+VLOOKUP(Y38,Micronutrients,10,FALSE)*AC38+VLOOKUP(Y39,Micronutrients,10,FALSE)*AC39+VLOOKUP(Y40,Micronutrients,10,FALSE)*AC40+VLOOKUP(Y41,Micronutrients,10,FALSE)*AC41","v":0}]
["Micronutrients (drop down menu)",null,null,null,null,null,null,null,null,null,null,null,"Micronutrients (drop down menu)",null,null,null,null,null,null,null,null,null,null,null,"Micronutrients (drop down menu)"]
["None",{"$f":"VLOOKUP($A38,Micronutrients,14,FALSE)","v":0},{"$f":"VLOOKUP(A38,Micronutrients,18,FALSE)","v":0},{"$f":"VLOOKUP(A38,Micronutrients,16,FALSE)","v":1},0,{"$f":"VLOOKUP(A38,Micronutrients,15,FALSE)","v":0},{"$f":"(E38*VLOOKUP(A38,Micronutrients,14,FALSE)/D38)*C38","v":0},null,"Cu","Mo","Fe",null,"None",{"$f":"VLOOKUP($M38,Micronutrients,14,FALSE)","v":0},{"$f":"VLOOKUP(M38,Micronutrients,18,FALSE)","v":0},{"$f":"VLOOKUP(M38,Micronutrients,16,FALSE)","v":1},0,{"$f":"VLOOKUP(M38,Micronutrients,15,FALSE)","v":0},{"$f":"(Q38*VLOOKUP(M38,Micronutrients,14,FALSE)/P38)*O38","v":0},null,"Cu","Mo","Fe",null,"None",{"$f":"VLOOKUP(Y38,Micronutrients,14,FALSE)","v":0},{"$f":"VLOOKUP(Y38,Micronutrients,18,FALSE)","v":0},{"$f":"VLOOKUP(Y38,Micronutrients,16,FALSE)","v":1},0,{"$f":"VLOOKUP(Y38,Micronutrients,15,FALSE)","v":0},{"$f":"(AC38*VLOOKUP(Y38,Micronutrients,14,FALSE)/AB38)*AA38","v":0},null,"Cu","Mo","Fe"]
["None",{"$f":"VLOOKUP($A39,Micronutrients,14,FALSE)","v":0},{"$f":"VLOOKUP(A39,Micronutrients,18,FALSE)","v":0},{"$f":"VLOOKUP(A39,Micronutrients,16,FALSE)","v":1},0,{"$f":"VLOOKUP(A39,Micronutrients,15,FALSE)","v":0},{"$f":"(E39*VLOOKUP(A39,Micronutrients,14,FALSE)/D39)*C39","v":0},null,{"$f":"VLOOKUP(A30,Macronutrients,11,FALSE)*E30+VLOOKUP(A31,Macronutrients,11,FALSE)*E31+VLOOKUP(A32,Macronutrients,11,FALSE)*E32+VLOOKUP(A33,Macronutrients,11,FALSE)*E33+VLOOKUP(A34,Macronutrients,11,FALSE)*E34+VLOOKUP(A35,Macronutrients,11,FALSE)*E35+VLOOKUP(A38,Micronutrients,11,FALSE)*E38+VLOOKUP(A39,Micronutrients,11,FALSE)*E39+VLOOKUP(A40,Micronutrients,11,FALSE)*E40+VLOOKUP(A41,Micronutrients,11,FALSE)*E41","v":0},{"$f":"VLOOKUP(A30,Macronutrients,12,FALSE)*E30+VLOOKUP(A31,Macronutrients,12,FALSE)*E31+VLOOKUP(A32,Macronutrients,12,FALSE)*E32+VLOOKUP(A33,Macronutrients,12,FALSE)*E33+VLOOKUP(A34,Macronutrients,12,FALSE)*E34+VLOOKUP(A35,Macronutrients,12,FALSE)*E35+VLOOKUP(A38,Micronutrients,12,FALSE)*E38+VLOOKUP(A39,Micronutrients,12,FALSE)*E39+VLOOKUP(A40,Micronutrients,12,FALSE)*E40+VLOOKUP(A41,Micronutrients,12,FALSE)*E41","v":0},{"$f":"VLOOKUP(A30,Macronutrients,13,FALSE)*E30+VLOOKUP(A31,Macronutrients,13,FALSE)*E31+VLOOKUP(A32,Macronutrients,13,FALSE)*E32+VLOOKUP(A33,Macronutrients,13,FALSE)*E33+VLOOKUP(A34,Macronutrients,13,FALSE)*E34+VLOOKUP(A35,Macronutrients,13,FALSE)*E35+VLOOKUP(A38,Micronutrients,13,FALSE)*E38+VLOOKUP(A39,Micronutrients,13,FALSE)*E39+VLOOKUP(A40,Micronutrients,13,FALSE)*E40+VLOOKUP(A41,Micronutrients,13,FALSE)*E41","v":0},null,"None",{"$f":"VLOOKUP($M39,Micronutrients,14,FALSE)","v":0},{"$f":"VLOOKUP(M39,Micronutrients,18,FALSE)","v":0},{"$f":"VLOOKUP(M39,Micronutrients,16,FALSE)","v":1},0,{"$f":"VLOOKUP(M39,Micronutrients,15,FALSE)","v":0},{"$f":"(Q39*VLOOKUP(M39,Micronutrients,14,FALSE)/P39)*O39","v":0},null,{"$f":"VLOOKUP(M30,Macronutrients,11,FALSE)*Q30+VLOOKUP(M31,Macronutrients,11,FALSE)*Q31+VLOOKUP(M32,Macronutrients,11,FALSE)*Q32+VLOOKUP(M33,Macronutrients,11,FALSE)*Q33+VLOOKUP(M34,Macronutrients,11,FALSE)*Q34+VLOOKUP(M35,Macronutrients,11,FALSE)*Q35+VLOOKUP(M38,Micronutrients,11,FALSE)*Q38+VLOOKUP(M39,Micronutrients,11,FALSE)*Q39+VLOOKUP(M40,Micronutrients,11,FALSE)*Q40+VLOOKUP(M41,Micronutrients,11,FALSE)*Q41","v":0},{"$f":"VLOOKUP(M30,Macronutrients,12,FALSE)*Q30+VLOOKUP(M31,Macronutrients,12,FALSE)*Q31+VLOOKUP(M32,Macronutrients,12,FALSE)*Q32+VLOOKUP(M33,Macronutrients,12,FALSE)*Q33+VLOOKUP(M34,Macronutrients,12,FALSE)*Q34+VLOOKUP(M35,Macronutrients,12,FALSE)*Q35+VLOOKUP(M38,Micronutrients,12,FALSE)*Q38+VLOOKUP(M39,Micronutrients,12,FALSE)*Q39+VLOOKUP(M40,Micronutrients,12,FALSE)*Q40+VLOOKUP(M41,Micronutrients,12,FALSE)*Q41","v":0},{"$f":"VLOOKUP(M30,Macronutrients,13,FALSE)*Q30+VLOOKUP(M31,Macronutrients,13,FALSE)*Q31+VLOOKUP(M32,Macronutrients,13,FALSE)*Q32+VLOOKUP(M33,Macronutrients,13,FALSE)*Q33+VLOOKUP(M34,Macronutrients,13,FALSE)*Q34+VLOOKUP(M35,Macronutrients,13,FALSE)*Q35+VLOOKUP(M38,Micronutrients,13,FALSE)*Q38+VLOOKUP(M39,Micronutrients,13,FALSE)*Q39+VLOOKUP(M40,Micronutrients,13,FALSE)*Q40+VLOOKUP(M41,Micronutrients,13,FALSE)*Q41","v":0},null,"None",{"$f":"VLOOKUP(Y39,Micronutrients,14,FALSE)","v":0},{"$f":"VLOOKUP(Y39,Micronutrients,18,FALSE)","v":0},{"$f":"VLOOKUP(Y39,Micronutrients,16,FALSE)","v":1},0,{"$f":"VLOOKUP(Y39,Micronutrients,15,FALSE)","v":0},{"$f":"(AC39*VLOOKUP(Y39,Micronutrients,14,FALSE)/AB39)*AA39","v":0},null,{"$f":"VLOOKUP(Y30,Macronutrients,11,FALSE)*AC30+VLOOKUP(Y31,Macronutrients,11,FALSE)*AC31+VLOOKUP(Y32,Macronutrients,11,FALSE)*AC32+VLOOKUP(Y33,Macronutrients,11,FALSE)*AC33+VLOOKUP(Y34,Macronutrients,11,FALSE)*AC34+VLOOKUP(Y35,Macronutrients,11,FALSE)*AC35+VLOOKUP(Y38,Micronutrients,11,FALSE)*AC38+VLOOKUP(Y39,Micronutrients,11,FALSE)*AC39+VLOOKUP(Y40,Micronutrients,11,FALSE)*AC40+VLOOKUP(Y41,Micronutrients,11,FALSE)*AC41","v":0},{"$f":"VLOOKUP(Y30,Macronutrients,12,FALSE)*AC30+VLOOKUP(Y31,Macronutrients,12,FALSE)*AC31+VLOOKUP(Y32,Macronutrients,12,FALSE)*AC32+VLOOKUP(Y33,Macronutrients,12,FALSE)*AC33+VLOOKUP(Y34,Macronutrients,12,FALSE)*AC34+VLOOKUP(Y35,Macronutrients,12,FALSE)*AC35+VLOOKUP(Y38,Micronutrients,12,FALSE)*AC38+VLOOKUP(Y39,Micronutrients,12,FALSE)*AC39+VLOOKUP(Y40,Micronutrients,12,FALSE)*AC40+VLOOKUP(Y41,Micronutrients,12,FALSE)*AC41","v":0},{"$f":"VLOOKUP(Y30,Macronutrients,13,FALSE)*AC30+VLOOKUP(Y31,Macronutrients,13,FALSE)*AC31+VLOOKUP(Y32,Macronutrients,13,FALSE)*AC32+VLOOKUP(Y33,Macronutrients,13,FALSE)*AC33+VLOOKUP(Y34,Macronutrients,13,FALSE)*AC34+VLOOKUP(Y35,Macronutrients,13,FALSE)*AC35+VLOOKUP(Y38,Micronutrients,13,FALSE)*AC38+VLOOKUP(Y39,Micronutrients,13,FALSE)*AC39+VLOOKUP(Y40,Micronutrients,13,FALSE)*AC40+VLOOKUP(Y41,Micronutrients,13,FALSE)*AC41","v":0}]
["None",{"$f":"VLOOKUP($A40,Micronutrients,14,FALSE)","v":0},{"$f":"VLOOKUP(A40,Micronutrients,18,FALSE)","v":0},{"$f":"VLOOKUP(A40,Micronutrients,16,FALSE)","v":1},0,{"$f":"VLOOKUP(A40,Micronutrients,15,FALSE)","v":0},{"$f":"(E40*VLOOKUP(A40,Micronutrients,14,FALSE)/D40)*C40","v":0},null,null,null,null,null,"None",{"$f":"VLOOKUP($M40,Micronutrients,14,FALSE)","v":0},{"$f":"VLOOKUP(M40,Micronutrients,18,FALSE)","v":0},{"$f":"VLOOKUP(M40,Micronutrients,16,FALSE)","v":1},0,{"$f":"VLOOKUP(M40,Micronutrients,15,FALSE)","v":0},{"$f":"(Q40*VLOOKUP(M40,Micronutrients,14,FALSE)/P40)*O40","v":0},null,null,null,null,null,"None",{"$f":"VLOOKUP(Y40,Micronutrients,14,FALSE)","v":0},{"$f":"VLOOKUP(Y40,Micronutrients,18,FALSE)","v":0},{"$f":"VLOOKUP(Y40,Micronutrients,16,FALSE)","v":1},0,{"$f":"VLOOKUP(Y40,Micronutrients,15,FALSE)","v":0},{"$f":"(AC40*VLOOKUP(Y40,Micronutrients,14,FALSE)/AB40)*AA40","v":0}]
["None",{"$f":"VLOOKUP($A41,Micronutrients,14,FALSE)","v":0},{"$f":"VLOOKUP(A41,Micronutrients,18,FALSE)","v":0},{"$f":"VLOOKUP(A41,Micronutrients,16,FALSE)","v":1},0,{"$f":"VLOOKUP(A41,Micronutrients,15,FALSE)","v":0},{"$f":"(E41*VLOOKUP(A41,Micronutrients,14,FALSE)/D41)*C41","v":0},null,null,null,null,null,"None",{"$f":"VLOOKUP($M41,Micronutrients,14,FALSE)","v":0},{"$f":"VLOOKUP(M41,Micronutrients,18,FALSE)","v":0},{"$f":"VLOOKUP(M41,Micronutrients,16,FALSE)","v":1},0,{"$f":"VLOOKUP(M41,Micronutrients,15,FALSE)","v":0},{"$f":"(Q41*VLOOKUP(M41,Micronutrients,14,FALSE)/P41)*O41","v":0},null,null,null,null,null,"None",{"$f":"VLOOKUP(Y41,Micronutrients,14,FALSE)","v":0},{"$f":"VLOOKUP(Y41,Micronutrients,18,FALSE)","v":0},{"$f":"VLOOKUP(Y41,Micronutrients,16,FALSE)","v":1},0,{"$f":"VLOOKUP(Y41,Micronutrients,15,FALSE)","v":0},{"$f":"(AC41*VLOOKUP(Y41,Micronutrients,14,FALSE)/AB41)*AA41","v":0}]
[]
["Nitrogen Stabilizers (drop down menu)",null,null,null,null,null,null,null,null,null,null,null,"Nitrogen Stabilizers (drop down menu)",null,null,null,null,null,null,null,null,null,null,null,"Nitrogen Stabilizers (drop down menu)"]
["None",{"$f":"VLOOKUP(A44,NitrogenStabilizers,14,FALSE)","v":0},{"$f":"VLOOKUP(A44,NitrogenStabilizers,18,FALSE)","v":0},{"$f":"VLOOKUP(A44,NitrogenStabilizers,16,FALSE)","v":1},0,{"$f":"VLOOKUP(A44,NitrogenStabilizers,15,FALSE)","v":0},{"$f":"(E44*VLOOKUP(A44,NitrogenStabilizers,14,FALSE)/D44)*C44","v":0},null,null,null,null,null,"None",{"$f":"VLOOKUP(M44,NitrogenStabilizers,14,FALSE)","v":0},{"$f":"VLOOKUP(M44,NitrogenStabilizers,18,FALSE)","v":0},{"$f":"VLOOKUP(M44,NitrogenStabilizers,16,FALSE)","v":1},0,{"$f":"VLOOKUP(M44,NitrogenStabilizers,15,FALSE)","v":0},{"$f":"(Q44*VLOOKUP(M44,NitrogenStabilizers,14,FALSE)/P44)*O44","v":0},null,null,null,null,null,"None",{"$f":"VLOOKUP(Y44,NitrogenStabilizers,14,FALSE)","v":0},{"$f":"VLOOKUP(Y44,NitrogenStabilizers,18,FALSE)","v":0},{"$f":"VLOOKUP(Y44,NitrogenStabilizers,16,FALSE)","v":1},0,{"$f":"VLOOKUP(Y44,NitrogenStabilizers,15,FALSE)","v":0},{"$f":"(AC44*VLOOKUP(Y44,NitrogenStabilizers,14,FALSE)/AB44)*AA44","v":0}]
["None",{"$f":"VLOOKUP(A45,NitrogenStabilizers,14,FALSE)","v":0},{"$f":"VLOOKUP(A45,NitrogenStabilizers,18,FALSE)","v":0},{"$f":"VLOOKUP(A45,NitrogenStabilizers,16,FALSE)","v":1},0,{"$f":"VLOOKUP(A45,NitrogenStabilizers,15,FALSE)","v":0},{"$f":"(E45*VLOOKUP(A45,NitrogenStabilizers,14,FALSE)/D45)*C45","v":0},null,null,null,"More",null,"None",{"$f":"VLOOKUP(M45,NitrogenStabilizers,14,FALSE)","v":0},{"$f":"VLOOKUP(M45,NitrogenStabilizers,18,FALSE)","v":0},{"$f":"VLOOKUP(M45,NitrogenStabilizers,16,FALSE)","v":1},0,{"$f":"VLOOKUP(M45,NitrogenStabilizers,15,FALSE)","v":0},{"$f":"(Q45*VLOOKUP(M45,NitrogenStabilizers,14,FALSE)/P45)*O45","v":0},null,null,null,"More",null,"None",{"$f":"VLOOKUP(Y45,NitrogenStabilizers,14,FALSE)","v":0},{"$f":"VLOOKUP(Y45,NitrogenStabilizers,18,FALSE)","v":0},{"$f":"VLOOKUP(Y45,NitrogenStabilizers,16,FALSE)","v":1},0,{"$f":"VLOOKUP(Y45,NitrogenStabilizers,15,FALSE)","v":0},{"$f":"(AC45*VLOOKUP(Y45,NitrogenStabilizers,14,FALSE)/AB45)*AA45","v":0},null,null,null,"More"]
["2nd Application Fertilizer Cost/Acre",null,null,null,null,null,{"$f":"SUM(G30:G45)","v":0},null,null,null,"Below",null,"2nd Application Fertilizer Cost/Acre",null,null,null,null,null,{"$f":"SUM(S30:S45)","v":0},null,null,null,"Below",null,"2nd Application Fertilizer Cost/Acre",null,null,null,null,null,{"$f":"SUM(AE30:AE45)","v":0},null,null,null,"Below"]
[null,null,null,null,null,null,null,null,null,null,"¯",null,null,null,null,null,null,null,null,null,null,null,"¯",null,null,null,null,null,null,null,null,null,null,null,"¯"]
["3rd Application (i.e., Side-Dress or Broadcast)",null,null,null,null,null,null,null,null,null,null,null,"3rd Application (i.e., Side-Dress or Broadcast)",null,null,null,null,null,null,null,null,null,null,null,"3rd Application (i.e., Side-Dress or Broadcast)"]
["Fertilizer Source","Purchase Units","Package Price (Gals, Lbs, etc.)","Units/Pkg","Rate/Acre","Units","Cost",null,null,null,null,null,"Fertilizer Source","Purchase Units","Package Price (Gals, Lbs, etc.)","Units/Pkg","Rate/Acre","Units","Cost",null,null,null,null,null,"Fertilizer Source","Purchase Units","Package Price (Gals, Lbs, etc.)","Units/Pkg","Rate/Acre","Units","Cost"]
["Macronutrients (drop down menu)",null,null,null,"(Enter Below)",null,null,null,"N","P","K",null,"Macronutrients (drop down menu)",null,null,null,"(Enter Below)",null,null,null,"N","P","K",null,"Macronutrients (drop down menu)",null,null,null,"(Enter Below)",null,null,null,"N","P","K"]
["None",{"$f":"VLOOKUP(A51,Macronutrients,14,FALSE)","v":0},{"$f":"VLOOKUP(A51,Macronutrients,18,FALSE)","v":0},{"$f":"VLOOKUP(A51,Macronutrients,16,FALSE)","v":1},0,{"$f":"VLOOKUP(A51,Macronutrients,15,FALSE)","v":0},{"$f":"(E51*VLOOKUP(A51,Macronutrients,14,FALSE)/D51)*C51","v":0},null,{"$f":"VLOOKUP(A51,Macronutrients,2,FALSE)*E51+VLOOKUP(A52,Macronutrients,2,FALSE)*E52+VLOOKUP(A53,Macronutrients,2,FALSE)*E53+VLOOKUP(A54,Macronutrients,2,FALSE)*E54+VLOOKUP(A55,Macronutrients,2,FALSE)*E55+VLOOKUP(A56,Macronutrients,2,FALSE)*E56+VLOOKUP(A59,Micronutrients,2,FALSE)*E59+VLOOKUP(A60,Micronutrients,2,FALSE)*E60+VLOOKUP(A61,Micronutrients,2,FALSE)*E61+VLOOKUP(A62,Micronutrients,2,FALSE)*E62","v":0},{"$f":"VLOOKUP(A51,Macronutrients,3,FALSE)*E51+VLOOKUP(A52,Macronutrients,3,FALSE)*E52+VLOOKUP(A53,Macronutrients,3,FALSE)*E53+VLOOKUP(A54,Macronutrients,3,FALSE)*E54+VLOOKUP(A55,Macronutrients,3,FALSE)*E55+VLOOKUP(A56,Macronutrients,3,FALSE)*E56+VLOOKUP(A59,Micronutrients,3,FALSE)*E59+VLOOKUP(A60,Micronutrients,3,FALSE)*E60+VLOOKUP(A61,Micronutrients,3,FALSE)*E61+VLOOKUP(A62,Micronutrients,3,FALSE)*E62","v":0},{"$f":"VLOOKUP(A51,Macronutrients,4,FALSE)*E51+VLOOKUP(A52,Macronutrients,4,FALSE)*E52+VLOOKUP(A53,Macronutrients,4,FALSE)*E53+VLOOKUP(A54,Macronutrients,4,FALSE)*E54+VLOOKUP(A55,Macronutrients,4,FALSE)*E55+VLOOKUP(A56,Macronutrients,4,FALSE)*E56+VLOOKUP(A59,Micronutrients,4,FALSE)*E59+VLOOKUP(A60,Micronutrients,4,FALSE)*E60+VLOOKUP(A61,Micronutrients,4,FALSE)*E61+VLOOKUP(A62,Micronutrients,4,FALSE)*E62","v":0},null,"None",{"$f":"VLOOKUP(M51,Macronutrients,14,FALSE)","v":0},{"$f":"VLOOKUP(M51,Macronutrients,18,FALSE)","v":0},{"$f":"VLOOKUP(M51,Macronutrients,16,FALSE)","v":1},0,{"$f":"VLOOKUP(M51,Macronutrients,15,FALSE)","v":0},{"$f":"(Q51*VLOOKUP(M51,Macronutrients,14,FALSE)/P51)*O51","v":0},null,{"$f":"VLOOKUP(M51,Macronutrients,2,FALSE)*Q51+VLOOKUP(M52,Macronutrients,2,FALSE)*Q52+VLOOKUP(M53,Macronutrients,2,FALSE)*Q53+VLOOKUP(M54,Macronutrients,2,FALSE)*Q54+VLOOKUP(M55,Macronutrients,2,FALSE)*Q55+VLOOKUP(M56,Macronutrients,2,FALSE)*Q56+VLOOKUP(M59,Micronutrients,2,FALSE)*Q59+VLOOKUP(M60,Micronutrients,2,FALSE)*Q60+VLOOKUP(M61,Micronutrients,2,FALSE)*Q61+VLOOKUP(M62,Micronutrients,2,FALSE)*Q62","v":0},{"$f":"VLOOKUP(M51,Macronutrients,3,FALSE)*Q51+VLOOKUP(M52,Macronutrients,3,FALSE)*Q52+VLOOKUP(M53,Macronutrients,3,FALSE)*Q53+VLOOKUP(M54,Macronutrients,3,FALSE)*Q54+VLOOKUP(M55,Macronutrients,3,FALSE)*Q55+VLOOKUP(M56,Macronutrients,3,FALSE)*Q56+VLOOKUP(M59,Micronutrients,3,FALSE)*Q59+VLOOKUP(M60,Micronutrients,3,FALSE)*Q60+VLOOKUP(M61,Micronutrients,3,FALSE)*Q61+VLOOKUP(M62,Micronutrients,3,FALSE)*Q62","v":0},{"$f":"VLOOKUP(M51,Macronutrients,4,FALSE)*Q51+VLOOKUP(M52,Macronutrients,4,FALSE)*Q52+VLOOKUP(M53,Macronutrients,4,FALSE)*Q53+VLOOKUP(M54,Macronutrients,4,FALSE)*Q54+VLOOKUP(M55,Macronutrients,4,FALSE)*Q55+VLOOKUP(M56,Macronutrients,4,FALSE)*Q56+VLOOKUP(M59,Micronutrients,4,FALSE)*Q59+VLOOKUP(M60,Micronutrients,4,FALSE)*Q60+VLOOKUP(M61,Micronutrients,4,FALSE)*Q61+VLOOKUP(M62,Micronutrients,4,FALSE)*Q62","v":0},null,"None",{"$f":"VLOOKUP(Y51,Macronutrients,14,FALSE)","v":0},{"$f":"VLOOKUP(Y51,Macronutrients,18,FALSE)","v":0},{"$f":"VLOOKUP(Y51,Macronutrients,16,FALSE)","v":1},0,{"$f":"VLOOKUP(Y51,Macronutrients,15,FALSE)","v":0},{"$f":"(AC51*VLOOKUP(Y51,Macronutrients,14,FALSE)/AB51)*AA51","v":0},null,{"$f":"VLOOKUP(Y51,Macronutrients,2,FALSE)*AC51+VLOOKUP(Y52,Macronutrients,2,FALSE)*AC52+VLOOKUP(Y53,Macronutrients,2,FALSE)*AC53+VLOOKUP(Y54,Macronutrients,2,FALSE)*AC54+VLOOKUP(Y55,Macronutrients,2,FALSE)*AC55+VLOOKUP(Y56,Macronutrients,2,FALSE)*AC56+VLOOKUP(Y59,Micronutrients,2,FALSE)*AC59+VLOOKUP(Y60,Micronutrients,2,FALSE)*AC60+VLOOKUP(Y61,Micronutrients,2,FALSE)*AC61+VLOOKUP(Y62,Micronutrients,2,FALSE)*AC62","v":0},{"$f":"VLOOKUP(Y51,Macronutrients,3,FALSE)*AC51+VLOOKUP(Y52,Macronutrients,3,FALSE)*AC52+VLOOKUP(Y53,Macronutrients,3,FALSE)*AC53+VLOOKUP(Y54,Macronutrients,3,FALSE)*AC54+VLOOKUP(Y55,Macronutrients,3,FALSE)*AC55+VLOOKUP(Y56,Macronutrients,3,FALSE)*AC56+VLOOKUP(Y59,Micronutrients,3,FALSE)*AC59+VLOOKUP(Y60,Micronutrients,3,FALSE)*AC60+VLOOKUP(Y61,Micronutrients,3,FALSE)*AC61+VLOOKUP(Y62,Micronutrients,3,FALSE)*AC62","v":0},{"$f":"VLOOKUP(Y51,Macronutrients,4,FALSE)*AC51+VLOOKUP(Y52,Macronutrients,4,FALSE)*AC52+VLOOKUP(Y53,Macronutrients,4,FALSE)*AC53+VLOOKUP(Y54,Macronutrients,4,FALSE)*AC54+VLOOKUP(Y55,Macronutrients,4,FALSE)*AC55+VLOOKUP(Y56,Macronutrients,4,FALSE)*AC56+VLOOKUP(Y59,Micronutrients,4,FALSE)*AC59+VLOOKUP(Y60,Micronutrients,4,FALSE)*AC60+VLOOKUP(Y61,Micronutrients,4,FALSE)*AC61+VLOOKUP(Y62,Micronutrients,4,FALSE)*AC62","v":0}]
["None",0,0,1,0,0,0,null,null,null,null,null,"None",0,0,1,0,0,0,null,null,null,null,null,"None",0,0,1,0,0,0]
["None",0,0,1,0,0,0,null,"S","Ca","Mg",null,"None",0,0,1,0,0,0,null,"S","Ca","Mg",null,"None",0,0,1,0,0,0,null,"S","Ca","Mg"]
["None",0,0,1,0,0,0,null,{"$f":"VLOOKUP(A51,Macronutrients,5,FALSE)*E51+VLOOKUP(A52,Macronutrients,5,FALSE)*E52+VLOOKUP(A53,Macronutrients,5,FALSE)*E53+VLOOKUP(A54,Macronutrients,5,FALSE)*E54+VLOOKUP(A55,Macronutrients,5,FALSE)*E55+VLOOKUP(A56,Macronutrients,5,FALSE)*E56+VLOOKUP(A59,Micronutrients,5,FALSE)*E59+VLOOKUP(A60,Micronutrients,5,FALSE)*E60+VLOOKUP(A61,Micronutrients,5,FALSE)*E61+VLOOKUP(A62,Micronutrients,5,FALSE)*E62","v":0},{"$f":"VLOOKUP(A51,Macronutrients,7,FALSE)*E51+VLOOKUP(A52,Macronutrients,7,FALSE)*E52+VLOOKUP(A53,Macronutrients,7,FALSE)*E53+VLOOKUP(A54,Macronutrients,7,FALSE)*E54+VLOOKUP(A55,Macronutrients,7,FALSE)*E55+VLOOKUP(A56,Macronutrients,7,FALSE)*E56+VLOOKUP(A59,Micronutrients,7,FALSE)*E59+VLOOKUP(A60,Micronutrients,7,FALSE)*E60+VLOOKUP(A61,Micronutrients,7,FALSE)*E61+VLOOKUP(A62,Micronutrients,7,FALSE)*E62","v":0},{"$f":"VLOOKUP($A51,Macronutrients,6,FALSE)*$E$6+VLOOKUP($A52,Macronutrients,6,FALSE)*$E$7+VLOOKUP($A53,Macronutrients,6,FALSE)*$E$8+VLOOKUP($A54,Macronutrients,6,FALSE)*$E$9+VLOOKUP($A55,Macronutrients,6,FALSE)*$E$10+VLOOKUP($A56,Macronutrients,6,FALSE)*$E$11+VLOOKUP($A59,Micronutrients,6,FALSE)*$E$14+VLOOKUP($A60,Micronutrients,6,FALSE)*E60+VLOOKUP($A61,Micronutrients,6,FALSE)*$E$16+VLOOKUP($A62,Micronutrients,6,FALSE)*$E$17","v":0},null,"None",0,0,1,0,0,0,null,{"$f":"VLOOKUP(M51,Macronutrients,5,FALSE)*Q51+VLOOKUP(M52,Macronutrients,5,FALSE)*Q52+VLOOKUP(M53,Macronutrients,5,FALSE)*Q53+VLOOKUP(M54,Macronutrients,5,FALSE)*Q54+VLOOKUP(M55,Macronutrients,5,FALSE)*Q55+VLOOKUP(M56,Macronutrients,5,FALSE)*Q56+VLOOKUP(M59,Micronutrients,5,FALSE)*Q59+VLOOKUP(M60,Micronutrients,5,FALSE)*Q60+VLOOKUP(M61,Micronutrients,5,FALSE)*Q61+VLOOKUP(M62,Micronutrients,5,FALSE)*Q62","v":0},{"$f":"VLOOKUP(M51,Macronutrients,7,FALSE)*Q51+VLOOKUP(M52,Macronutrients,7,FALSE)*Q52+VLOOKUP(M53,Macronutrients,7,FALSE)*Q53+VLOOKUP(M54,Macronutrients,7,FALSE)*Q54+VLOOKUP(M55,Macronutrients,7,FALSE)*Q55+VLOOKUP(M56,Macronutrients,7,FALSE)*Q56+VLOOKUP(M59,Micronutrients,7,FALSE)*Q59+VLOOKUP(M60,Micronutrients,7,FALSE)*Q60+VLOOKUP(M61,Micronutrients,7,FALSE)*Q61+VLOOKUP(M62,Micronutrients,7,FALSE)*Q62","v":0},{"$f":"VLOOKUP($A51,Macronutrients,6,FALSE)*$E$6+VLOOKUP($A52,Macronutrients,6,FALSE)*$E$7+VLOOKUP($A53,Macronutrients,6,FALSE)*$E$8+VLOOKUP($A54,Macronutrients,6,FALSE)*$E$9+VLOOKUP($A55,Macronutrients,6,FALSE)*$E$10+VLOOKUP($A56,Macronutrients,6,FALSE)*$E$11+VLOOKUP($A59,Micronutrients,6,FALSE)*$E$14+VLOOKUP($A60,Micronutrients,6,FALSE)*Q60+VLOOKUP($A61,Micronutrients,6,FALSE)*$E$16+VLOOKUP($A62,Micronutrients,6,FALSE)*$E$17","v":0},null,"None",0,0,1,0,0,0,null,{"$f":"VLOOKUP(Y51,Macronutrients,5,FALSE)*AC51+VLOOKUP(Y52,Macronutrients,5,FALSE)*AC52+VLOOKUP(Y53,Macronutrients,5,FALSE)*AC53+VLOOKUP(Y54,Macronutrients,5,FALSE)*AC54+VLOOKUP(Y55,Macronutrients,5,FALSE)*AC55+VLOOKUP(Y56,Macronutrients,5,FALSE)*AC56+VLOOKUP(Y59,Micronutrients,5,FALSE)*AC59+VLOOKUP(Y60,Micronutrients,5,FALSE)*AC60+VLOOKUP(Y61,Micronutrients,5,FALSE)*AC61+VLOOKUP(Y62,Micronutrients,5,FALSE)*AC62","v":0},{"$f":"VLOOKUP(Y51,Macronutrients,7,FALSE)*AC51+VLOOKUP(Y52,Macronutrients,7,FALSE)*AC52+VLOOKUP(Y53,Macronutrients,7,FALSE)*AC53+VLOOKUP(Y54,Macronutrients,7,FALSE)*AC54+VLOOKUP(Y55,Macronutrients,7,FALSE)*AC55+VLOOKUP(Y56,Macronutrients,7,FALSE)*AC56+VLOOKUP(Y59,Micronutrients,7,FALSE)*AC59+VLOOKUP(Y60,Micronutrients,7,FALSE)*AC60+VLOOKUP(Y61,Micronutrients,7,FALSE)*AC61+VLOOKUP(Y62,Micronutrients,7,FALSE)*AC62","v":0},{"$f":"VLOOKUP($A51,Macronutrients,6,FALSE)*$E$6+VLOOKUP($A52,Macronutrients,6,FALSE)*$E$7+VLOOKUP($A53,Macronutrients,6,FALSE)*$E$8+VLOOKUP($A54,Macronutrients,6,FALSE)*$E$9+VLOOKUP($A55,Macronutrients,6,FALSE)*$E$10+VLOOKUP($A56,Macronutrients,6,FALSE)*$E$11+VLOOKUP($A59,Micronutrients,6,FALSE)*$E$14+VLOOKUP($A60,Micronutrients,6,FALSE)*AC60+VLOOKUP($A61,Micronutrients,6,FALSE)*$E$16+VLOOKUP($A62,Micronutrients,6,FALSE)*$E$17","v":0}]
["None",0,0,1,0,0,0,null,null,null,null,null,"None",0,0,1,0,0,0,null,null,null,null,null,"None",0,0,1,0,0,0]
["None",0,0,1,0,0,0,null,"Z","B","Mn",null,"None",0,0,1,0,0,0,null,"Z","B","Mn",null,"None",0,0,1,0,0,0,null,"Z","B","Mn"]
[null,null,null,null,null,null,null,null,{"$f":"VLOOKUP(A51,Macronutrients,8,FALSE)*E51+VLOOKUP(A52,Macronutrients,8,FALSE)*E52+VLOOKUP(A53,Macronutrients,8,FALSE)*E53+VLOOKUP(A54,Macronutrients,8,FALSE)*E54+VLOOKUP(A55,Macronutrients,8,FALSE)*E55+VLOOKUP(A56,Macronutrients,8,FALSE)*E56+VLOOKUP(A59,Micronutrients,8,FALSE)*E59+VLOOKUP(A60,Micronutrients,8,FALSE)*E60+VLOOKUP(A61,Micronutrients,8,FALSE)*E61+VLOOKUP(A62,Micronutrients,8,FALSE)*E62","v":0},{"$f":"VLOOKUP(A51,Macronutrients,9,FALSE)*E51+VLOOKUP(A52,Macronutrients,9,FALSE)*E52+VLOOKUP(A53,Macronutrients,9,FALSE)*E53+VLOOKUP(A54,Macronutrients,9,FALSE)*E54+VLOOKUP(A55,Macronutrients,9,FALSE)*E55+VLOOKUP(A56,Macronutrients,9,FALSE)*E56+VLOOKUP(A59,Micronutrients,9,FALSE)*E59+VLOOKUP(A60,Micronutrients,9,FALSE)*E60+VLOOKUP(A61,Micronutrients,9,FALSE)*E61+VLOOKUP(A62,Micronutrients,9,FALSE)*E62","v":0},{"$f":"VLOOKUP(A51,Macronutrients,10,FALSE)*E51+VLOOKUP(A52,Macronutrients,10,FALSE)*E52+VLOOKUP(A53,Macronutrients,10,FALSE)*E53+VLOOKUP(A54,Macronutrients,10,FALSE)*E54+VLOOKUP(A55,Macronutrients,10,FALSE)*E55+VLOOKUP(A56,Macronutrients,10,FALSE)*E56+VLOOKUP(A59,Micronutrients,10,FALSE)*E59+VLOOKUP(A60,Micronutrients,10,FALSE)*E60+VLOOKUP(A61,Micronutrients,10,FALSE)*E61+VLOOKUP(A62,Micronutrients,10,FALSE)*E62","v":0},null,null,null,null,null,null,null,null,null,{"$f":"VLOOKUP(M51,Macronutrients,8,FALSE)*Q51+VLOOKUP(M52,Macronutrients,8,FALSE)*Q52+VLOOKUP(M53,Macronutrients,8,FALSE)*Q53+VLOOKUP(M54,Macronutrients,8,FALSE)*Q54+VLOOKUP(M55,Macronutrients,8,FALSE)*Q55+VLOOKUP(M56,Macronutrients,8,FALSE)*Q56+VLOOKUP(M59,Micronutrients,8,FALSE)*Q59+VLOOKUP(M60,Micronutrients,8,FALSE)*Q60+VLOOKUP(M61,Micronutrients,8,FALSE)*Q61+VLOOKUP(M62,Micronutrients,8,FALSE)*Q62","v":0},{"$f":"VLOOKUP(M51,Macronutrients,9,FALSE)*Q51+VLOOKUP(M52,Macronutrients,9,FALSE)*Q52+VLOOKUP(M53,Macronutrients,9,FALSE)*Q53+VLOOKUP(M54,Macronutrients,9,FALSE)*Q54+VLOOKUP(M55,Macronutrients,9,FALSE)*Q55+VLOOKUP(M56,Macronutrients,9,FALSE)*Q56+VLOOKUP(M59,Micronutrients,9,FALSE)*Q59+VLOOKUP(M60,Micronutrients,9,FALSE)*Q60+VLOOKUP(M61,Micronutrients,9,FALSE)*Q61+VLOOKUP(M62,Micronutrients,9,FALSE)*Q62","v":0},{"$f":"VLOOKUP(M51,Macronutrients,10,FALSE)*Q51+VLOOKUP(M52,Macronutrients,10,FALSE)*Q52+VLOOKUP(M53,Macronutrients,10,FALSE)*Q53+VLOOKUP(M54,Macronutrients,10,FALSE)*Q54+VLOOKUP(M55,Macronutrients,10,FALSE)*Q55+VLOOKUP(M56,Macronutrients,10,FALSE)*Q56+VLOOKUP(M59,Micronutrients,10,FALSE)*Q59+VLOOKUP(M60,Micronutrients,10,FALSE)*Q60+VLOOKUP(M61,Micronutrients,10,FALSE)*Q61+VLOOKUP(M62,Micronutrients,10,FALSE)*Q62","v":0},null,null,null,null,null,null,null,null,null,{"$f":"VLOOKUP(Y51,Macronutrients,8,FALSE)*AC51+VLOOKUP(Y52,Macronutrients,8,FALSE)*AC52+VLOOKUP(Y53,Macronutrients,8,FALSE)*AC53+VLOOKUP(Y54,Macronutrients,8,FALSE)*AC54+VLOOKUP(Y55,Macronutrients,8,FALSE)*AC55+VLOOKUP(Y56,Macronutrients,8,FALSE)*AC56+VLOOKUP(Y59,Micronutrients,8,FALSE)*AC59+VLOOKUP(Y60,Micronutrients,8,FALSE)*AC60+VLOOKUP(Y61,Micronutrients,8,FALSE)*AC61+VLOOKUP(Y62,Micronutrients,8,FALSE)*AC62","v":0},{"$f":"VLOOKUP(Y51,Macronutrients,9,FALSE)*AC51+VLOOKUP(Y52,Macronutrients,9,FALSE)*AC52+VLOOKUP(Y53,Macronutrients,9,FALSE)*AC53+VLOOKUP(Y54,Macronutrients,9,FALSE)*AC54+VLOOKUP(Y55,Macronutrients,9,FALSE)*AC55+VLOOKUP(Y56,Macronutrients,9,FALSE)*AC56+VLOOKUP(Y59,Micronutrients,9,FALSE)*AC59+VLOOKUP(Y60,Micronutrients,9,FALSE)*AC60+VLOOKUP(Y61,Micronutrients,9,FALSE)*AC61+VLOOKUP(Y62,Micronutrients,9,FALSE)*AC62","v":0},{"$f":"VLOOKUP(Y51,Macronutrients,10,FALSE)*AC51+VLOOKUP(Y52,Macronutrients,10,FALSE)*AC52+VLOOKUP(Y53,Macronutrients,10,FALSE)*AC53+VLOOKUP(Y54,Macronutrients,10,FALSE)*AC54+VLOOKUP(Y55,Macronutrients,10,FALSE)*AC55+VLOOKUP(Y56,Macronutrients,10,FALSE)*AC56+VLOOKUP(Y59,Micronutrients,10,FALSE)*AC59+VLOOKUP(Y60,Micronutrients,10,FALSE)*AC60+VLOOKUP(Y61,Micronutrients,10,FALSE)*AC61+VLOOKUP(Y62,Micronutrients,10,FALSE)*AC62","v":0}]
["Micronutrients (drop down menu)",null,null,null,null,null,null,null,null,null,null,null,"Micronutrients (drop down menu)",null,null,null,null,null,null,null,null,null,null,null,"Micronutrients (drop down menu)"]
["None",{"$f":"VLOOKUP($A59,Micronutrients,14,FALSE)","v":0},{"$f":"VLOOKUP(A59,Micronutrients,18,FALSE)","v":0},{"$f":"VLOOKUP(A59,Micronutrients,16,FALSE)","v":1},0,{"$f":"VLOOKUP(A59,Micronutrients,15,FALSE)","v":0},{"$f":"(E59*VLOOKUP(A59,Micronutrients,14,FALSE)/D59)*C59","v":0},null,"Cu","Mo","Fe",null,"None",{"$f":"VLOOKUP($M59,Micronutrients,14,FALSE)","v":0},{"$f":"VLOOKUP(M59,Micronutrients,18,FALSE)","v":0},{"$f":"VLOOKUP(M59,Micronutrients,16,FALSE)","v":1},0,{"$f":"VLOOKUP(M59,Micronutrients,15,FALSE)","v":0},{"$f":"(Q59*VLOOKUP(M59,Micronutrients,14,FALSE)/P59)*O59","v":0},null,"Cu","Mo","Fe",null,"None",{"$f":"VLOOKUP(Y59,Micronutrients,14,FALSE)","v":0},{"$f":"VLOOKUP(Y59,Micronutrients,18,FALSE)","v":0},{"$f":"VLOOKUP(Y59,Micronutrients,16,FALSE)","v":1},0,{"$f":"VLOOKUP(Y59,Micronutrients,15,FALSE)","v":0},{"$f":"(AC59*VLOOKUP(Y59,Micronutrients,14,FALSE)/AB59)*AA59","v":0},null,"Cu","Mo","Fe"]
["None",{"$f":"VLOOKUP($A60,Micronutrients,14,FALSE)","v":0},{"$f":"VLOOKUP(A60,Micronutrients,18,FALSE)","v":0},{"$f":"VLOOKUP(A60,Micronutrients,16,FALSE)","v":1},0,{"$f":"VLOOKUP(A60,Micronutrients,15,FALSE)","v":0},{"$f":"(E60*VLOOKUP(A60,Micronutrients,14,FALSE)/D60)*C60","v":0},null,{"$f":"VLOOKUP(A51,Macronutrients,11,FALSE)*E51+VLOOKUP(A52,Macronutrients,11,FALSE)*E52+VLOOKUP(A53,Macronutrients,11,FALSE)*E53+VLOOKUP(A54,Macronutrients,11,FALSE)*E54+VLOOKUP(A55,Macronutrients,11,FALSE)*E55+VLOOKUP(A56,Macronutrients,11,FALSE)*E56+VLOOKUP(A59,Micronutrients,11,FALSE)*E59+VLOOKUP(A60,Micronutrients,11,FALSE)*E60+VLOOKUP(A61,Micronutrients,11,FALSE)*E61+VLOOKUP(A62,Micronutrients,11,FALSE)*E62","v":0},{"$f":"VLOOKUP(A51,Macronutrients,12,FALSE)*E51+VLOOKUP(A52,Macronutrients,12,FALSE)*E52+VLOOKUP(A53,Macronutrients,12,FALSE)*E53+VLOOKUP(A54,Macronutrients,12,FALSE)*E54+VLOOKUP(A55,Macronutrients,12,FALSE)*E55+VLOOKUP(A56,Macronutrients,12,FALSE)*E56+VLOOKUP(A59,Micronutrients,12,FALSE)*E59+VLOOKUP(A60,Micronutrients,12,FALSE)*E60+VLOOKUP(A61,Micronutrients,12,FALSE)*E61+VLOOKUP(A62,Micronutrients,12,FALSE)*E62","v":0},{"$f":"VLOOKUP(A51,Macronutrients,13,FALSE)*E51+VLOOKUP(A52,Macronutrients,13,FALSE)*E52+VLOOKUP(A53,Macronutrients,13,FALSE)*E53+VLOOKUP(A54,Macronutrients,13,FALSE)*E54+VLOOKUP(A55,Macronutrients,13,FALSE)*E55+VLOOKUP(A56,Macronutrients,13,FALSE)*E56+VLOOKUP(A59,Micronutrients,13,FALSE)*E59+VLOOKUP(A60,Micronutrients,13,FALSE)*E60+VLOOKUP(A61,Micronutrients,13,FALSE)*E61+VLOOKUP(A62,Micronutrients,13,FALSE)*E62","v":0},null,"None",{"$f":"VLOOKUP($M60,Micronutrients,14,FALSE)","v":0},{"$f":"VLOOKUP(M60,Micronutrients,18,FALSE)","v":0},{"$f":"VLOOKUP(M60,Micronutrients,16,FALSE)","v":1},0,{"$f":"VLOOKUP(M60,Micronutrients,15,FALSE)","v":0},{"$f":"(Q60*VLOOKUP(M60,Micronutrients,14,FALSE)/P60)*O60","v":0},null,{"$f":"VLOOKUP(M51,Macronutrients,11,FALSE)*Q51+VLOOKUP(M52,Macronutrients,11,FALSE)*Q52+VLOOKUP(M53,Macronutrients,11,FALSE)*Q53+VLOOKUP(M54,Macronutrients,11,FALSE)*Q54+VLOOKUP(M55,Macronutrients,11,FALSE)*Q55+VLOOKUP(M56,Macronutrients,11,FALSE)*Q56+VLOOKUP(M59,Micronutrients,11,FALSE)*Q59+VLOOKUP(M60,Micronutrients,11,FALSE)*Q60+VLOOKUP(M61,Micronutrients,11,FALSE)*Q61+VLOOKUP(M62,Micronutrients,11,FALSE)*Q62","v":0},{"$f":"VLOOKUP(M51,Macronutrients,12,FALSE)*Q51+VLOOKUP(M52,Macronutrients,12,FALSE)*Q52+VLOOKUP(M53,Macronutrients,12,FALSE)*Q53+VLOOKUP(M54,Macronutrients,12,FALSE)*Q54+VLOOKUP(M55,Macronutrients,12,FALSE)*Q55+VLOOKUP(M56,Macronutrients,12,FALSE)*Q56+VLOOKUP(M59,Micronutrients,12,FALSE)*Q59+VLOOKUP(M60,Micronutrients,12,FALSE)*Q60+VLOOKUP(M61,Micronutrients,12,FALSE)*Q61+VLOOKUP(M62,Micronutrients,12,FALSE)*Q62","v":0},{"$f":"VLOOKUP(M51,Macronutrients,13,FALSE)*Q51+VLOOKUP(M52,Macronutrients,13,FALSE)*Q52+VLOOKUP(M53,Macronutrients,13,FALSE)*Q53+VLOOKUP(M54,Macronutrients,13,FALSE)*Q54+VLOOKUP(M55,Macronutrients,13,FALSE)*Q55+VLOOKUP(M56,Macronutrients,13,FALSE)*Q56+VLOOKUP(M59,Micronutrients,13,FALSE)*Q59+VLOOKUP(M60,Micronutrients,13,FALSE)*Q60+VLOOKUP(M61,Micronutrients,13,FALSE)*Q61+VLOOKUP(M62,Micronutrients,13,FALSE)*Q62","v":0},null,"None",{"$f":"VLOOKUP(Y60,Micronutrients,14,FALSE)","v":0},{"$f":"VLOOKUP(Y60,Micronutrients,18,FALSE)","v":0},{"$f":"VLOOKUP(Y60,Micronutrients,16,FALSE)","v":1},0,{"$f":"VLOOKUP(Y60,Micronutrients,15,FALSE)","v":0},{"$f":"(AC60*VLOOKUP(Y60,Micronutrients,14,FALSE)/AB60)*AA60","v":0},null,{"$f":"VLOOKUP(Y51,Macronutrients,11,FALSE)*AC51+VLOOKUP(Y52,Macronutrients,11,FALSE)*AC52+VLOOKUP(Y53,Macronutrients,11,FALSE)*AC53+VLOOKUP(Y54,Macronutrients,11,FALSE)*AC54+VLOOKUP(Y55,Macronutrients,11,FALSE)*AC55+VLOOKUP(Y56,Macronutrients,11,FALSE)*AC56+VLOOKUP(Y59,Micronutrients,11,FALSE)*AC59+VLOOKUP(Y60,Micronutrients,11,FALSE)*AC60+VLOOKUP(Y61,Micronutrients,11,FALSE)*AC61+VLOOKUP(Y62,Micronutrients,11,FALSE)*AC62","v":0},{"$f":"VLOOKUP(Y51,Macronutrients,12,FALSE)*AC51+VLOOKUP(Y52,Macronutrients,12,FALSE)*AC52+VLOOKUP(Y53,Macronutrients,12,FALSE)*AC53+VLOOKUP(Y54,Macronutrients,12,FALSE)*AC54+VLOOKUP(Y55,Macronutrients,12,FALSE)*AC55+VLOOKUP(Y56,Macronutrients,12,FALSE)*AC56+VLOOKUP(Y59,Micronutrients,12,FALSE)*AC59+VLOOKUP(Y60,Micronutrients,12,FALSE)*AC60+VLOOKUP(Y61,Micronutrients,12,FALSE)*AC61+VLOOKUP(Y62,Micronutrients,12,FALSE)*AC62","v":0},{"$f":"VLOOKUP(Y51,Macronutrients,13,FALSE)*AC51+VLOOKUP(Y52,Macronutrients,13,FALSE)*AC52+VLOOKUP(Y53,Macronutrients,13,FALSE)*AC53+VLOOKUP(Y54,Macronutrients,13,FALSE)*AC54+VLOOKUP(Y55,Macronutrients,13,FALSE)*AC55+VLOOKUP(Y56,Macronutrients,13,FALSE)*AC56+VLOOKUP(Y59,Micronutrients,13,FALSE)*AC59+VLOOKUP(Y60,Micronutrients,13,FALSE)*AC60+VLOOKUP(Y61,Micronutrients,13,FALSE)*AC61+VLOOKUP(Y62,Micronutrients,13,FALSE)*AC62","v":0}]
["None",{"$f":"VLOOKUP($A61,Micronutrients,14,FALSE)","v":0},{"$f":"VLOOKUP(A61,Micronutrients,18,FALSE)","v":0},{"$f":"VLOOKUP(A61,Micronutrients,16,FALSE)","v":1},0,{"$f":"VLOOKUP(A61,Micronutrients,15,FALSE)","v":0},{"$f":"(E61*VLOOKUP(A61,Micronutrients,14,FALSE)/D61)*C61","v":0},null,null,null,null,null,"None",{"$f":"VLOOKUP($M61,Micronutrients,14,FALSE)","v":0},{"$f":"VLOOKUP(M61,Micronutrients,18,FALSE)","v":0},{"$f":"VLOOKUP(M61,Micronutrients,16,FALSE)","v":1},0,{"$f":"VLOOKUP(M61,Micronutrients,15,FALSE)","v":0},{"$f":"(Q61*VLOOKUP(M61,Micronutrients,14,FALSE)/P61)*O61","v":0},null,null,null,null,null,"None",{"$f":"VLOOKUP(Y61,Micronutrients,14,FALSE)","v":0},{"$f":"VLOOKUP(Y61,Micronutrients,18,FALSE)","v":0},{"$f":"VLOOKUP(Y61,Micronutrients,16,FALSE)","v":1},0,{"$f":"VLOOKUP(Y61,Micronutrients,15,FALSE)","v":0},{"$f":"(AC61*VLOOKUP(Y61,Micronutrients,14,FALSE)/AB61)*AA61","v":0}]
["None",{"$f":"VLOOKUP($A62,Micronutrients,14,FALSE)","v":0},{"$f":"VLOOKUP(A62,Micronutrients,18,FALSE)","v":0},{"$f":"VLOOKUP(A62,Micronutrients,16,FALSE)","v":1},0,{"$f":"VLOOKUP(A62,Micronutrients,15,FALSE)","v":0},{"$f":"(E62*VLOOKUP(A62,Micronutrients,14,FALSE)/D62)*C62","v":0},null,null,null,null,null,"None",{"$f":"VLOOKUP($M62,Micronutrients,14,FALSE)","v":0},{"$f":"VLOOKUP(M62,Micronutrients,18,FALSE)","v":0},{"$f":"VLOOKUP(M62,Micronutrients,16,FALSE)","v":1},0,{"$f":"VLOOKUP(M62,Micronutrients,15,FALSE)","v":0},{"$f":"(Q62*VLOOKUP(M62,Micronutrients,14,FALSE)/P62)*O62","v":0},null,null,null,null,null,"None",{"$f":"VLOOKUP(Y62,Micronutrients,14,FALSE)","v":0},{"$f":"VLOOKUP(Y62,Micronutrients,18,FALSE)","v":0},{"$f":"VLOOKUP(Y62,Micronutrients,16,FALSE)","v":1},0,{"$f":"VLOOKUP(Y62,Micronutrients,15,FALSE)","v":0},{"$f":"(AC62*VLOOKUP(Y62,Micronutrients,14,FALSE)/AB62)*AA62","v":0}]
[]
["Nitrogen Stabilizers (drop down menu)",null,null,null,null,null,null,null,null,null,null,null,"Nitrogen Stabilizers (drop down menu)",null,null,null,null,null,null,null,null,null,null,null,"Nitrogen Stabilizers (drop down menu)"]
["None",{"$f":"VLOOKUP(A65,NitrogenStabilizers,14,FALSE)","v":0},{"$f":"VLOOKUP(A65,NitrogenStabilizers,18,FALSE)","v":0},{"$f":"VLOOKUP(A65,NitrogenStabilizers,16,FALSE)","v":1},0,{"$f":"VLOOKUP(A65,NitrogenStabilizers,15,FALSE)","v":0},{"$f":"(E65*VLOOKUP(A65,NitrogenStabilizers,14,FALSE)/D65)*C65","v":0},null,null,null,null,null,"None",{"$f":"VLOOKUP(M65,NitrogenStabilizers,14,FALSE)","v":0},{"$f":"VLOOKUP(M65,NitrogenStabilizers,18,FALSE)","v":0},{"$f":"VLOOKUP(M65,NitrogenStabilizers,16,FALSE)","v":1},0,{"$f":"VLOOKUP(M65,NitrogenStabilizers,15,FALSE)","v":0},{"$f":"(Q65*VLOOKUP(M65,NitrogenStabilizers,14,FALSE)/P65)*O65","v":0},null,null,null,null,null,"None",{"$f":"VLOOKUP(Y65,NitrogenStabilizers,14,FALSE)","v":0},{"$f":"VLOOKUP(Y65,NitrogenStabilizers,18,FALSE)","v":0},{"$f":"VLOOKUP(Y65,NitrogenStabilizers,16,FALSE)","v":1},0,{"$f":"VLOOKUP(Y65,NitrogenStabilizers,15,FALSE)","v":0},{"$f":"(AC65*VLOOKUP(Y65,NitrogenStabilizers,14,FALSE)/AB65)*AA65","v":0}]
["None",{"$f":"VLOOKUP(A66,NitrogenStabilizers,14,FALSE)","v":0},{"$f":"VLOOKUP(A66,NitrogenStabilizers,18,FALSE)","v":0},{"$f":"VLOOKUP(A66,NitrogenStabilizers,16,FALSE)","v":1},0,{"$f":"VLOOKUP(A66,NitrogenStabilizers,15,FALSE)","v":0},{"$f":"(E66*VLOOKUP(A66,NitrogenStabilizers,14,FALSE)/D66)*C66","v":0},null,null,null,"More",null,"None",{"$f":"VLOOKUP(M66,NitrogenStabilizers,14,FALSE)","v":0},{"$f":"VLOOKUP(M66,NitrogenStabilizers,18,FALSE)","v":0},{"$f":"VLOOKUP(M66,NitrogenStabilizers,16,FALSE)","v":1},0,{"$f":"VLOOKUP(M66,NitrogenStabilizers,15,FALSE)","v":0},{"$f":"(Q66*VLOOKUP(M66,NitrogenStabilizers,14,FALSE)/P66)*O66","v":0},null,null,null,"More",null,"None",{"$f":"VLOOKUP(Y66,NitrogenStabilizers,14,FALSE)","v":0},{"$f":"VLOOKUP(Y66,NitrogenStabilizers,18,FALSE)","v":0},{"$f":"VLOOKUP(Y66,NitrogenStabilizers,16,FALSE)","v":1},0,{"$f":"VLOOKUP(Y66,NitrogenStabilizers,15,FALSE)","v":0},{"$f":"(AC66*VLOOKUP(Y66,NitrogenStabilizers,14,FALSE)/AB66)*AA66","v":0},null,null,null,"More"]
["3rd Application Fertilizer Cost/Acre",null,null,null,null,null,{"$f":"SUM(G51:G66)","v":0},null,null,null,"Below",null,"3rd Application Fertilizer Cost/Acre",null,null,null,null,null,{"$f":"SUM(S51:S66)","v":0},null,null,null,"Below",null,"3rd Application Fertilizer Cost/Acre",null,null,null,null,null,{"$f":"SUM(AE51:AE66)","v":0},null,null,null,"Below"]
[null,null,null,null,null,null,null,null,null,null,"¯",null,null,null,null,null,null,null,null,null,null,null,"¯",null,null,null,null,null,null,null,null,null,null,null,"¯"]
["Total Fertilizer Cost/Acre",null,null,null,null,null,{"$f":"G67+G46+G25","v":0},null,null,null,null,null,"Total Fertilizer Cost/Acre",null,null,null,null,null,{"$f":"S67+S46+S25","v":0},null,null,null,null,null,"Total Fertilizer Cost/Acre",null,null,null,null,null,{"$f":"AE67+AE46+AE25","v":0}]
[]
["4th Application (i.e., Side-Dress or Broadcast)",null,null,null,null,null,null,null,null,null,null,null,"4th Application (i.e., Side-Dress or Broadcast)",null,null,null,null,null,null,null,null,null,null,null,"4th Application (i.e., Side-Dress or Broadcast)"]
["Fertilizer Source","Purchase Units","Package Price (Gals, Lbs, etc.)","Units/Pkg","Rate/Acre","Units","Cost",null,null,null,null,null,"Fertilizer Source","Purchase Units","Package Price (Gals, Lbs, etc.)","Units/Pkg","Rate/Acre","Units","Cost",null,null,null,null,null,"Fertilizer Source","Purchase Units","Package Price (Gals, Lbs, etc.)","Units/Pkg","Rate/Acre","Units","Cost"]
["Macronutrients (drop down menu)",null,null,null,"(Enter Below)",null,null,null,"N","P","K",null,"Macronutrients (drop down menu)",null,null,null,"(Enter Below)",null,null,null,"N","P","K",null,"Macronutrients (drop down menu)",null,null,null,"(Enter Below)",null,null,null,"N","P","K"]
["None",{"$f":"VLOOKUP(A74,Macronutrients,14,FALSE)","v":0},{"$f":"VLOOKUP(A74,Macronutrients,18,FALSE)","v":0},{"$f":"VLOOKUP(A74,Macronutrients,16,FALSE)","v":1},0,{"$f":"VLOOKUP(A74,Macronutrients,15,FALSE)","v":0},{"$f":"(E74*VLOOKUP(A74,Macronutrients,14,FALSE)/D74)*C74","v":0},null,{"$f":"VLOOKUP(A74,Macronutrients,2,FALSE)*E74+VLOOKUP(A75,Macronutrients,2,FALSE)*E75+VLOOKUP(A76,Macronutrients,2,FALSE)*E76+VLOOKUP(A77,Macronutrients,2,FALSE)*E77+VLOOKUP(A78,Macronutrients,2,FALSE)*E78+VLOOKUP(A79,Macronutrients,2,FALSE)*E79+VLOOKUP(A82,Micronutrients,2,FALSE)*E82+VLOOKUP(A83,Micronutrients,2,FALSE)*E83+VLOOKUP(A84,Micronutrients,2,FALSE)*E84+VLOOKUP(A85,Micronutrients,2,FALSE)*E85","v":0},{"$f":"VLOOKUP(A74,Macronutrients,3,FALSE)*E74+VLOOKUP(A75,Macronutrients,3,FALSE)*E75+VLOOKUP(A76,Macronutrients,3,FALSE)*E76+VLOOKUP(A77,Macronutrients,3,FALSE)*E77+VLOOKUP(A78,Macronutrients,3,FALSE)*E78+VLOOKUP(A79,Macronutrients,3,FALSE)*E79+VLOOKUP(A82,Micronutrients,3,FALSE)*E82+VLOOKUP(A83,Micronutrients,3,FALSE)*E83+VLOOKUP(A84,Micronutrients,3,FALSE)*E84+VLOOKUP(A85,Micronutrients,3,FALSE)*E85","v":0},{"$f":"VLOOKUP(A74,Macronutrients,4,FALSE)*E74+VLOOKUP(A75,Macronutrients,4,FALSE)*E75+VLOOKUP(A76,Macronutrients,4,FALSE)*E76+VLOOKUP(A77,Macronutrients,4,FALSE)*E77+VLOOKUP(A78,Macronutrients,4,FALSE)*E78+VLOOKUP(A79,Macronutrients,4,FALSE)*E79+VLOOKUP(A82,Micronutrients,4,FALSE)*E82+VLOOKUP(A83,Micronutrients,4,FALSE)*E83+VLOOKUP(A84,Micronutrients,4,FALSE)*E84+VLOOKUP(A85,Micronutrients,4,FALSE)*E85","v":0},null,"None",{"$f":"VLOOKUP(M74,Macronutrients,14,FALSE)","v":0},{"$f":"VLOOKUP(M74,Macronutrients,18,FALSE)","v":0},{"$f":"VLOOKUP(M74,Macronutrients,16,FALSE)","v":1},0,{"$f":"VLOOKUP(M74,Macronutrients,15,FALSE)","v":0},{"$f":"(Q74*VLOOKUP(M74,Macronutrients,14,FALSE)/P74)*O74","v":0},null,{"$f":"VLOOKUP(M74,Macronutrients,2,FALSE)*Q74+VLOOKUP(M75,Macronutrients,2,FALSE)*Q75+VLOOKUP(M76,Macronutrients,2,FALSE)*Q76+VLOOKUP(M77,Macronutrients,2,FALSE)*Q77+VLOOKUP(M78,Macronutrients,2,FALSE)*Q78+VLOOKUP(M79,Macronutrients,2,FALSE)*Q79+VLOOKUP(M82,Micronutrients,2,FALSE)*Q82+VLOOKUP(M83,Micronutrients,2,FALSE)*Q83+VLOOKUP(M84,Micronutrients,2,FALSE)*Q84+VLOOKUP(M85,Micronutrients,2,FALSE)*Q85","v":0},{"$f":"VLOOKUP(M74,Macronutrients,3,FALSE)*Q74+VLOOKUP(M75,Macronutrients,3,FALSE)*Q75+VLOOKUP(M76,Macronutrients,3,FALSE)*Q76+VLOOKUP(M77,Macronutrients,3,FALSE)*Q77+VLOOKUP(M78,Macronutrients,3,FALSE)*Q78+VLOOKUP(M79,Macronutrients,3,FALSE)*Q79+VLOOKUP(M82,Micronutrients,3,FALSE)*Q82+VLOOKUP(M83,Micronutrients,3,FALSE)*Q83+VLOOKUP(M84,Micronutrients,3,FALSE)*Q84+VLOOKUP(M85,Micronutrients,3,FALSE)*Q85","v":0},{"$f":"VLOOKUP(M74,Macronutrients,4,FALSE)*Q74+VLOOKUP(M75,Macronutrients,4,FALSE)*Q75+VLOOKUP(M76,Macronutrients,4,FALSE)*Q76+VLOOKUP(M77,Macronutrients,4,FALSE)*Q77+VLOOKUP(M78,Macronutrients,4,FALSE)*Q78+VLOOKUP(M79,Macronutrients,4,FALSE)*Q79+VLOOKUP(M82,Micronutrients,4,FALSE)*Q82+VLOOKUP(M83,Micronutrients,4,FALSE)*Q83+VLOOKUP(M84,Micronutrients,4,FALSE)*Q84+VLOOKUP(M85,Micronutrients,4,FALSE)*Q85","v":0},null,"None",{"$f":"VLOOKUP(Y74,Macronutrients,14,FALSE)","v":0},{"$f":"VLOOKUP(Y74,Macronutrients,18,FALSE)","v":0},{"$f":"VLOOKUP(Y74,Macronutrients,16,FALSE)","v":1},0,{"$f":"VLOOKUP(Y74,Macronutrients,15,FALSE)","v":0},{"$f":"(AC74*VLOOKUP(Y74,Macronutrients,14,FALSE)/AB74)*AA74","v":0},null,{"$f":"VLOOKUP(Y74,Macronutrients,2,FALSE)*AC74+VLOOKUP(Y75,Macronutrients,2,FALSE)*AC75+VLOOKUP(Y76,Macronutrients,2,FALSE)*AC76+VLOOKUP(Y77,Macronutrients,2,FALSE)*AC77+VLOOKUP(Y78,Macronutrients,2,FALSE)*AC78+VLOOKUP(Y79,Macronutrients,2,FALSE)*AC79+VLOOKUP(Y82,Micronutrients,2,FALSE)*AC82+VLOOKUP(Y83,Micronutrients,2,FALSE)*AC83+VLOOKUP(Y84,Micronutrients,2,FALSE)*AC84+VLOOKUP(Y85,Micronutrients,2,FALSE)*AC85","v":0},{"$f":"VLOOKUP(Y74,Macronutrients,3,FALSE)*AC74+VLOOKUP(Y75,Macronutrients,3,FALSE)*AC75+VLOOKUP(Y76,Macronutrients,3,FALSE)*AC76+VLOOKUP(Y77,Macronutrients,3,FALSE)*AC77+VLOOKUP(Y78,Macronutrients,3,FALSE)*AC78+VLOOKUP(Y79,Macronutrients,3,FALSE)*AC79+VLOOKUP(Y82,Micronutrients,3,FALSE)*AC82+VLOOKUP(Y83,Micronutrients,3,FALSE)*AC83+VLOOKUP(Y84,Micronutrients,3,FALSE)*AC84+VLOOKUP(Y85,Micronutrients,3,FALSE)*AC85","v":0},{"$f":"VLOOKUP(Y74,Macronutrients,4,FALSE)*AC74+VLOOKUP(Y75,Macronutrients,4,FALSE)*AC75+VLOOKUP(Y76,Macronutrients,4,FALSE)*AC76+VLOOKUP(Y77,Macronutrients,4,FALSE)*AC77+VLOOKUP(Y78,Macronutrients,4,FALSE)*AC78+VLOOKUP(Y79,Macronutrients,4,FALSE)*AC79+VLOOKUP(Y82,Micronutrients,4,FALSE)*AC82+VLOOKUP(Y83,Micronutrients,4,FALSE)*AC83+VLOOKUP(Y84,Micronutrients,4,FALSE)*AC84+VLOOKUP(Y85,Micronutrients,4,FALSE)*AC85","v":0}]
["None",0,0,1,0,0,0,null,null,null,null,null,"None",0,0,1,0,0,0,null,null,null,null,null,"None",0,0,1,0,0,0]
["None",0,0,1,0,0,0,null,"S","Ca","Mg",null,"None",0,0,1,0,0,0,null,"S","Ca","Mg",null,"None",0,0,1,0,0,0,null,"S","Ca","Mg"]
["None",0,0,1,0,0,0,null,{"$f":"VLOOKUP(A74,Macronutrients,5,FALSE)*E74+VLOOKUP(A75,Macronutrients,5,FALSE)*E75+VLOOKUP(A76,Macronutrients,5,FALSE)*E76+VLOOKUP(A77,Macronutrients,5,FALSE)*E77+VLOOKUP(A78,Macronutrients,5,FALSE)*E78+VLOOKUP(A79,Macronutrients,5,FALSE)*E79+VLOOKUP(A82,Micronutrients,5,FALSE)*E82+VLOOKUP(A83,Micronutrients,5,FALSE)*E83+VLOOKUP(A84,Micronutrients,5,FALSE)*E84+VLOOKUP(A85,Micronutrients,5,FALSE)*E85","v":0},{"$f":"VLOOKUP(A74,Macronutrients,7,FALSE)*E74+VLOOKUP(A75,Macronutrients,7,FALSE)*E75+VLOOKUP(A76,Macronutrients,7,FALSE)*E76+VLOOKUP(A77,Macronutrients,7,FALSE)*E77+VLOOKUP(A78,Macronutrients,7,FALSE)*E78+VLOOKUP(A79,Macronutrients,7,FALSE)*E79+VLOOKUP(A82,Micronutrients,7,FALSE)*E82+VLOOKUP(A83,Micronutrients,7,FALSE)*E83+VLOOKUP(A84,Micronutrients,7,FALSE)*E84+VLOOKUP(A85,Micronutrients,7,FALSE)*E85","v":0},{"$f":"VLOOKUP($A74,Macronutrients,6,FALSE)*$E$6+VLOOKUP($A75,Macronutrients,6,FALSE)*$E$7+VLOOKUP($A76,Macronutrients,6,FALSE)*$E$8+VLOOKUP($A77,Macronutrients,6,FALSE)*$E$9+VLOOKUP($A78,Macronutrients,6,FALSE)*$E$10+VLOOKUP($A79,Macronutrients,6,FALSE)*$E$11+VLOOKUP($A82,Micronutrients,6,FALSE)*$E$14+VLOOKUP($A83,Micronutrients,6,FALSE)*E83+VLOOKUP($A84,Micronutrients,6,FALSE)*$E$16+VLOOKUP($A85,Micronutrients,6,FALSE)*$E$17","v":0},null,"None",0,0,1,0,0,0,null,{"$f":"VLOOKUP(M74,Macronutrients,5,FALSE)*Q74+VLOOKUP(M75,Macronutrients,5,FALSE)*Q75+VLOOKUP(M76,Macronutrients,5,FALSE)*Q76+VLOOKUP(M77,Macronutrients,5,FALSE)*Q77+VLOOKUP(M78,Macronutrients,5,FALSE)*Q78+VLOOKUP(M79,Macronutrients,5,FALSE)*Q79+VLOOKUP(M82,Micronutrients,5,FALSE)*Q82+VLOOKUP(M83,Micronutrients,5,FALSE)*Q83+VLOOKUP(M84,Micronutrients,5,FALSE)*Q84+VLOOKUP(M85,Micronutrients,5,FALSE)*Q85","v":0},{"$f":"VLOOKUP(M74,Macronutrients,7,FALSE)*Q74+VLOOKUP(M75,Macronutrients,7,FALSE)*Q75+VLOOKUP(M76,Macronutrients,7,FALSE)*Q76+VLOOKUP(M77,Macronutrients,7,FALSE)*Q77+VLOOKUP(M78,Macronutrients,7,FALSE)*Q78+VLOOKUP(M79,Macronutrients,7,FALSE)*Q79+VLOOKUP(M82,Micronutrients,7,FALSE)*Q82+VLOOKUP(M83,Micronutrients,7,FALSE)*Q83+VLOOKUP(M84,Micronutrients,7,FALSE)*Q84+VLOOKUP(M85,Micronutrients,7,FALSE)*Q85","v":0},{"$f":"VLOOKUP($A74,Macronutrients,6,FALSE)*$E$6+VLOOKUP($A75,Macronutrients,6,FALSE)*$E$7+VLOOKUP($A76,Macronutrients,6,FALSE)*$E$8+VLOOKUP($A77,Macronutrients,6,FALSE)*$E$9+VLOOKUP($A78,Macronutrients,6,FALSE)*$E$10+VLOOKUP($A79,Macronutrients,6,FALSE)*$E$11+VLOOKUP($A82,Micronutrients,6,FALSE)*$E$14+VLOOKUP($A83,Micronutrients,6,FALSE)*Q83+VLOOKUP($A84,Micronutrients,6,FALSE)*$E$16+VLOOKUP($A85,Micronutrients,6,FALSE)*$E$17","v":0},null,"None",0,0,1,0,0,0,null,{"$f":"VLOOKUP(Y74,Macronutrients,5,FALSE)*AC74+VLOOKUP(Y75,Macronutrients,5,FALSE)*AC75+VLOOKUP(Y76,Macronutrients,5,FALSE)*AC76+VLOOKUP(Y77,Macronutrients,5,FALSE)*AC77+VLOOKUP(Y78,Macronutrients,5,FALSE)*AC78+VLOOKUP(Y79,Macronutrients,5,FALSE)*AC79+VLOOKUP(Y82,Micronutrients,5,FALSE)*AC82+VLOOKUP(Y83,Micronutrients,5,FALSE)*AC83+VLOOKUP(Y84,Micronutrients,5,FALSE)*AC84+VLOOKUP(Y85,Micronutrients,5,FALSE)*AC85","v":0},{"$f":"VLOOKUP(Y74,Macronutrients,7,FALSE)*AC74+VLOOKUP(Y75,Macronutrients,7,FALSE)*AC75+VLOOKUP(Y76,Macronutrients,7,FALSE)*AC76+VLOOKUP(Y77,Macronutrients,7,FALSE)*AC77+VLOOKUP(Y78,Macronutrients,7,FALSE)*AC78+VLOOKUP(Y79,Macronutrients,7,FALSE)*AC79+VLOOKUP(Y82,Micronutrients,7,FALSE)*AC82+VLOOKUP(Y83,Micronutrients,7,FALSE)*AC83+VLOOKUP(Y84,Micronutrients,7,FALSE)*AC84+VLOOKUP(Y85,Micronutrients,7,FALSE)*AC85","v":0},{"$f":"VLOOKUP($A74,Macronutrients,6,FALSE)*$E$6+VLOOKUP($A75,Macronutrients,6,FALSE)*$E$7+VLOOKUP($A76,Macronutrients,6,FALSE)*$E$8+VLOOKUP($A77,Macronutrients,6,FALSE)*$E$9+VLOOKUP($A78,Macronutrients,6,FALSE)*$E$10+VLOOKUP($A79,Macronutrients,6,FALSE)*$E$11+VLOOKUP($A82,Micronutrients,6,FALSE)*$E$14+VLOOKUP($A83,Micronutrients,6,FALSE)*AC83+VLOOKUP($A84,Micronutrients,6,FALSE)*$E$16+VLOOKUP($A85,Micronutrients,6,FALSE)*$E$17","v":0}]
["None",0,0,1,0,0,0,null,null,null,null,null,"None",0,0,1,0,0,0,null,null,null,null,null,"None",0,0,1,0,0,0]
["None",0,0,1,0,0,0,null,"Z","B","Mn",null,"None",0,0,1,0,0,0,null,"Z","B","Mn",null,"None",0,0,1,0,0,0,null,"Z","B","Mn"]
[null,null,null,null,null,null,null,null,{"$f":"VLOOKUP(A74,Macronutrients,8,FALSE)*E74+VLOOKUP(A75,Macronutrients,8,FALSE)*E75+VLOOKUP(A76,Macronutrients,8,FALSE)*E76+VLOOKUP(A77,Macronutrients,8,FALSE)*E77+VLOOKUP(A78,Macronutrients,8,FALSE)*E78+VLOOKUP(A79,Macronutrients,8,FALSE)*E79+VLOOKUP(A82,Micronutrients,8,FALSE)*E82+VLOOKUP(A83,Micronutrients,8,FALSE)*E83+VLOOKUP(A84,Micronutrients,8,FALSE)*E84+VLOOKUP(A85,Micronutrients,8,FALSE)*E85","v":0},{"$f":"VLOOKUP(A74,Macronutrients,9,FALSE)*E74+VLOOKUP(A75,Macronutrients,9,FALSE)*E75+VLOOKUP(A76,Macronutrients,9,FALSE)*E76+VLOOKUP(A77,Macronutrients,9,FALSE)*E77+VLOOKUP(A78,Macronutrients,9,FALSE)*E78+VLOOKUP(A79,Macronutrients,9,FALSE)*E79+VLOOKUP(A82,Micronutrients,9,FALSE)*E82+VLOOKUP(A83,Micronutrients,9,FALSE)*E83+VLOOKUP(A84,Micronutrients,9,FALSE)*E84+VLOOKUP(A85,Micronutrients,9,FALSE)*E85","v":0},{"$f":"VLOOKUP(A74,Macronutrients,10,FALSE)*E74+VLOOKUP(A75,Macronutrients,10,FALSE)*E75+VLOOKUP(A76,Macronutrients,10,FALSE)*E76+VLOOKUP(A77,Macronutrients,10,FALSE)*E77+VLOOKUP(A78,Macronutrients,10,FALSE)*E78+VLOOKUP(A79,Macronutrients,10,FALSE)*E79+VLOOKUP(A82,Micronutrients,10,FALSE)*E82+VLOOKUP(A83,Micronutrients,10,FALSE)*E83+VLOOKUP(A84,Micronutrients,10,FALSE)*E84+VLOOKUP(A85,Micronutrients,10,FALSE)*E85","v":0},null,null,null,null,null,null,null,null,null,{"$f":"VLOOKUP(M74,Macronutrients,8,FALSE)*Q74+VLOOKUP(M75,Macronutrients,8,FALSE)*Q75+VLOOKUP(M76,Macronutrients,8,FALSE)*Q76+VLOOKUP(M77,Macronutrients,8,FALSE)*Q77+VLOOKUP(M78,Macronutrients,8,FALSE)*Q78+VLOOKUP(M79,Macronutrients,8,FALSE)*Q79+VLOOKUP(M82,Micronutrients,8,FALSE)*Q82+VLOOKUP(M83,Micronutrients,8,FALSE)*Q83+VLOOKUP(M84,Micronutrients,8,FALSE)*Q84+VLOOKUP(M85,Micronutrients,8,FALSE)*Q85","v":0},{"$f":"VLOOKUP(M74,Macronutrients,9,FALSE)*Q74+VLOOKUP(M75,Macronutrients,9,FALSE)*Q75+VLOOKUP(M76,Macronutrients,9,FALSE)*Q76+VLOOKUP(M77,Macronutrients,9,FALSE)*Q77+VLOOKUP(M78,Macronutrients,9,FALSE)*Q78+VLOOKUP(M79,Macronutrients,9,FALSE)*Q79+VLOOKUP(M82,Micronutrients,9,FALSE)*Q82+VLOOKUP(M83,Micronutrients,9,FALSE)*Q83+VLOOKUP(M84,Micronutrients,9,FALSE)*Q84+VLOOKUP(M85,Micronutrients,9,FALSE)*Q85","v":0},{"$f":"VLOOKUP(M74,Macronutrients,10,FALSE)*Q74+VLOOKUP(M75,Macronutrients,10,FALSE)*Q75+VLOOKUP(M76,Macronutrients,10,FALSE)*Q76+VLOOKUP(M77,Macronutrients,10,FALSE)*Q77+VLOOKUP(M78,Macronutrients,10,FALSE)*Q78+VLOOKUP(M79,Macronutrients,10,FALSE)*Q79+VLOOKUP(M82,Micronutrients,10,FALSE)*Q82+VLOOKUP(M83,Micronutrients,10,FALSE)*Q83+VLOOKUP(M84,Micronutrients,10,FALSE)*Q84+VLOOKUP(M85,Micronutrients,10,FALSE)*Q85","v":0},null,null,null,null,null,null,null,null,null,{"$f":"VLOOKUP(Y74,Macronutrients,8,FALSE)*AC74+VLOOKUP(Y75,Macronutrients,8,FALSE)*AC75+VLOOKUP(Y76,Macronutrients,8,FALSE)*AC76+VLOOKUP(Y77,Macronutrients,8,FALSE)*AC77+VLOOKUP(Y78,Macronutrients,8,FALSE)*AC78+VLOOKUP(Y79,Macronutrients,8,FALSE)*AC79+VLOOKUP(Y82,Micronutrients,8,FALSE)*AC82+VLOOKUP(Y83,Micronutrients,8,FALSE)*AC83+VLOOKUP(Y84,Micronutrients,8,FALSE)*AC84+VLOOKUP(Y85,Micronutrients,8,FALSE)*AC85","v":0},{"$f":"VLOOKUP(Y74,Macronutrients,9,FALSE)*AC74+VLOOKUP(Y75,Macronutrients,9,FALSE)*AC75+VLOOKUP(Y76,Macronutrients,9,FALSE)*AC76+VLOOKUP(Y77,Macronutrients,9,FALSE)*AC77+VLOOKUP(Y78,Macronutrients,9,FALSE)*AC78+VLOOKUP(Y79,Macronutrients,9,FALSE)*AC79+VLOOKUP(Y82,Micronutrients,9,FALSE)*AC82+VLOOKUP(Y83,Micronutrients,9,FALSE)*AC83+VLOOKUP(Y84,Micronutrients,9,FALSE)*AC84+VLOOKUP(Y85,Micronutrients,9,FALSE)*AC85","v":0},{"$f":"VLOOKUP(Y74,Macronutrients,10,FALSE)*AC74+VLOOKUP(Y75,Macronutrients,10,FALSE)*AC75+VLOOKUP(Y76,Macronutrients,10,FALSE)*AC76+VLOOKUP(Y77,Macronutrients,10,FALSE)*AC77+VLOOKUP(Y78,Macronutrients,10,FALSE)*AC78+VLOOKUP(Y79,Macronutrients,10,FALSE)*AC79+VLOOKUP(Y82,Micronutrients,10,FALSE)*AC82+VLOOKUP(Y83,Micronutrients,10,FALSE)*AC83+VLOOKUP(Y84,Micronutrients,10,FALSE)*AC84+VLOOKUP(Y85,Micronutrients,10,FALSE)*AC85","v":0}]
["Micronutrients (drop down menu)",null,null,null,null,null,null,null,null,null,null,null,"Micronutrients (drop down menu)",null,null,null,null,null,null,null,null,null,null,null,"Micronutrients (drop down menu)"]
["None",{"$f":"VLOOKUP($A82,Micronutrients,14,FALSE)","v":0},{"$f":"VLOOKUP(A82,Micronutrients,18,FALSE)","v":0},{"$f":"VLOOKUP(A82,Micronutrients,16,FALSE)","v":1},0,{"$f":"VLOOKUP(A82,Micronutrients,15,FALSE)","v":0},{"$f":"(E82*VLOOKUP(A82,Micronutrients,14,FALSE)/D82)*C82","v":0},null,"Cu","Mo","Fe",null,"None",{"$f":"VLOOKUP($M82,Micronutrients,14,FALSE)","v":0},{"$f":"VLOOKUP(M82,Micronutrients,18,FALSE)","v":0},{"$f":"VLOOKUP(M82,Micronutrients,16,FALSE)","v":1},0,{"$f":"VLOOKUP(M82,Micronutrients,15,FALSE)","v":0},{"$f":"(Q82*VLOOKUP(M82,Micronutrients,14,FALSE)/P82)*O82","v":0},null,"Cu","Mo","Fe",null,"None",{"$f":"VLOOKUP(Y82,Micronutrients,14,FALSE)","v":0},{"$f":"VLOOKUP(Y82,Micronutrients,18,FALSE)","v":0},{"$f":"VLOOKUP(Y82,Micronutrients,16,FALSE)","v":1},0,{"$f":"VLOOKUP(Y82,Micronutrients,15,FALSE)","v":0},{"$f":"(AC82*VLOOKUP(Y82,Micronutrients,14,FALSE)/AB82)*AA82","v":0},null,"Cu","Mo","Fe"]
["None",{"$f":"VLOOKUP($A83,Micronutrients,14,FALSE)","v":0},{"$f":"VLOOKUP(A83,Micronutrients,18,FALSE)","v":0},{"$f":"VLOOKUP(A83,Micronutrients,16,FALSE)","v":1},0,{"$f":"VLOOKUP(A83,Micronutrients,15,FALSE)","v":0},{"$f":"(E83*VLOOKUP(A83,Micronutrients,14,FALSE)/D83)*C83","v":0},null,{"$f":"VLOOKUP(A74,Macronutrients,11,FALSE)*E74+VLOOKUP(A75,Macronutrients,11,FALSE)*E75+VLOOKUP(A76,Macronutrients,11,FALSE)*E76+VLOOKUP(A77,Macronutrients,11,FALSE)*E77+VLOOKUP(A78,Macronutrients,11,FALSE)*E78+VLOOKUP(A79,Macronutrients,11,FALSE)*E79+VLOOKUP(A82,Micronutrients,11,FALSE)*E82+VLOOKUP(A83,Micronutrients,11,FALSE)*E83+VLOOKUP(A84,Micronutrients,11,FALSE)*E84+VLOOKUP(A85,Micronutrients,11,FALSE)*E85","v":0},{"$f":"VLOOKUP(A74,Macronutrients,12,FALSE)*E74+VLOOKUP(A75,Macronutrients,12,FALSE)*E75+VLOOKUP(A76,Macronutrients,12,FALSE)*E76+VLOOKUP(A77,Macronutrients,12,FALSE)*E77+VLOOKUP(A78,Macronutrients,12,FALSE)*E78+VLOOKUP(A79,Macronutrients,12,FALSE)*E79+VLOOKUP(A82,Micronutrients,12,FALSE)*E82+VLOOKUP(A83,Micronutrients,12,FALSE)*E83+VLOOKUP(A84,Micronutrients,12,FALSE)*E84+VLOOKUP(A85,Micronutrients,12,FALSE)*E85","v":0},{"$f":"VLOOKUP(A74,Macronutrients,13,FALSE)*E74+VLOOKUP(A75,Macronutrients,13,FALSE)*E75+VLOOKUP(A76,Macronutrients,13,FALSE)*E76+VLOOKUP(A77,Macronutrients,13,FALSE)*E77+VLOOKUP(A78,Macronutrients,13,FALSE)*E78+VLOOKUP(A79,Macronutrients,13,FALSE)*E79+VLOOKUP(A82,Micronutrients,13,FALSE)*E82+VLOOKUP(A83,Micronutrients,13,FALSE)*E83+VLOOKUP(A84,Micronutrients,13,FALSE)*E84+VLOOKUP(A85,Micronutrients,13,FALSE)*E85","v":0},null,"None",{"$f":"VLOOKUP($M83,Micronutrients,14,FALSE)","v":0},{"$f":"VLOOKUP(M83,Micronutrients,18,FALSE)","v":0},{"$f":"VLOOKUP(M83,Micronutrients,16,FALSE)","v":1},0,{"$f":"VLOOKUP(M83,Micronutrients,15,FALSE)","v":0},{"$f":"(Q83*VLOOKUP(M83,Micronutrients,14,FALSE)/P83)*O83","v":0},null,{"$f":"VLOOKUP(M74,Macronutrients,11,FALSE)*Q74+VLOOKUP(M75,Macronutrients,11,FALSE)*Q75+VLOOKUP(M76,Macronutrients,11,FALSE)*Q76+VLOOKUP(M77,Macronutrients,11,FALSE)*Q77+VLOOKUP(M78,Macronutrients,11,FALSE)*Q78+VLOOKUP(M79,Macronutrients,11,FALSE)*Q79+VLOOKUP(M82,Micronutrients,11,FALSE)*Q82+VLOOKUP(M83,Micronutrients,11,FALSE)*Q83+VLOOKUP(M84,Micronutrients,11,FALSE)*Q84+VLOOKUP(M85,Micronutrients,11,FALSE)*Q85","v":0},{"$f":"VLOOKUP(M74,Macronutrients,12,FALSE)*Q74+VLOOKUP(M75,Macronutrients,12,FALSE)*Q75+VLOOKUP(M76,Macronutrients,12,FALSE)*Q76+VLOOKUP(M77,Macronutrients,12,FALSE)*Q77+VLOOKUP(M78,Macronutrients,12,FALSE)*Q78+VLOOKUP(M79,Macronutrients,12,FALSE)*Q79+VLOOKUP(M82,Micronutrients,12,FALSE)*Q82+VLOOKUP(M83,Micronutrients,12,FALSE)*Q83+VLOOKUP(M84,Micronutrients,12,FALSE)*Q84+VLOOKUP(M85,Micronutrients,12,FALSE)*Q85","v":0},{"$f":"VLOOKUP(M74,Macronutrients,13,FALSE)*Q74+VLOOKUP(M75,Macronutrients,13,FALSE)*Q75+VLOOKUP(M76,Macronutrients,13,FALSE)*Q76+VLOOKUP(M77,Macronutrients,13,FALSE)*Q77+VLOOKUP(M78,Macronutrients,13,FALSE)*Q78+VLOOKUP(M79,Macronutrients,13,FALSE)*Q79+VLOOKUP(M82,Micronutrients,13,FALSE)*Q82+VLOOKUP(M83,Micronutrients,13,FALSE)*Q83+VLOOKUP(M84,Micronutrients,13,FALSE)*Q84+VLOOKUP(M85,Micronutrients,13,FALSE)*Q85","v":0},null,"None",{"$f":"VLOOKUP(Y83,Micronutrients,14,FALSE)","v":0},{"$f":"VLOOKUP(Y83,Micronutrients,18,FALSE)","v":0},{"$f":"VLOOKUP(Y83,Micronutrients,16,FALSE)","v":1},0,{"$f":"VLOOKUP(Y83,Micronutrients,15,FALSE)","v":0},{"$f":"(AC83*VLOOKUP(Y83,Micronutrients,14,FALSE)/AB83)*AA83","v":0},null,{"$f":"VLOOKUP(Y74,Macronutrients,11,FALSE)*AC74+VLOOKUP(Y75,Macronutrients,11,FALSE)*AC75+VLOOKUP(Y76,Macronutrients,11,FALSE)*AC76+VLOOKUP(Y77,Macronutrients,11,FALSE)*AC77+VLOOKUP(Y78,Macronutrients,11,FALSE)*AC78+VLOOKUP(Y79,Macronutrients,11,FALSE)*AC79+VLOOKUP(Y82,Micronutrients,11,FALSE)*AC82+VLOOKUP(Y83,Micronutrients,11,FALSE)*AC83+VLOOKUP(Y84,Micronutrients,11,FALSE)*AC84+VLOOKUP(Y85,Micronutrients,11,FALSE)*AC85","v":0},{"$f":"VLOOKUP(Y74,Macronutrients,12,FALSE)*AC74+VLOOKUP(Y75,Macronutrients,12,FALSE)*AC75+VLOOKUP(Y76,Macronutrients,12,FALSE)*AC76+VLOOKUP(Y77,Macronutrients,12,FALSE)*AC77+VLOOKUP(Y78,Macronutrients,12,FALSE)*AC78+VLOOKUP(Y79,Macronutrients,12,FALSE)*AC79+VLOOKUP(Y82,Micronutrients,12,FALSE)*AC82+VLOOKUP(Y83,Micronutrients,12,FALSE)*AC83+VLOOKUP(Y84,Micronutrients,12,FALSE)*AC84+VLOOKUP(Y85,Micronutrients,12,FALSE)*AC85","v":0},{"$f":"VLOOKUP(Y74,Macronutrients,13,FALSE)*AC74+VLOOKUP(Y75,Macronutrients,13,FALSE)*AC75+VLOOKUP(Y76,Macronutrients,13,FALSE)*AC76+VLOOKUP(Y77,Macronutrients,13,FALSE)*AC77+VLOOKUP(Y78,Macronutrients,13,FALSE)*AC78+VLOOKUP(Y79,Macronutrients,13,FALSE)*AC79+VLOOKUP(Y82,Micronutrients,13,FALSE)*AC82+VLOOKUP(Y83,Micronutrients,13,FALSE)*AC83+VLOOKUP(Y84,Micronutrients,13,FALSE)*AC84+VLOOKUP(Y85,Micronutrients,13,FALSE)*AC85","v":0}]
["None",{"$f":"VLOOKUP($A84,Micronutrients,14,FALSE)","v":0},{"$f":"VLOOKUP(A84,Micronutrients,18,FALSE)","v":0},{"$f":"VLOOKUP(A84,Micronutrients,16,FALSE)","v":1},0,{"$f":"VLOOKUP(A84,Micronutrients,15,FALSE)","v":0},{"$f":"(E84*VLOOKUP(A84,Micronutrients,14,FALSE)/D84)*C84","v":0},null,null,null,null,null,"None",{"$f":"VLOOKUP($M84,Micronutrients,14,FALSE)","v":0},{"$f":"VLOOKUP(M84,Micronutrients,18,FALSE)","v":0},{"$f":"VLOOKUP(M84,Micronutrients,16,FALSE)","v":1},0,{"$f":"VLOOKUP(M84,Micronutrients,15,FALSE)","v":0},{"$f":"(Q84*VLOOKUP(M84,Micronutrients,14,FALSE)/P84)*O84","v":0},null,null,null,null,null,"None",{"$f":"VLOOKUP(Y84,Micronutrients,14,FALSE)","v":0},{"$f":"VLOOKUP(Y84,Micronutrients,18,FALSE)","v":0},{"$f":"VLOOKUP(Y84,Micronutrients,16,FALSE)","v":1},0,{"$f":"VLOOKUP(Y84,Micronutrients,15,FALSE)","v":0},{"$f":"(AC84*VLOOKUP(Y84,Micronutrients,14,FALSE)/AB84)*AA84","v":0}]
["None",{"$f":"VLOOKUP($A85,Micronutrients,14,FALSE)","v":0},{"$f":"VLOOKUP(A85,Micronutrients,18,FALSE)","v":0},{"$f":"VLOOKUP(A85,Micronutrients,16,FALSE)","v":1},0,{"$f":"VLOOKUP(A85,Micronutrients,15,FALSE)","v":0},{"$f":"(E85*VLOOKUP(A85,Micronutrients,14,FALSE)/D85)*C85","v":0},null,null,null,null,null,"None",{"$f":"VLOOKUP($M85,Micronutrients,14,FALSE)","v":0},{"$f":"VLOOKUP(M85,Micronutrients,18,FALSE)","v":0},{"$f":"VLOOKUP(M85,Micronutrients,16,FALSE)","v":1},0,{"$f":"VLOOKUP(M85,Micronutrients,15,FALSE)","v":0},{"$f":"(Q85*VLOOKUP(M85,Micronutrients,14,FALSE)/P85)*O85","v":0},null,null,null,null,null,"None",{"$f":"VLOOKUP(Y85,Micronutrients,14,FALSE)","v":0},{"$f":"VLOOKUP(Y85,Micronutrients,18,FALSE)","v":0},{"$f":"VLOOKUP(Y85,Micronutrients,16,FALSE)","v":1},0,{"$f":"VLOOKUP(Y85,Micronutrients,15,FALSE)","v":0},{"$f":"(AC85*VLOOKUP(Y85,Micronutrients,14,FALSE)/AB85)*AA85","v":0}]
[]
["Nitrogen Stabilizers (drop down menu)",null,null,null,null,null,null,null,null,null,null,null,"Nitrogen Stabilizers (drop down menu)",null,null,null,null,null,null,null,null,null,null,null,"Nitrogen Stabilizers (drop down menu)"]
["None",{"$f":"VLOOKUP(A88,NitrogenStabilizers,14,FALSE)","v":0},{"$f":"VLOOKUP(A88,NitrogenStabilizers,18,FALSE)","v":0},{"$f":"VLOOKUP(A88,NitrogenStabilizers,16,FALSE)","v":1},0,{"$f":"VLOOKUP(A88,NitrogenStabilizers,15,FALSE)","v":0},{"$f":"(E88*VLOOKUP(A88,NitrogenStabilizers,14,FALSE)/D88)*C88","v":0},null,null,null,null,null,"None",{"$f":"VLOOKUP(M88,NitrogenStabilizers,14,FALSE)","v":0},{"$f":"VLOOKUP(M88,NitrogenStabilizers,18,FALSE)","v":0},{"$f":"VLOOKUP(M88,NitrogenStabilizers,16,FALSE)","v":1},0,{"$f":"VLOOKUP(M88,NitrogenStabilizers,15,FALSE)","v":0},{"$f":"(Q88*VLOOKUP(M88,NitrogenStabilizers,14,FALSE)/P88)*O88","v":0},null,null,null,null,null,"None",{"$f":"VLOOKUP(Y88,NitrogenStabilizers,14,FALSE)","v":0},{"$f":"VLOOKUP(Y88,NitrogenStabilizers,18,FALSE)","v":0},{"$f":"VLOOKUP(Y88,NitrogenStabilizers,16,FALSE)","v":1},0,{"$f":"VLOOKUP(Y88,NitrogenStabilizers,15,FALSE)","v":0},{"$f":"(AC88*VLOOKUP(Y88,NitrogenStabilizers,14,FALSE)/AB88)*AA88","v":0}]
["None",{"$f":"VLOOKUP(A89,NitrogenStabilizers,14,FALSE)","v":0},{"$f":"VLOOKUP(A89,NitrogenStabilizers,18,FALSE)","v":0},{"$f":"VLOOKUP(A89,NitrogenStabilizers,16,FALSE)","v":1},0,{"$f":"VLOOKUP(A89,NitrogenStabilizers,15,FALSE)","v":0},{"$f":"(E89*VLOOKUP(A89,NitrogenStabilizers,14,FALSE)/D89)*C89","v":0},null,null,null,"More",null,"None",{"$f":"VLOOKUP(M89,NitrogenStabilizers,14,FALSE)","v":0},{"$f":"VLOOKUP(M89,NitrogenStabilizers,18,FALSE)","v":0},{"$f":"VLOOKUP(M89,NitrogenStabilizers,16,FALSE)","v":1},0,{"$f":"VLOOKUP(M89,NitrogenStabilizers,15,FALSE)","v":0},{"$f":"(Q89*VLOOKUP(M89,NitrogenStabilizers,14,FALSE)/P89)*O89","v":0},null,null,null,"More",null,"None",{"$f":"VLOOKUP(Y89,NitrogenStabilizers,14,FALSE)","v":0},{"$f":"VLOOKUP(Y89,NitrogenStabilizers,18,FALSE)","v":0},{"$f":"VLOOKUP(Y89,NitrogenStabilizers,16,FALSE)","v":1},0,{"$f":"VLOOKUP(Y89,NitrogenStabilizers,15,FALSE)","v":0},{"$f":"(AC89*VLOOKUP(Y89,NitrogenStabilizers,14,FALSE)/AB89)*AA89","v":0},null,null,null,"More"]
["4th Application Fertilizer Cost/Acre",null,null,null,null,null,{"$f":"SUM(G74:G89)","v":0},null,null,null,"Below",null,"4th Application Fertilizer Cost/Acre",null,null,null,null,null,{"$f":"SUM(S74:S89)","v":0},null,null,null,"Below",null,"4th Application Fertilizer Cost/Acre",null,null,null,null,null,{"$f":"SUM(AE74:AE89)","v":0},null,null,null,"Below"]
[null,null,null,null,null,null,null,null,null,null,"¯",null,null,null,null,null,null,null,null,null,null,null,"¯",null,null,null,null,null,null,null,null,null,null,null,"¯"]
["Total Fertilizer Cost/Acre",null,null,null,null,null,{"$f":"G90+G69+G48","v":0},null,null,null,null,null,"Total Fertilizer Cost/Acre",null,null,null,null,null,{"$f":"S90+S69+S48","v":0},null,null,null,null,null,"Total Fertilizer Cost/Acre",null,null,null,null,null,{"$f":"AE90+AE69+AE48","v":0}]
[]
["5th Application (i.e., Side-Dress or Broadcast)",null,null,null,null,null,null,null,null,null,null,null,"5th Application (i.e., Side-Dress or Broadcast)",null,null,null,null,null,null,null,null,null,null,null,"5th Application (i.e., Side-Dress or Broadcast)"]
["Fertilizer Source","Purchase Units","Package Price (Gals, Lbs, etc.)","Units/Pkg","Rate/Acre","Units","Cost",null,null,null,null,null,"Fertilizer Source","Purchase Units","Package Price (Gals, Lbs, etc.)","Units/Pkg","Rate/Acre","Units","Cost",null,null,null,null,null,"Fertilizer Source","Purchase Units","Package Price (Gals, Lbs, etc.)","Units/Pkg","Rate/Acre","Units","Cost"]
["Macronutrients (drop down menu)",null,null,null,"(Enter Below)",null,null,null,"N","P","K",null,"Macronutrients (drop down menu)",null,null,null,"(Enter Below)",null,null,null,"N","P","K",null,"Macronutrients (drop down menu)",null,null,null,"(Enter Below)",null,null,null,"N","P","K"]
["None",{"$f":"VLOOKUP(A97,Macronutrients,14,FALSE)","v":0},{"$f":"VLOOKUP(A97,Macronutrients,18,FALSE)","v":0},{"$f":"VLOOKUP(A97,Macronutrients,16,FALSE)","v":1},0,{"$f":"VLOOKUP(A97,Macronutrients,15,FALSE)","v":0},{"$f":"(E97*VLOOKUP(A97,Macronutrients,14,FALSE)/D97)*C97","v":0},null,{"$f":"VLOOKUP(A97,Macronutrients,2,FALSE)*E97+VLOOKUP(A98,Macronutrients,2,FALSE)*E98+VLOOKUP(A99,Macronutrients,2,FALSE)*E99+VLOOKUP(A100,Macronutrients,2,FALSE)*E100+VLOOKUP(A101,Macronutrients,2,FALSE)*E101+VLOOKUP(A102,Macronutrients,2,FALSE)*E102+VLOOKUP(A105,Micronutrients,2,FALSE)*E105+VLOOKUP(A106,Micronutrients,2,FALSE)*E106+VLOOKUP(A107,Micronutrients,2,FALSE)*E107+VLOOKUP(A108,Micronutrients,2,FALSE)*E108","v":0},{"$f":"VLOOKUP(A97,Macronutrients,3,FALSE)*E97+VLOOKUP(A98,Macronutrients,3,FALSE)*E98+VLOOKUP(A99,Macronutrients,3,FALSE)*E99+VLOOKUP(A100,Macronutrients,3,FALSE)*E100+VLOOKUP(A101,Macronutrients,3,FALSE)*E101+VLOOKUP(A102,Macronutrients,3,FALSE)*E102+VLOOKUP(A105,Micronutrients,3,FALSE)*E105+VLOOKUP(A106,Micronutrients,3,FALSE)*E106+VLOOKUP(A107,Micronutrients,3,FALSE)*E107+VLOOKUP(A108,Micronutrients,3,FALSE)*E108","v":0},{"$f":"VLOOKUP(A97,Macronutrients,4,FALSE)*E97+VLOOKUP(A98,Macronutrients,4,FALSE)*E98+VLOOKUP(A99,Macronutrients,4,FALSE)*E99+VLOOKUP(A100,Macronutrients,4,FALSE)*E100+VLOOKUP(A101,Macronutrients,4,FALSE)*E101+VLOOKUP(A102,Macronutrients,4,FALSE)*E102+VLOOKUP(A105,Micronutrients,4,FALSE)*E105+VLOOKUP(A106,Micronutrients,4,FALSE)*E106+VLOOKUP(A107,Micronutrients,4,FALSE)*E107+VLOOKUP(A108,Micronutrients,4,FALSE)*E108","v":0},null,"None",{"$f":"VLOOKUP(M97,Macronutrients,14,FALSE)","v":0},{"$f":"VLOOKUP(M97,Macronutrients,18,FALSE)","v":0},{"$f":"VLOOKUP(M97,Macronutrients,16,FALSE)","v":1},0,{"$f":"VLOOKUP(M97,Macronutrients,15,FALSE)","v":0},{"$f":"(Q97*VLOOKUP(M97,Macronutrients,14,FALSE)/P97)*O97","v":0},null,{"$f":"VLOOKUP(M97,Macronutrients,2,FALSE)*Q97+VLOOKUP(M98,Macronutrients,2,FALSE)*Q98+VLOOKUP(M99,Macronutrients,2,FALSE)*Q99+VLOOKUP(M100,Macronutrients,2,FALSE)*Q100+VLOOKUP(M101,Macronutrients,2,FALSE)*Q101+VLOOKUP(M102,Macronutrients,2,FALSE)*Q102+VLOOKUP(M105,Micronutrients,2,FALSE)*Q105+VLOOKUP(M106,Micronutrients,2,FALSE)*Q106+VLOOKUP(M107,Micronutrients,2,FALSE)*Q107+VLOOKUP(M108,Micronutrients,2,FALSE)*Q108","v":0},{"$f":"VLOOKUP(M97,Macronutrients,3,FALSE)*Q97+VLOOKUP(M98,Macronutrients,3,FALSE)*Q98+VLOOKUP(M99,Macronutrients,3,FALSE)*Q99+VLOOKUP(M100,Macronutrients,3,FALSE)*Q100+VLOOKUP(M101,Macronutrients,3,FALSE)*Q101+VLOOKUP(M102,Macronutrients,3,FALSE)*Q102+VLOOKUP(M105,Micronutrients,3,FALSE)*Q105+VLOOKUP(M106,Micronutrients,3,FALSE)*Q106+VLOOKUP(M107,Micronutrients,3,FALSE)*Q107+VLOOKUP(M108,Micronutrients,3,FALSE)*Q108","v":0},{"$f":"VLOOKUP(M97,Macronutrients,4,FALSE)*Q97+VLOOKUP(M98,Macronutrients,4,FALSE)*Q98+VLOOKUP(M99,Macronutrients,4,FALSE)*Q99+VLOOKUP(M100,Macronutrients,4,FALSE)*Q100+VLOOKUP(M101,Macronutrients,4,FALSE)*Q101+VLOOKUP(M102,Macronutrients,4,FALSE)*Q102+VLOOKUP(M105,Micronutrients,4,FALSE)*Q105+VLOOKUP(M106,Micronutrients,4,FALSE)*Q106+VLOOKUP(M107,Micronutrients,4,FALSE)*Q107+VLOOKUP(M108,Micronutrients,4,FALSE)*Q108","v":0},null,"None",{"$f":"VLOOKUP(Y97,Macronutrients,14,FALSE)","v":0},{"$f":"VLOOKUP(Y97,Macronutrients,18,FALSE)","v":0},{"$f":"VLOOKUP(Y97,Macronutrients,16,FALSE)","v":1},0,{"$f":"VLOOKUP(Y97,Macronutrients,15,FALSE)","v":0},{"$f":"(AC97*VLOOKUP(Y97,Macronutrients,14,FALSE)/AB97)*AA97","v":0},null,{"$f":"VLOOKUP(Y97,Macronutrients,2,FALSE)*AC97+VLOOKUP(Y98,Macronutrients,2,FALSE)*AC98+VLOOKUP(Y99,Macronutrients,2,FALSE)*AC99+VLOOKUP(Y100,Macronutrients,2,FALSE)*AC100+VLOOKUP(Y101,Macronutrients,2,FALSE)*AC101+VLOOKUP(Y102,Macronutrients,2,FALSE)*AC102+VLOOKUP(Y105,Micronutrients,2,FALSE)*AC105+VLOOKUP(Y106,Micronutrients,2,FALSE)*AC106+VLOOKUP(Y107,Micronutrients,2,FALSE)*AC107+VLOOKUP(Y108,Micronutrients,2,FALSE)*AC108","v":0},{"$f":"VLOOKUP(Y97,Macronutrients,3,FALSE)*AC97+VLOOKUP(Y98,Macronutrients,3,FALSE)*AC98+VLOOKUP(Y99,Macronutrients,3,FALSE)*AC99+VLOOKUP(Y100,Macronutrients,3,FALSE)*AC100+VLOOKUP(Y101,Macronutrients,3,FALSE)*AC101+VLOOKUP(Y102,Macronutrients,3,FALSE)*AC102+VLOOKUP(Y105,Micronutrients,3,FALSE)*AC105+VLOOKUP(Y106,Micronutrients,3,FALSE)*AC106+VLOOKUP(Y107,Micronutrients,3,FALSE)*AC107+VLOOKUP(Y108,Micronutrients,3,FALSE)*AC108","v":0},{"$f":"VLOOKUP(Y97,Macronutrients,4,FALSE)*AC97+VLOOKUP(Y98,Macronutrients,4,FALSE)*AC98+VLOOKUP(Y99,Macronutrients,4,FALSE)*AC99+VLOOKUP(Y100,Macronutrients,4,FALSE)*AC100+VLOOKUP(Y101,Macronutrients,4,FALSE)*AC101+VLOOKUP(Y102,Macronutrients,4,FALSE)*AC102+VLOOKUP(Y105,Micronutrients,4,FALSE)*AC105+VLOOKUP(Y106,Micronutrients,4,FALSE)*AC106+VLOOKUP(Y107,Micronutrients,4,FALSE)*AC107+VLOOKUP(Y108,Micronutrients,4,FALSE)*AC108","v":0}]
["None",0,0,1,0,0,0,null,null,null,null,null,"None",0,0,1,0,0,0,null,null,null,null,null,"None",0,0,1,0,0,0]
["None",0,0,1,0,0,0,null,"S","Ca","Mg",null,"None",0,0,1,0,0,0,null,"S","Ca","Mg",null,"None",0,0,1,0,0,0,null,"S","Ca","Mg"]
["None",0,0,1,0,0,0,null,{"$f":"VLOOKUP(A97,Macronutrients,5,FALSE)*E97+VLOOKUP(A98,Macronutrients,5,FALSE)*E98+VLOOKUP(A99,Macronutrients,5,FALSE)*E99+VLOOKUP(A100,Macronutrients,5,FALSE)*E100+VLOOKUP(A101,Macronutrients,5,FALSE)*E101+VLOOKUP(A102,Macronutrients,5,FALSE)*E102+VLOOKUP(A105,Micronutrients,5,FALSE)*E105+VLOOKUP(A106,Micronutrients,5,FALSE)*E106+VLOOKUP(A107,Micronutrients,5,FALSE)*E107+VLOOKUP(A108,Micronutrients,5,FALSE)*E108","v":0},{"$f":"VLOOKUP(A97,Macronutrients,7,FALSE)*E97+VLOOKUP(A98,Macronutrients,7,FALSE)*E98+VLOOKUP(A99,Macronutrients,7,FALSE)*E99+VLOOKUP(A100,Macronutrients,7,FALSE)*E100+VLOOKUP(A101,Macronutrients,7,FALSE)*E101+VLOOKUP(A102,Macronutrients,7,FALSE)*E102+VLOOKUP(A105,Micronutrients,7,FALSE)*E105+VLOOKUP(A106,Micronutrients,7,FALSE)*E106+VLOOKUP(A107,Micronutrients,7,FALSE)*E107+VLOOKUP(A108,Micronutrients,7,FALSE)*E108","v":0},{"$f":"VLOOKUP($A97,Macronutrients,6,FALSE)*$E$6+VLOOKUP($A98,Macronutrients,6,FALSE)*$E$7+VLOOKUP($A99,Macronutrients,6,FALSE)*$E$8+VLOOKUP($A100,Macronutrients,6,FALSE)*$E$9+VLOOKUP($A101,Macronutrients,6,FALSE)*$E$10+VLOOKUP($A102,Macronutrients,6,FALSE)*$E$11+VLOOKUP($A105,Micronutrients,6,FALSE)*$E$14+VLOOKUP($A106,Micronutrients,6,FALSE)*E106+VLOOKUP($A107,Micronutrients,6,FALSE)*$E$16+VLOOKUP($A108,Micronutrients,6,FALSE)*$E$17","v":0},null,"None",0,0,1,0,0,0,null,{"$f":"VLOOKUP(M97,Macronutrients,5,FALSE)*Q97+VLOOKUP(M98,Macronutrients,5,FALSE)*Q98+VLOOKUP(M99,Macronutrients,5,FALSE)*Q99+VLOOKUP(M100,Macronutrients,5,FALSE)*Q100+VLOOKUP(M101,Macronutrients,5,FALSE)*Q101+VLOOKUP(M102,Macronutrients,5,FALSE)*Q102+VLOOKUP(M105,Micronutrients,5,FALSE)*Q105+VLOOKUP(M106,Micronutrients,5,FALSE)*Q106+VLOOKUP(M107,Micronutrients,5,FALSE)*Q107+VLOOKUP(M108,Micronutrients,5,FALSE)*Q108","v":0},{"$f":"VLOOKUP(M97,Macronutrients,7,FALSE)*Q97+VLOOKUP(M98,Macronutrients,7,FALSE)*Q98+VLOOKUP(M99,Macronutrients,7,FALSE)*Q99+VLOOKUP(M100,Macronutrients,7,FALSE)*Q100+VLOOKUP(M101,Macronutrients,7,FALSE)*Q101+VLOOKUP(M102,Macronutrients,7,FALSE)*Q102+VLOOKUP(M105,Micronutrients,7,FALSE)*Q105+VLOOKUP(M106,Micronutrients,7,FALSE)*Q106+VLOOKUP(M107,Micronutrients,7,FALSE)*Q107+VLOOKUP(M108,Micronutrients,7,FALSE)*Q108","v":0},{"$f":"VLOOKUP($A97,Macronutrients,6,FALSE)*$E$6+VLOOKUP($A98,Macronutrients,6,FALSE)*$E$7+VLOOKUP($A99,Macronutrients,6,FALSE)*$E$8+VLOOKUP($A100,Macronutrients,6,FALSE)*$E$9+VLOOKUP($A101,Macronutrients,6,FALSE)*$E$10+VLOOKUP($A102,Macronutrients,6,FALSE)*$E$11+VLOOKUP($A105,Micronutrients,6,FALSE)*$E$14+VLOOKUP($A106,Micronutrients,6,FALSE)*Q106+VLOOKUP($A107,Micronutrients,6,FALSE)*$E$16+VLOOKUP($A108,Micronutrients,6,FALSE)*$E$17","v":0},null,"None",0,0,1,0,0,0,null,{"$f":"VLOOKUP(Y97,Macronutrients,5,FALSE)*AC97+VLOOKUP(Y98,Macronutrients,5,FALSE)*AC98+VLOOKUP(Y99,Macronutrients,5,FALSE)*AC99+VLOOKUP(Y100,Macronutrients,5,FALSE)*AC100+VLOOKUP(Y101,Macronutrients,5,FALSE)*AC101+VLOOKUP(Y102,Macronutrients,5,FALSE)*AC102+VLOOKUP(Y105,Micronutrients,5,FALSE)*AC105+VLOOKUP(Y106,Micronutrients,5,FALSE)*AC106+VLOOKUP(Y107,Micronutrients,5,FALSE)*AC107+VLOOKUP(Y108,Micronutrients,5,FALSE)*AC108","v":0},{"$f":"VLOOKUP(Y97,Macronutrients,7,FALSE)*AC97+VLOOKUP(Y98,Macronutrients,7,FALSE)*AC98+VLOOKUP(Y99,Macronutrients,7,FALSE)*AC99+VLOOKUP(Y100,Macronutrients,7,FALSE)*AC100+VLOOKUP(Y101,Macronutrients,7,FALSE)*AC101+VLOOKUP(Y102,Macronutrients,7,FALSE)*AC102+VLOOKUP(Y105,Micronutrients,7,FALSE)*AC105+VLOOKUP(Y106,Micronutrients,7,FALSE)*AC106+VLOOKUP(Y107,Micronutrients,7,FALSE)*AC107+VLOOKUP(Y108,Micronutrients,7,FALSE)*AC108","v":0},{"$f":"VLOOKUP($A97,Macronutrients,6,FALSE)*$E$6+VLOOKUP($A98,Macronutrients,6,FALSE)*$E$7+VLOOKUP($A99,Macronutrients,6,FALSE)*$E$8+VLOOKUP($A100,Macronutrients,6,FALSE)*$E$9+VLOOKUP($A101,Macronutrients,6,FALSE)*$E$10+VLOOKUP($A102,Macronutrients,6,FALSE)*$E$11+VLOOKUP($A105,Micronutrients,6,FALSE)*$E$14+VLOOKUP($A106,Micronutrients,6,FALSE)*AC106+VLOOKUP($A107,Micronutrients,6,FALSE)*$E$16+VLOOKUP($A108,Micronutrients,6,FALSE)*$E$17","v":0}]
["None",0,0,1,0,0,0,null,null,null,null,null,"None",0,0,1,0,0,0,null,null,null,null,null,"None",0,0,1,0,0,0]
["None",0,0,1,0,0,0,null,"Z","B","Mn",null,"None",0,0,1,0,0,0,null,"Z","B","Mn",null,"None",0,0,1,0,0,0,null,"Z","B","Mn"]
[null,null,null,null,null,null,null,null,{"$f":"VLOOKUP(A97,Macronutrients,8,FALSE)*E97+VLOOKUP(A98,Macronutrients,8,FALSE)*E98+VLOOKUP(A99,Macronutrients,8,FALSE)*E99+VLOOKUP(A100,Macronutrients,8,FALSE)*E100+VLOOKUP(A101,Macronutrients,8,FALSE)*E101+VLOOKUP(A102,Macronutrients,8,FALSE)*E102+VLOOKUP(A105,Micronutrients,8,FALSE)*E105+VLOOKUP(A106,Micronutrients,8,FALSE)*E106+VLOOKUP(A107,Micronutrients,8,FALSE)*E107+VLOOKUP(A108,Micronutrients,8,FALSE)*E108","v":0},{"$f":"VLOOKUP(A97,Macronutrients,9,FALSE)*E97+VLOOKUP(A98,Macronutrients,9,FALSE)*E98+VLOOKUP(A99,Macronutrients,9,FALSE)*E99+VLOOKUP(A100,Macronutrients,9,FALSE)*E100+VLOOKUP(A101,Macronutrients,9,FALSE)*E101+VLOOKUP(A102,Macronutrients,9,FALSE)*E102+VLOOKUP(A105,Micronutrients,9,FALSE)*E105+VLOOKUP(A106,Micronutrients,9,FALSE)*E106+VLOOKUP(A107,Micronutrients,9,FALSE)*E107+VLOOKUP(A108,Micronutrients,9,FALSE)*E108","v":0},{"$f":"VLOOKUP(A97,Macronutrients,10,FALSE)*E97+VLOOKUP(A98,Macronutrients,10,FALSE)*E98+VLOOKUP(A99,Macronutrients,10,FALSE)*E99+VLOOKUP(A100,Macronutrients,10,FALSE)*E100+VLOOKUP(A101,Macronutrients,10,FALSE)*E101+VLOOKUP(A102,Macronutrients,10,FALSE)*E102+VLOOKUP(A105,Micronutrients,10,FALSE)*E105+VLOOKUP(A106,Micronutrients,10,FALSE)*E106+VLOOKUP(A107,Micronutrients,10,FALSE)*E107+VLOOKUP(A108,Micronutrients,10,FALSE)*E108","v":0},null,null,null,null,null,null,null,null,null,{"$f":"VLOOKUP(M97,Macronutrients,8,FALSE)*Q97+VLOOKUP(M98,Macronutrients,8,FALSE)*Q98+VLOOKUP(M99,Macronutrients,8,FALSE)*Q99+VLOOKUP(M100,Macronutrients,8,FALSE)*Q100+VLOOKUP(M101,Macronutrients,8,FALSE)*Q101+VLOOKUP(M102,Macronutrients,8,FALSE)*Q102+VLOOKUP(M105,Micronutrients,8,FALSE)*Q105+VLOOKUP(M106,Micronutrients,8,FALSE)*Q106+VLOOKUP(M107,Micronutrients,8,FALSE)*Q107+VLOOKUP(M108,Micronutrients,8,FALSE)*Q108","v":0},{"$f":"VLOOKUP(M97,Macronutrients,9,FALSE)*Q97+VLOOKUP(M98,Macronutrients,9,FALSE)*Q98+VLOOKUP(M99,Macronutrients,9,FALSE)*Q99+VLOOKUP(M100,Macronutrients,9,FALSE)*Q100+VLOOKUP(M101,Macronutrients,9,FALSE)*Q101+VLOOKUP(M102,Macronutrients,9,FALSE)*Q102+VLOOKUP(M105,Micronutrients,9,FALSE)*Q105+VLOOKUP(M106,Micronutrients,9,FALSE)*Q106+VLOOKUP(M107,Micronutrients,9,FALSE)*Q107+VLOOKUP(M108,Micronutrients,9,FALSE)*Q108","v":0},{"$f":"VLOOKUP(M97,Macronutrients,10,FALSE)*Q97+VLOOKUP(M98,Macronutrients,10,FALSE)*Q98+VLOOKUP(M99,Macronutrients,10,FALSE)*Q99+VLOOKUP(M100,Macronutrients,10,FALSE)*Q100+VLOOKUP(M101,Macronutrients,10,FALSE)*Q101+VLOOKUP(M102,Macronutrients,10,FALSE)*Q102+VLOOKUP(M105,Micronutrients,10,FALSE)*Q105+VLOOKUP(M106,Micronutrients,10,FALSE)*Q106+VLOOKUP(M107,Micronutrients,10,FALSE)*Q107+VLOOKUP(M108,Micronutrients,10,FALSE)*Q108","v":0},null,null,null,null,null,null,null,null,null,{"$f":"VLOOKUP(Y97,Macronutrients,8,FALSE)*AC97+VLOOKUP(Y98,Macronutrients,8,FALSE)*AC98+VLOOKUP(Y99,Macronutrients,8,FALSE)*AC99+VLOOKUP(Y100,Macronutrients,8,FALSE)*AC100+VLOOKUP(Y101,Macronutrients,8,FALSE)*AC101+VLOOKUP(Y102,Macronutrients,8,FALSE)*AC102+VLOOKUP(Y105,Micronutrients,8,FALSE)*AC105+VLOOKUP(Y106,Micronutrients,8,FALSE)*AC106+VLOOKUP(Y107,Micronutrients,8,FALSE)*AC107+VLOOKUP(Y108,Micronutrients,8,FALSE)*AC108","v":0},{"$f":"VLOOKUP(Y97,Macronutrients,9,FALSE)*AC97+VLOOKUP(Y98,Macronutrients,9,FALSE)*AC98+VLOOKUP(Y99,Macronutrients,9,FALSE)*AC99+VLOOKUP(Y100,Macronutrients,9,FALSE)*AC100+VLOOKUP(Y101,Macronutrients,9,FALSE)*AC101+VLOOKUP(Y102,Macronutrients,9,FALSE)*AC102+VLOOKUP(Y105,Micronutrients,9,FALSE)*AC105+VLOOKUP(Y106,Micronutrients,9,FALSE)*AC106+VLOOKUP(Y107,Micronutrients,9,FALSE)*AC107+VLOOKUP(Y108,Micronutrients,9,FALSE)*AC108","v":0},{"$f":"VLOOKUP(Y97,Macronutrients,10,FALSE)*AC97+VLOOKUP(Y98,Macronutrients,10,FALSE)*AC98+VLOOKUP(Y99,Macronutrients,10,FALSE)*AC99+VLOOKUP(Y100,Macronutrients,10,FALSE)*AC100+VLOOKUP(Y101,Macronutrients,10,FALSE)*AC101+VLOOKUP(Y102,Macronutrients,10,FALSE)*AC102+VLOOKUP(Y105,Micronutrients,10,FALSE)*AC105+VLOOKUP(Y106,Micronutrients,10,FALSE)*AC106+VLOOKUP(Y107,Micronutrients,10,FALSE)*AC107+VLOOKUP(Y108,Micronutrients,10,FALSE)*AC108","v":0}]
["Micronutrients (drop down menu)",null,null,null,null,null,null,null,null,null,null,null,"Micronutrients (drop down menu)",null,null,null,null,null,null,null,null,null,null,null,"Micronutrients (drop down menu)"]
["None",{"$f":"VLOOKUP($A105,Micronutrients,14,FALSE)","v":0},{"$f":"VLOOKUP(A105,Micronutrients,18,FALSE)","v":0},{"$f":"VLOOKUP(A105,Micronutrients,16,FALSE)","v":1},0,{"$f":"VLOOKUP(A105,Micronutrients,15,FALSE)","v":0},{"$f":"(E105*VLOOKUP(A105,Micronutrients,14,FALSE)/D105)*C105","v":0},null,"Cu","Mo","Fe",null,"None",{"$f":"VLOOKUP($M105,Micronutrients,14,FALSE)","v":0},{"$f":"VLOOKUP(M105,Micronutrients,18,FALSE)","v":0},{"$f":"VLOOKUP(M105,Micronutrients,16,FALSE)","v":1},0,{"$f":"VLOOKUP(M105,Micronutrients,15,FALSE)","v":0},{"$f":"(Q105*VLOOKUP(M105,Micronutrients,14,FALSE)/P105)*O105","v":0},null,"Cu","Mo","Fe",null,"None",{"$f":"VLOOKUP(Y105,Micronutrients,14,FALSE)","v":0},{"$f":"VLOOKUP(Y105,Micronutrients,18,FALSE)","v":0},{"$f":"VLOOKUP(Y105,Micronutrients,16,FALSE)","v":1},0,{"$f":"VLOOKUP(Y105,Micronutrients,15,FALSE)","v":0},{"$f":"(AC105*VLOOKUP(Y105,Micronutrients,14,FALSE)/AB105)*AA105","v":0},null,"Cu","Mo","Fe"]
["None",{"$f":"VLOOKUP($A106,Micronutrients,14,FALSE)","v":0},{"$f":"VLOOKUP(A106,Micronutrients,18,FALSE)","v":0},{"$f":"VLOOKUP(A106,Micronutrients,16,FALSE)","v":1},0,{"$f":"VLOOKUP(A106,Micronutrients,15,FALSE)","v":0},{"$f":"(E106*VLOOKUP(A106,Micronutrients,14,FALSE)/D106)*C106","v":0},null,{"$f":"VLOOKUP(A97,Macronutrients,11,FALSE)*E97+VLOOKUP(A98,Macronutrients,11,FALSE)*E98+VLOOKUP(A99,Macronutrients,11,FALSE)*E99+VLOOKUP(A100,Macronutrients,11,FALSE)*E100+VLOOKUP(A101,Macronutrients,11,FALSE)*E101+VLOOKUP(A102,Macronutrients,11,FALSE)*E102+VLOOKUP(A105,Micronutrients,11,FALSE)*E105+VLOOKUP(A106,Micronutrients,11,FALSE)*E106+VLOOKUP(A107,Micronutrients,11,FALSE)*E107+VLOOKUP(A108,Micronutrients,11,FALSE)*E108","v":0},{"$f":"VLOOKUP(A97,Macronutrients,12,FALSE)*E97+VLOOKUP(A98,Macronutrients,12,FALSE)*E98+VLOOKUP(A99,Macronutrients,12,FALSE)*E99+VLOOKUP(A100,Macronutrients,12,FALSE)*E100+VLOOKUP(A101,Macronutrients,12,FALSE)*E101+VLOOKUP(A102,Macronutrients,12,FALSE)*E102+VLOOKUP(A105,Micronutrients,12,FALSE)*E105+VLOOKUP(A106,Micronutrients,12,FALSE)*E106+VLOOKUP(A107,Micronutrients,12,FALSE)*E107+VLOOKUP(A108,Micronutrients,12,FALSE)*E108","v":0},{"$f":"VLOOKUP(A97,Macronutrients,13,FALSE)*E97+VLOOKUP(A98,Macronutrients,13,FALSE)*E98+VLOOKUP(A99,Macronutrients,13,FALSE)*E99+VLOOKUP(A100,Macronutrients,13,FALSE)*E100+VLOOKUP(A101,Macronutrients,13,FALSE)*E101+VLOOKUP(A102,Macronutrients,13,FALSE)*E102+VLOOKUP(A105,Micronutrients,13,FALSE)*E105+VLOOKUP(A106,Micronutrients,13,FALSE)*E106+VLOOKUP(A107,Micronutrients,13,FALSE)*E107+VLOOKUP(A108,Micronutrients,13,FALSE)*E108","v":0},null,"None",{"$f":"VLOOKUP($M106,Micronutrients,14,FALSE)","v":0},{"$f":"VLOOKUP(M106,Micronutrients,18,FALSE)","v":0},{"$f":"VLOOKUP(M106,Micronutrients,16,FALSE)","v":1},0,{"$f":"VLOOKUP(M106,Micronutrients,15,FALSE)","v":0},{"$f":"(Q106*VLOOKUP(M106,Micronutrients,14,FALSE)/P106)*O106","v":0},null,{"$f":"VLOOKUP(M97,Macronutrients,11,FALSE)*Q97+VLOOKUP(M98,Macronutrients,11,FALSE)*Q98+VLOOKUP(M99,Macronutrients,11,FALSE)*Q99+VLOOKUP(M100,Macronutrients,11,FALSE)*Q100+VLOOKUP(M101,Macronutrients,11,FALSE)*Q101+VLOOKUP(M102,Macronutrients,11,FALSE)*Q102+VLOOKUP(M105,Micronutrients,11,FALSE)*Q105+VLOOKUP(M106,Micronutrients,11,FALSE)*Q106+VLOOKUP(M107,Micronutrients,11,FALSE)*Q107+VLOOKUP(M108,Micronutrients,11,FALSE)*Q108","v":0},{"$f":"VLOOKUP(M97,Macronutrients,12,FALSE)*Q97+VLOOKUP(M98,Macronutrients,12,FALSE)*Q98+VLOOKUP(M99,Macronutrients,12,FALSE)*Q99+VLOOKUP(M100,Macronutrients,12,FALSE)*Q100+VLOOKUP(M101,Macronutrients,12,FALSE)*Q101+VLOOKUP(M102,Macronutrients,12,FALSE)*Q102+VLOOKUP(M105,Micronutrients,12,FALSE)*Q105+VLOOKUP(M106,Micronutrients,12,FALSE)*Q106+VLOOKUP(M107,Micronutrients,12,FALSE)*Q107+VLOOKUP(M108,Micronutrients,12,FALSE)*Q108","v":0},{"$f":"VLOOKUP(M97,Macronutrients,13,FALSE)*Q97+VLOOKUP(M98,Macronutrients,13,FALSE)*Q98+VLOOKUP(M99,Macronutrients,13,FALSE)*Q99+VLOOKUP(M100,Macronutrients,13,FALSE)*Q100+VLOOKUP(M101,Macronutrients,13,FALSE)*Q101+VLOOKUP(M102,Macronutrients,13,FALSE)*Q102+VLOOKUP(M105,Micronutrients,13,FALSE)*Q105+VLOOKUP(M106,Micronutrients,13,FALSE)*Q106+VLOOKUP(M107,Micronutrients,13,FALSE)*Q107+VLOOKUP(M108,Micronutrients,13,FALSE)*Q108","v":0},null,"None",{"$f":"VLOOKUP(Y106,Micronutrients,14,FALSE)","v":0},{"$f":"VLOOKUP(Y106,Micronutrients,18,FALSE)","v":0},{"$f":"VLOOKUP(Y106,Micronutrients,16,FALSE)","v":1},0,{"$f":"VLOOKUP(Y106,Micronutrients,15,FALSE)","v":0},{"$f":"(AC106*VLOOKUP(Y106,Micronutrients,14,FALSE)/AB106)*AA106","v":0},null,{"$f":"VLOOKUP(Y97,Macronutrients,11,FALSE)*AC97+VLOOKUP(Y98,Macronutrients,11,FALSE)*AC98+VLOOKUP(Y99,Macronutrients,11,FALSE)*AC99+VLOOKUP(Y100,Macronutrients,11,FALSE)*AC100+VLOOKUP(Y101,Macronutrients,11,FALSE)*AC101+VLOOKUP(Y102,Macronutrients,11,FALSE)*AC102+VLOOKUP(Y105,Micronutrients,11,FALSE)*AC105+VLOOKUP(Y106,Micronutrients,11,FALSE)*AC106+VLOOKUP(Y107,Micronutrients,11,FALSE)*AC107+VLOOKUP(Y108,Micronutrients,11,FALSE)*AC108","v":0},{"$f":"VLOOKUP(Y97,Macronutrients,12,FALSE)*AC97+VLOOKUP(Y98,Macronutrients,12,FALSE)*AC98+VLOOKUP(Y99,Macronutrients,12,FALSE)*AC99+VLOOKUP(Y100,Macronutrients,12,FALSE)*AC100+VLOOKUP(Y101,Macronutrients,12,FALSE)*AC101+VLOOKUP(Y102,Macronutrients,12,FALSE)*AC102+VLOOKUP(Y105,Micronutrients,12,FALSE)*AC105+VLOOKUP(Y106,Micronutrients,12,FALSE)*AC106+VLOOKUP(Y107,Micronutrients,12,FALSE)*AC107+VLOOKUP(Y108,Micronutrients,12,FALSE)*AC108","v":0},{"$f":"VLOOKUP(Y97,Macronutrients,13,FALSE)*AC97+VLOOKUP(Y98,Macronutrients,13,FALSE)*AC98+VLOOKUP(Y99,Macronutrients,13,FALSE)*AC99+VLOOKUP(Y100,Macronutrients,13,FALSE)*AC100+VLOOKUP(Y101,Macronutrients,13,FALSE)*AC101+VLOOKUP(Y102,Macronutrients,13,FALSE)*AC102+VLOOKUP(Y105,Micronutrients,13,FALSE)*AC105+VLOOKUP(Y106,Micronutrients,13,FALSE)*AC106+VLOOKUP(Y107,Micronutrients,13,FALSE)*AC107+VLOOKUP(Y108,Micronutrients,13,FALSE)*AC108","v":0}]
["None",{"$f":"VLOOKUP($A107,Micronutrients,14,FALSE)","v":0},{"$f":"VLOOKUP(A107,Micronutrients,18,FALSE)","v":0},{"$f":"VLOOKUP(A107,Micronutrients,16,FALSE)","v":1},0,{"$f":"VLOOKUP(A107,Micronutrients,15,FALSE)","v":0},{"$f":"(E107*VLOOKUP(A107,Micronutrients,14,FALSE)/D107)*C107","v":0},null,null,null,null,null,"None",{"$f":"VLOOKUP($M107,Micronutrients,14,FALSE)","v":0},{"$f":"VLOOKUP(M107,Micronutrients,18,FALSE)","v":0},{"$f":"VLOOKUP(M107,Micronutrients,16,FALSE)","v":1},0,{"$f":"VLOOKUP(M107,Micronutrients,15,FALSE)","v":0},{"$f":"(Q107*VLOOKUP(M107,Micronutrients,14,FALSE)/P107)*O107","v":0},null,null,null,null,null,"None",{"$f":"VLOOKUP(Y107,Micronutrients,14,FALSE)","v":0},{"$f":"VLOOKUP(Y107,Micronutrients,18,FALSE)","v":0},{"$f":"VLOOKUP(Y107,Micronutrients,16,FALSE)","v":1},0,{"$f":"VLOOKUP(Y107,Micronutrients,15,FALSE)","v":0},{"$f":"(AC107*VLOOKUP(Y107,Micronutrients,14,FALSE)/AB107)*AA107","v":0}]
["None",{"$f":"VLOOKUP($A108,Micronutrients,14,FALSE)","v":0},{"$f":"VLOOKUP(A108,Micronutrients,18,FALSE)","v":0},{"$f":"VLOOKUP(A108,Micronutrients,16,FALSE)","v":1},0,{"$f":"VLOOKUP(A108,Micronutrients,15,FALSE)","v":0},{"$f":"(E108*VLOOKUP(A108,Micronutrients,14,FALSE)/D108)*C108","v":0},null,null,null,null,null,"None",{"$f":"VLOOKUP($M108,Micronutrients,14,FALSE)","v":0},{"$f":"VLOOKUP(M108,Micronutrients,18,FALSE)","v":0},{"$f":"VLOOKUP(M108,Micronutrients,16,FALSE)","v":1},0,{"$f":"VLOOKUP(M108,Micronutrients,15,FALSE)","v":0},{"$f":"(Q108*VLOOKUP(M108,Micronutrients,14,FALSE)/P108)*O108","v":0},null,null,null,null,null,"None",{"$f":"VLOOKUP(Y108,Micronutrients,14,FALSE)","v":0},{"$f":"VLOOKUP(Y108,Micronutrients,18,FALSE)","v":0},{"$f":"VLOOKUP(Y108,Micronutrients,16,FALSE)","v":1},0,{"$f":"VLOOKUP(Y108,Micronutrients,15,FALSE)","v":0},{"$f":"(AC108*VLOOKUP(Y108,Micronutrients,14,FALSE)/AB108)*AA108","v":0}]
[]
["Nitrogen Stabilizers (drop down menu)",null,null,null,null,null,null,null,null,null,null,null,"Nitrogen Stabilizers (drop down menu)",null,null,null,null,null,null,null,null,null,null,null,"Nitrogen Stabilizers (drop down menu)"]
["None",{"$f":"VLOOKUP(A111,NitrogenStabilizers,14,FALSE)","v":0},{"$f":"VLOOKUP(A111,NitrogenStabilizers,18,FALSE)","v":0},{"$f":"VLOOKUP(A111,NitrogenStabilizers,16,FALSE)","v":1},0,{"$f":"VLOOKUP(A111,NitrogenStabilizers,15,FALSE)","v":0},{"$f":"(E111*VLOOKUP(A111,NitrogenStabilizers,14,FALSE)/D111)*C111","v":0},null,null,null,null,null,"None",{"$f":"VLOOKUP(M111,NitrogenStabilizers,14,FALSE)","v":0},{"$f":"VLOOKUP(M111,NitrogenStabilizers,18,FALSE)","v":0},{"$f":"VLOOKUP(M111,NitrogenStabilizers,16,FALSE)","v":1},0,{"$f":"VLOOKUP(M111,NitrogenStabilizers,15,FALSE)","v":0},{"$f":"(Q111*VLOOKUP(M111,NitrogenStabilizers,14,FALSE)/P111)*O111","v":0},null,null,null,null,null,"None",{"$f":"VLOOKUP(Y111,NitrogenStabilizers,14,FALSE)","v":0},{"$f":"VLOOKUP(Y111,NitrogenStabilizers,18,FALSE)","v":0},{"$f":"VLOOKUP(Y111,NitrogenStabilizers,16,FALSE)","v":1},0,{"$f":"VLOOKUP(Y111,NitrogenStabilizers,15,FALSE)","v":0},{"$f":"(AC111*VLOOKUP(Y111,NitrogenStabilizers,14,FALSE)/AB111)*AA111","v":0}]
["None",{"$f":"VLOOKUP(A112,NitrogenStabilizers,14,FALSE)","v":0},{"$f":"VLOOKUP(A112,NitrogenStabilizers,18,FALSE)","v":0},{"$f":"VLOOKUP(A112,NitrogenStabilizers,16,FALSE)","v":1},0,{"$f":"VLOOKUP(A112,NitrogenStabilizers,15,FALSE)","v":0},{"$f":"(E112*VLOOKUP(A112,NitrogenStabilizers,14,FALSE)/D112)*C112","v":0},null,null,null,"More",null,"None",{"$f":"VLOOKUP(M112,NitrogenStabilizers,14,FALSE)","v":0},{"$f":"VLOOKUP(M112,NitrogenStabilizers,18,FALSE)","v":0},{"$f":"VLOOKUP(M112,NitrogenStabilizers,16,FALSE)","v":1},0,{"$f":"VLOOKUP(M112,NitrogenStabilizers,15,FALSE)","v":0},{"$f":"(Q112*VLOOKUP(M112,NitrogenStabilizers,14,FALSE)/P112)*O112","v":0},null,null,null,"More",null,"None",{"$f":"VLOOKUP(Y112,NitrogenStabilizers,14,FALSE)","v":0},{"$f":"VLOOKUP(Y112,NitrogenStabilizers,18,FALSE)","v":0},{"$f":"VLOOKUP(Y112,NitrogenStabilizers,16,FALSE)","v":1},0,{"$f":"VLOOKUP(Y112,NitrogenStabilizers,15,FALSE)","v":0},{"$f":"(AC112*VLOOKUP(Y112,NitrogenStabilizers,14,FALSE)/AB112)*AA112","v":0},null,null,null,"More"]
["5th Application Fertilizer Cost/Acre",null,null,null,null,null,{"$f":"SUM(G97:G112)","v":0},null,null,null,"Below",null,"5th Application Fertilizer Cost/Acre",null,null,null,null,null,{"$f":"SUM(S97:S112)","v":0},null,null,null,"Below",null,"5th Application Fertilizer Cost/Acre",null,null,null,null,null,{"$f":"SUM(AE97:AE112)","v":0},null,null,null,"Below"]
[null,null,null,null,null,null,null,null,null,null,"¯",null,null,null,null,null,null,null,null,null,null,null,"¯",null,null,null,null,null,null,null,null,null,null,null,"¯"]
["Total Fertilizer Cost/Acre",null,null,null,null,null,{"$f":"G113+G92+G69+G46+G25","v":0},null,null,null,null,null,"Total Fertilizer Cost/Acre",null,null,null,null,null,{"$f":"S113+S92+S69+S46+S25","v":0},null,null,null,null,null,"Total Fertilizer Cost/Acre",null,null,null,null,null,{"$f":"AE113+AE92+AE69+AE46+AE25","v":0}]
[]
[null,null,null,null,"Total Nutrient Needs",null,null,null,"Total Fertilizer Program",null,null,null,null,null,null,null,"Total Nutrient Needs",null,null,null,"Total Fertilizer Program",null,null,null,null,null,null,null,"Total Nutrient Needs",null,null,null,"Total Fertilizer Program"]
[null,null,null,null,"Based on:","Soil Test Based Recs",null,null,"Comparison 1",null,null,null,null,null,null,null,"Based on:","Soil Test Based Recs",null,null,"Comparison 2",null,null,null,null,null,null,null,"Based on:","Soil Test Based Recs",null,null,"Comparison 3"]
["Farm Name",null,null,null,"N","P","K",null,"N","P","K",null,{"$f":"A119","v":"Farm Name"},null,null,null,"N","P","K",null,"N","P","K",null,{"$f":"A119","v":"Farm Name"},null,null,null,"N","P","K",null,"N","P","K"]
["Farm Tract",null,null,null,{"$f":"'Nutrient Management'!$F$56","v":0},{"$f":"'Nutrient Management'!$G$56","v":0},{"$f":"'Nutrient Management'!$H$56","v":0},null,{"$f":"I51+I30+I6+I74+I97","v":0},{"$f":"J51+J30+J6+J74+J97","v":0},{"$f":"K51+K30+K6+K74+K97","v":0},null,{"$f":"A120","v":"Farm Tract"},null,null,null,{"$f":"'Nutrient Management'!$F$56","v":0},{"$f":"'Nutrient Management'!$G$56","v":0},{"$f":"'Nutrient Management'!$H$56","v":0},null,{"$f":"U51+U30+U6+U74+U97","v":0},{"$f":"V51+V30+V6+V74+V97","v":0},{"$f":"W51+W30+W6+W74+W97","v":0},null,{"$f":"A120","v":"Farm Tract"},null,null,null,{"$f":"'Nutrient Management'!$F$56","v":0},{"$f":"'Nutrient Management'!$G$56","v":0},{"$f":"'Nutrient Management'!$H$56","v":0},null,{"$f":"AG51+AG30+AG6+AG74+AG97","v":0},{"$f":"AH51+AH30+AH6+AH74+AH97","v":0},{"$f":"AI51+AI30+AI6+AI74+AI97","v":0}]
["Farm Number",null,null,null,"S","Ca","Mg",null,"S","Ca","Mg",null,"Farm Number",null,null,null,"S","Ca","Mg",null,"S","Ca","Mg",null,"Farm Number",null,null,null,"S","Ca","Mg",null,"S","Ca","Mg"]
[null,null,null,null,{"$f":"'Nutrient Management'!$F$59","v":0},{"$f":"'Nutrient Management'!$G$59","v":0},{"$f":"'Nutrient Management'!$H$59","v":0},null,{"$f":"I54+I33+I9+I77+I100","v":0},{"$f":"J54+J33+J9+J77+J100","v":0},0,null,null,null,null,null,{"$f":"'Nutrient Management'!$F$59","v":0},{"$f":"'Nutrient Management'!$G$59","v":0},{"$f":"'Nutrient Management'!$H$59","v":0},null,{"$f":"U54+U33+U9+U77+U100","v":0},{"$f":"V54+V33+V9+V77+V100","v":0},0,null,null,null,null,null,{"$f":"'Nutrient Management'!$F$59","v":0},{"$f":"'Nutrient Management'!$G$59","v":0},{"$f":"'Nutrient Management'!$H$59","v":0},null,{"$f":"AG54+AG33+AG9+AG77+AG100","v":0},{"$f":"AH54+AH33+AH9+AH77+AH100","v":0},0]
[null,null,null,null,"Z","B","Mn",null,"Z","B","Mn",null,null,null,null,null,"Z","B","Mn",null,"Z","B","Mn",null,null,null,null,null,"Z","B","Mn",null,"Z","B","Mn"]
[null,null,null,null,{"$f":"'Nutrient Management'!$F$61","v":0},{"$f":"'Nutrient Management'!$G$61","v":0},{"$f":"'Nutrient Management'!$H$61","v":0},null,{"$f":"I57+I36+I12+I80+I103","v":0},{"$f":"J57+J36+J12+J80+J103","v":0},0,null,null,null,null,null,0,0,0,null,{"$f":"U57+U36+U12+U80+U103","v":0},{"$f":"V57+V36+V12+V80+V103","v":0},0,null,null,null,null,null,0,0,0,null,{"$f":"AG57+AG36+AG12+AG80+AG103","v":0},{"$f":"AH57+AH36+AH12+AH80+AH103","v":0},0]
[null,null,null,null,"Cu","Mo","Fe"]
[null,null,null,null,{"$f":"'Nutrient Management'!$F$63","v":0},{"$f":"'Nutrient Management'!$G$63","v":0},{"$f":"'Nutrient Management'!$H$63","v":0}]
[null,null,null,null,"* from Nutrient Management tab",null,null,null,null,null,null,null,null,null,null,null,"* from Nutrient Management tab",null,null,null,null,null,null,null,null,null,null,null,"* from Nutrient Management tab"]

{"sheet":"Fertilizer Plan (Vegetable 3)","index":9,"n_rows":125,"n_cols":35,"rows_kept":125,"cut":false,"hidden":false,"merged":[[93,0,93,10],[93,12,93,22],[93,24,93,34],[117,32,117,34],[116,4,116,6],[116,8,116,10],[116,16,116,18],[116,20,116,22],[116,28,116,30],[116,32,116,34],[117,5,117,6],[117,8,117,10],[117,17,117,18],[117,20,117,22],[117,29,117,30],[47,0,47,10],[47,12,47,22],[47,24,47,34],[70,0,70,10],[70,12,70,22],[70,24,70,34],[2,0,2,10],[2,12,2,22],[2,24,2,34],[25,23,26,23],[26,0,26,10],[26,12,26,22],[26,24,26,34],[0,0,0,10],[0,12,0,22],[0,24,0,34],[1,0,1,10],[1,12,1,22],[1,24,1,34]]}
[{"$f":"'Nutrient Management'!J2","v":"Select Crop"},null,null,null,null,null,null,null,null,null,null,null,{"$f":"A1","v":"Select Crop"},null,null,null,null,null,null,null,null,null,null,null,{"$f":"A1","v":"Select Crop"}]
["Comparison Plan 1",null,null,null,null,null,null,null,null,null,null,null,"Comparison Plan 2",null,null,null,null,null,null,null,null,null,null,null,"Comparison Plan 3"]
["1st Application (i.e., Pre-Plant or Broadcast Fertilizer)",null,null,null,null,null,null,null,null,null,null,null,"1st Application (i.e., Pre-Plant or Broadcast Fertilizer)",null,null,null,null,null,null,null,null,null,null,null,"1st Application (i.e., Pre-Plant or Broadcast Fertilizer)"]
["Fertilizer Source","Purchase Units","Package Price (Gals, Lbs, etc.)","Units/Pkg","Rate/Acre","Units","Cost",null,null,null,null,null,"Fertilizer Source","Purchase Units","Package Price (Gals, Lbs, etc.)","Units/Pkg","Rate/Acre","Units","Cost",null,null,null,null,null,"Fertilizer Source","Purchase Units","Package Price (Gals, Lbs, etc.)","Units/Pkg","Rate/Acre","Units","Cost"]
["Macronutrients (drop down menu)",null,null,null,"(Enter Below)",null,null,null,"N","P","K",null,"Macronutrients (drop down menu)",null,null,null,"(Enter Below)",null,null,null,"N","P","K",null,"Macronutrients (drop down menu)",null,null,null,"(Enter Below)",null,null,null,"N","P","K"]
["None",{"$f":"VLOOKUP(A6,Macronutrients,14,FALSE)","v":0},{"$f":"VLOOKUP(A6,Macronutrients,18,FALSE)","v":0},{"$f":"VLOOKUP(A6,Macronutrients,16,FALSE)","v":1},0,{"$f":"VLOOKUP(A6,Macronutrients,15,FALSE)","v":0},{"$f":"(E6*VLOOKUP(A6,Macronutrients,14,FALSE)/D6)*C6","v":0},null,{"$f":"VLOOKUP(A6,Macronutrients,2,FALSE)*E6+VLOOKUP(A7,Macronutrients,2,FALSE)*E7+VLOOKUP(A8,Macronutrients,2,FALSE)*E8+VLOOKUP(A9,Macronutrients,2,FALSE)*E9+VLOOKUP(A10,Macronutrients,2,FALSE)*E10+VLOOKUP(A11,Macronutrients,2,FALSE)*E11+VLOOKUP(A14,Micronutrients,2,FALSE)*E14+VLOOKUP(A15,Micronutrients,2,FALSE)*E15+VLOOKUP(A16,Micronutrients,2,FALSE)*E16+VLOOKUP(A17,Micronutrients,2,FALSE)*E17","v":0},{"$f":"VLOOKUP(A6,Macronutrients,3,FALSE)*E6+VLOOKUP(A7,Macronutrients,3,FALSE)*E7+VLOOKUP(A8,Macronutrients,3,FALSE)*E8+VLOOKUP(A9,Macronutrients,3,FALSE)*E9+VLOOKUP(A10,Macronutrients,3,FALSE)*E10+VLOOKUP(A11,Macronutrients,3,FALSE)*E11+VLOOKUP(A14,Micronutrients,3,FALSE)*E14+VLOOKUP(A15,Micronutrients,3,FALSE)*E15+VLOOKUP(A16,Micronutrients,3,FALSE)*E16+VLOOKUP(A17,Micronutrients,3,FALSE)*E17","v":0},{"$f":"VLOOKUP(A6,Macronutrients,4,FALSE)*E6+VLOOKUP(A7,Macronutrients,4,FALSE)*E7+VLOOKUP(A8,Macronutrients,4,FALSE)*E8+VLOOKUP(A9,Macronutrients,4,FALSE)*E9+VLOOKUP(A10,Macronutrients,4,FALSE)*E10+VLOOKUP(A11,Macronutrients,4,FALSE)*E11+VLOOKUP(A14,Micronutrients,4,FALSE)*E14+VLOOKUP(A15,Micronutrients,4,FALSE)*E15+VLOOKUP(A16,Micronutrients,4,FALSE)*E16+VLOOKUP(A17,Micronutrients,4,FALSE)*E17","v":0},null,"None",{"$f":"VLOOKUP(M6,Macronutrients,14,FALSE)","v":0},{"$f":"VLOOKUP(M6,Macronutrients,18,FALSE)","v":0},{"$f":"VLOOKUP(M6,Macronutrients,16,FALSE)","v":1},0,{"$f":"VLOOKUP(M6,Macronutrients,15,FALSE)","v":0},{"$f":"(Q6*VLOOKUP(M6,Macronutrients,14,FALSE)/P6)*O6","v":0},null,{"$f":"VLOOKUP(M6,Macronutrients,2,FALSE)*Q6+VLOOKUP(M7,Macronutrients,2,FALSE)*Q7+VLOOKUP(M8,Macronutrients,2,FALSE)*Q8+VLOOKUP(M9,Macronutrients,2,FALSE)*Q9+VLOOKUP(M10,Macronutrients,2,FALSE)*Q10+VLOOKUP(M11,Macronutrients,2,FALSE)*Q11+VLOOKUP(M14,Micronutrients,2,FALSE)*Q14+VLOOKUP(M15,Micronutrients,2,FALSE)*Q15+VLOOKUP(M16,Micronutrients,2,FALSE)*Q16+VLOOKUP(M17,Micronutrients,2,FALSE)*Q17","v":0},{"$f":"VLOOKUP(M6,Macronutrients,3,FALSE)*Q6+VLOOKUP(M7,Macronutrients,3,FALSE)*Q7+VLOOKUP(M8,Macronutrients,3,FALSE)*Q8+VLOOKUP(M9,Macronutrients,3,FALSE)*Q9+VLOOKUP(M10,Macronutrients,3,FALSE)*Q10+VLOOKUP(M11,Macronutrients,3,FALSE)*Q11+VLOOKUP(M14,Micronutrients,3,FALSE)*Q14+VLOOKUP(M15,Micronutrients,3,FALSE)*Q15+VLOOKUP(M16,Micronutrients,3,FALSE)*Q16+VLOOKUP(M17,Micronutrients,3,FALSE)*Q17","v":0},{"$f":"VLOOKUP(M6,Macronutrients,4,FALSE)*Q6+VLOOKUP(M7,Macronutrients,4,FALSE)*Q7+VLOOKUP(M8,Macronutrients,4,FALSE)*Q8+VLOOKUP(M9,Macronutrients,4,FALSE)*Q9+VLOOKUP(M10,Macronutrients,4,FALSE)*Q10+VLOOKUP(M11,Macronutrients,4,FALSE)*Q11+VLOOKUP(M14,Micronutrients,4,FALSE)*Q14+VLOOKUP(M15,Micronutrients,4,FALSE)*Q15+VLOOKUP(M16,Micronutrients,4,FALSE)*Q16+VLOOKUP(M17,Micronutrients,4,FALSE)*Q17","v":0},null,"None",{"$f":"VLOOKUP(Y6,Macronutrients,14,FALSE)","v":0},{"$f":"VLOOKUP(Y6,Macronutrients,18,FALSE)","v":0},{"$f":"VLOOKUP(Y6,Macronutrients,16,FALSE)","v":1},0,{"$f":"VLOOKUP(Y6,Macronutrients,15,FALSE)","v":0},{"$f":"(AC6*VLOOKUP(Y6,Macronutrients,14,FALSE)/AB6)*AA6","v":0},null,{"$f":"VLOOKUP(Y6,Macronutrients,2,FALSE)*AC6+VLOOKUP(Y7,Macronutrients,2,FALSE)*AC7+VLOOKUP(Y8,Macronutrients,2,FALSE)*AC8+VLOOKUP(Y9,Macronutrients,2,FALSE)*AC9+VLOOKUP(Y10,Macronutrients,2,FALSE)*AC10+VLOOKUP(Y11,Macronutrients,2,FALSE)*AC11+VLOOKUP(Y14,Micronutrients,2,FALSE)*AC14+VLOOKUP(Y15,Micronutrients,2,FALSE)*AC15+VLOOKUP(Y16,Micronutrients,2,FALSE)*AC16+VLOOKUP(Y17,Micronutrients,2,FALSE)*AC17","v":0},{"$f":"VLOOKUP(Y6,Macronutrients,3,FALSE)*AC6+VLOOKUP(Y7,Macronutrients,3,FALSE)*AC7+VLOOKUP(Y8,Macronutrients,3,FALSE)*AC8+VLOOKUP(Y9,Macronutrients,3,FALSE)*AC9+VLOOKUP(Y10,Macronutrients,3,FALSE)*AC10+VLOOKUP(Y11,Macronutrients,3,FALSE)*AC11+VLOOKUP(Y14,Micronutrients,3,FALSE)*AC14+VLOOKUP(Y15,Micronutrients,3,FALSE)*AC15+VLOOKUP(Y16,Micronutrients,3,FALSE)*AC16+VLOOKUP(Y17,Micronutrients,3,FALSE)*AC17","v":0},{"$f":"VLOOKUP(Y6,Macronutrients,4,FALSE)*AC6+VLOOKUP(Y7,Macronutrients,4,FALSE)*AC7+VLOOKUP(Y8,Macronutrients,4,FALSE)*AC8+VLOOKUP(Y9,Macronutrients,4,FALSE)*AC9+VLOOKUP(Y10,Macronutrients,4,FALSE)*AC10+VLOOKUP(Y11,Macronutrients,4,FALSE)*AC11+VLOOKUP(Y14,Micronutrients,4,FALSE)*AC14+VLOOKUP(Y15,Micronutrients,4,FALSE)*AC15+VLOOKUP(Y16,Micronutrients,4,FALSE)*AC16+VLOOKUP(Y17,Micronutrients,4,FALSE)*AC17","v":0}]
["None",0,0,1,0,0,0,null,null,null,null,null,"None",0,0,1,0,0,0,null,null,null,null,null,"None",0,0,1,0,0,0]
["None",0,0,1,0,0,0,null,"S","Ca","Mg",null,"None",0,0,1,0,0,0,null,"S","Ca","Mg",null,"None",0,0,1,0,0,0,null,"S","Ca","Mg"]
["None",0,0,1,0,0,0,null,{"$f":"VLOOKUP(A6,Macronutrients,5,FALSE)*E6+VLOOKUP(A7,Macronutrients,5,FALSE)*E7+VLOOKUP(A8,Macronutrients,5,FALSE)*E8+VLOOKUP(A9,Macronutrients,5,FALSE)*E9+VLOOKUP(A10,Macronutrients,5,FALSE)*E10+VLOOKUP(A11,Macronutrients,5,FALSE)*E11+VLOOKUP(A14,Micronutrients,5,FALSE)*E14+VLOOKUP(A15,Micronutrients,5,FALSE)*E15+VLOOKUP(A16,Micronutrients,5,FALSE)*E16+VLOOKUP(A17,Micronutrients,5,FALSE)*E17+VLOOKUP(A20,Lime,5,FALSE)*E20","v":0},{"$f":"VLOOKUP(A6,Macronutrients,7,FALSE)*E6+VLOOKUP(A7,Macronutrients,7,FALSE)*E7+VLOOKUP(A8,Macronutrients,7,FALSE)*E8+VLOOKUP(A9,Macronutrients,7,FALSE)*E9+VLOOKUP(A10,Macronutrients,7,FALSE)*E10+VLOOKUP(A11,Macronutrients,7,FALSE)*E11+VLOOKUP(A14,Micronutrients,7,FALSE)*E14+VLOOKUP(A15,Micronutrients,7,FALSE)*E15+VLOOKUP(A16,Micronutrients,7,FALSE)*E16+VLOOKUP(A17,Micronutrients,7,FALSE)*E17+VLOOKUP(A20,Lime,7,FALSE)*E20","v":0},{"$f":"VLOOKUP($A6,Macronutrients,6,FALSE)*$E$6+VLOOKUP($A7,Macronutrients,6,FALSE)*$E$7+VLOOKUP($A8,Macronutrients,6,FALSE)*$E$8+VLOOKUP($A9,Macronutrients,6,FALSE)*$E$9+VLOOKUP($A10,Macronutrients,6,FALSE)*$E$10+VLOOKUP($A11,Macronutrients,6,FALSE)*$E$11+VLOOKUP($A14,Micronutrients,6,FALSE)*$E$14+VLOOKUP($A15,Micronutrients,6,FALSE)*E15+VLOOKUP($A16,Micronutrients,6,FALSE)*$E$16+VLOOKUP($A17,Micronutrients,6,FALSE)*$E$17+VLOOKUP($A20,Lime,6,FALSE)*E20","v":0},null,"None",0,0,1,0,0,0,null,{"$f":"VLOOKUP(M6,Macronutrients,5,FALSE)*Q6+VLOOKUP(M7,Macronutrients,5,FALSE)*Q7+VLOOKUP(M8,Macronutrients,5,FALSE)*Q8+VLOOKUP(M9,Macronutrients,5,FALSE)*Q9+VLOOKUP(M10,Macronutrients,5,FALSE)*Q10+VLOOKUP(M11,Macronutrients,5,FALSE)*Q11+VLOOKUP(M14,Micronutrients,5,FALSE)*Q14+VLOOKUP(M15,Micronutrients,5,FALSE)*Q15+VLOOKUP(M16,Micronutrients,5,FALSE)*Q16+VLOOKUP(M17,Micronutrients,5,FALSE)*Q17+VLOOKUP(M20,Lime,5,FALSE)*Q20","v":0},{"$f":"VLOOKUP(M6,Macronutrients,7,FALSE)*Q6+VLOOKUP(M7,Macronutrients,7,FALSE)*Q7+VLOOKUP(M8,Macronutrients,7,FALSE)*Q8+VLOOKUP(M9,Macronutrients,7,FALSE)*Q9+VLOOKUP(M10,Macronutrients,7,FALSE)*Q10+VLOOKUP(M11,Macronutrients,7,FALSE)*Q11+VLOOKUP(M14,Micronutrients,7,FALSE)*Q14+VLOOKUP(M15,Micronutrients,7,FALSE)*Q15+VLOOKUP(M16,Micronutrients,7,FALSE)*Q16+VLOOKUP(M17,Micronutrients,7,FALSE)*Q17+VLOOKUP(M20,Lime,7,FALSE)*Q20","v":0},{"$f":"VLOOKUP($A6,Macronutrients,6,FALSE)*$E$6+VLOOKUP($A7,Macronutrients,6,FALSE)*$E$7+VLOOKUP($A8,Macronutrients,6,FALSE)*$E$8+VLOOKUP($A9,Macronutrients,6,FALSE)*$E$9+VLOOKUP($A10,Macronutrients,6,FALSE)*$E$10+VLOOKUP($A11,Macronutrients,6,FALSE)*$E$11+VLOOKUP($A14,Micronutrients,6,FALSE)*$E$14+VLOOKUP($A15,Micronutrients,6,FALSE)*Q15+VLOOKUP($A16,Micronutrients,6,FALSE)*$E$16+VLOOKUP($A17,Micronutrients,6,FALSE)*$E$17+VLOOKUP($A20,Lime,6,FALSE)*Q20","v":0},null,"None",0,0,1,0,0,0,null,{"$f":"VLOOKUP(Y6,Macronutrients,5,FALSE)*AC6+VLOOKUP(Y7,Macronutrients,5,FALSE)*AC7+VLOOKUP(Y8,Macronutrients,5,FALSE)*AC8+VLOOKUP(Y9,Macronutrients,5,FALSE)*AC9+VLOOKUP(Y10,Macronutrients,5,FALSE)*AC10+VLOOKUP(Y11,Macronutrients,5,FALSE)*AC11+VLOOKUP(Y14,Micronutrients,5,FALSE)*AC14+VLOOKUP(Y15,Micronutrients,5,FALSE)*AC15+VLOOKUP(Y16,Micronutrients,5,FALSE)*AC16+VLOOKUP(Y17,Micronutrients,5,FALSE)*AC17+VLOOKUP(Y20,Lime,5,FALSE)*AC20","v":0},{"$f":"VLOOKUP(Y6,Macronutrients,7,FALSE)*AC6+VLOOKUP(Y7,Macronutrients,7,FALSE)*AC7+VLOOKUP(Y8,Macronutrients,7,FALSE)*AC8+VLOOKUP(Y9,Macronutrients,7,FALSE)*AC9+VLOOKUP(Y10,Macronutrients,7,FALSE)*AC10+VLOOKUP(Y11,Macronutrients,7,FALSE)*AC11+VLOOKUP(Y14,Micronutrients,7,FALSE)*AC14+VLOOKUP(Y15,Micronutrients,7,FALSE)*AC15+VLOOKUP(Y16,Micronutrients,7,FALSE)*AC16+VLOOKUP(Y17,Micronutrients,7,FALSE)*AC17+VLOOKUP(Y20,Lime,7,FALSE)*AC20","v":0},{"$f":"VLOOKUP($A6,Macronutrients,6,FALSE)*$E$6+VLOOKUP($A7,Macronutrients,6,FALSE)*$E$7+VLOOKUP($A8,Macronutrients,6,FALSE)*$E$8+VLOOKUP($A9,Macronutrients,6,FALSE)*$E$9+VLOOKUP($A10,Macronutrients,6,FALSE)*$E$10+VLOOKUP($A11,Macronutrients,6,FALSE)*$E$11+VLOOKUP($A14,Micronutrients,6,FALSE)*$E$14+VLOOKUP($A15,Micronutrients,6,FALSE)*AC15+VLOOKUP($A16,Micronutrients,6,FALSE)*$E$16+VLOOKUP($A17,Micronutrients,6,FALSE)*$E$17+VLOOKUP($A20,Lime,6,FALSE)*AC20","v":0}]
["None",0,0,1,0,0,0,null,null,null,null,null,"None",0,0,1,0,0,0,null,null,null,null,null,"None",0,0,1,0,0,0]
["None",0,0,1,0,0,0,null,"Z","B","Mn",null,"None",0,0,1,0,0,0,null,"Z","B","Mn",null,"None",0,0,1,0,0,0,null,"Z","B","Mn"]
[null,null,null,null,null,null,null,null,{"$f":"VLOOKUP(A6,Macronutrients,8,FALSE)*E6+VLOOKUP(A7,Macronutrients,8,FALSE)*E7+VLOOKUP(A8,Macronutrients,8,FALSE)*E8+VLOOKUP(A9,Macronutrients,8,FALSE)*E9+VLOOKUP(A10,Macronutrients,8,FALSE)*E10+VLOOKUP(A11,Macronutrients,8,FALSE)*E11+VLOOKUP(A14,Micronutrients,8,FALSE)*E14+VLOOKUP(A15,Micronutrients,8,FALSE)*E15+VLOOKUP(A16,Micronutrients,8,FALSE)*E16+VLOOKUP(A17,Micronutrients,8,FALSE)*E17+VLOOKUP(A20,Lime,8,FALSE)*E20","v":0},{"$f":"VLOOKUP(A6,Macronutrients,9,FALSE)*E6+VLOOKUP(A7,Macronutrients,9,FALSE)*E7+VLOOKUP(A8,Macronutrients,9,FALSE)*E8+VLOOKUP(A9,Macronutrients,9,FALSE)*E9+VLOOKUP(A10,Macronutrients,9,FALSE)*E10+VLOOKUP(A11,Macronutrients,9,FALSE)*E11+VLOOKUP(A14,Micronutrients,9,FALSE)*E14+VLOOKUP(A15,Micronutrients,9,FALSE)*E15+VLOOKUP(A16,Micronutrients,9,FALSE)*E16+VLOOKUP(A17,Micronutrients,9,FALSE)*E17+VLOOKUP(A20,Lime,9,FALSE)*E20","v":0},{"$f":"VLOOKUP(A6,Macronutrients,10,FALSE)*E6+VLOOKUP(A7,Macronutrients,10,FALSE)*E7+VLOOKUP(A8,Macronutrients,10,FALSE)*E8+VLOOKUP(A9,Macronutrients,10,FALSE)*E9+VLOOKUP(A10,Macronutrients,10,FALSE)*E10+VLOOKUP(A11,Macronutrients,10,FALSE)*E11+VLOOKUP(A14,Micronutrients,10,FALSE)*E14+VLOOKUP(A15,Micronutrients,10,FALSE)*E15+VLOOKUP(A16,Micronutrients,10,FALSE)*E16+VLOOKUP(A17,Micronutrients,10,FALSE)*E17+VLOOKUP(A20,Lime,10,FALSE)*E20","v":0},null,null,null,null,null,null,null,null,null,{"$f":"VLOOKUP(M6,Macronutrients,8,FALSE)*Q6+VLOOKUP(M7,Macronutrients,8,FALSE)*Q7+VLOOKUP(M8,Macronutrients,8,FALSE)*Q8+VLOOKUP(M9,Macronutrients,8,FALSE)*Q9+VLOOKUP(M10,Macronutrients,8,FALSE)*Q10+VLOOKUP(M11,Macronutrients,8,FALSE)*Q11+VLOOKUP(M14,Micronutrients,8,FALSE)*Q14+VLOOKUP(M15,Micronutrients,8,FALSE)*Q15+VLOOKUP(M16,Micronutrients,8,FALSE)*Q16+VLOOKUP(M17,Micronutrients,8,FALSE)*Q17+VLOOKUP(M20,Lime,8,FALSE)*Q20","v":0},{"$f":"VLOOKUP(M6,Macronutrients,9,FALSE)*Q6+VLOOKUP(M7,Macronutrients,9,FALSE)*Q7+VLOOKUP(M8,Macronutrients,9,FALSE)*Q8+VLOOKUP(M9,Macronutrients,9,FALSE)*Q9+VLOOKUP(M10,Macronutrients,9,FALSE)*Q10+VLOOKUP(M11,Macronutrients,9,FALSE)*Q11+VLOOKUP(M14,Micronutrients,9,FALSE)*Q14+VLOOKUP(M15,Micronutrients,9,FALSE)*Q15+VLOOKUP(M16,Micronutrients,9,FALSE)*Q16+VLOOKUP(M17,Micronutrients,9,FALSE)*Q17+VLOOKUP(M20,Lime,9,FALSE)*Q20","v":0},{"$f":"VLOOKUP(M6,Macronutrients,10,FALSE)*Q6+VLOOKUP(M7,Macronutrients,10,FALSE)*Q7+VLOOKUP(M8,Macronutrients,10,FALSE)*Q8+VLOOKUP(M9,Macronutrients,10,FALSE)*Q9+VLOOKUP(M10,Macronutrients,10,FALSE)*Q10+VLOOKUP(M11,Macronutrients,10,FALSE)*Q11+VLOOKUP(M14,Micronutrients,10,FALSE)*Q14+VLOOKUP(M15,Micronutrients,10,FALSE)*Q15+VLOOKUP(M16,Micronutrients,10,FALSE)*Q16+VLOOKUP(M17,Micronutrients,10,FALSE)*Q17+VLOOKUP(M20,Lime,10,FALSE)*Q20","v":0},null,null,null,null,null,null,null,null,null,{"$f":"VLOOKUP(Y6,Macronutrients,8,FALSE)*AC6+VLOOKUP(Y7,Macronutrients,8,FALSE)*AC7+VLOOKUP(Y8,Macronutrients,8,FALSE)*AC8+VLOOKUP(Y9,Macronutrients,8,FALSE)*AC9+VLOOKUP(Y10,Macronutrients,8,FALSE)*AC10+VLOOKUP(Y11,Macronutrients,8,FALSE)*AC11+VLOOKUP(Y14,Micronutrients,8,FALSE)*AC14+VLOOKUP(Y15,Micronutrients,8,FALSE)*AC15+VLOOKUP(Y16,Micronutrients,8,FALSE)*AC16+VLOOKUP(Y17,Micronutrients,8,FALSE)*AC17+VLOOKUP(Y20,Lime,8,FALSE)*AC20","v":0},{"$f":"VLOOKUP(Y6,Macronutrients,9,FALSE)*AC6+VLOOKUP(Y7,Macronutrients,9,FALSE)*AC7+VLOOKUP(Y8,Macronutrients,9,FALSE)*AC8+VLOOKUP(Y9,Macronutrients,9,FALSE)*AC9+VLOOKUP(Y10,Macronutrients,9,FALSE)*AC10+VLOOKUP(Y11,Macronutrients,9,FALSE)*AC11+VLOOKUP(Y14,Micronutrients,9,FALSE)*AC14+VLOOKUP(Y15,Micronutrients,9,FALSE)*AC15+VLOOKUP(Y16,Micronutrients,9,FALSE)*AC16+VLOOKUP(Y17,Micronutrients,9,FALSE)*AC17+VLOOKUP(Y20,Lime,9,FALSE)*AC20","v":0},{"$f":"VLOOKUP(Y6,Macronutrients,10,FALSE)*AC6+VLOOKUP(Y7,Macronutrients,10,FALSE)*AC7+VLOOKUP(Y8,Macronutrients,10,FALSE)*AC8+VLOOKUP(Y9,Macronutrients,10,FALSE)*AC9+VLOOKUP(Y10,Macronutrients,10,FALSE)*AC10+VLOOKUP(Y11,Macronutrients,10,FALSE)*AC11+VLOOKUP(Y14,Micronutrients,10,FALSE)*AC14+VLOOKUP(Y15,Micronutrients,10,FALSE)*AC15+VLOOKUP(Y16,Micronutrients,10,FALSE)*AC16+VLOOKUP(Y17,Micronutrients,10,FALSE)*AC17+VLOOKUP(Y20,Lime,10,FALSE)*AC20","v":0}]
["Micronutrients (drop down menu)",null,null,null,null,null,null,null,null,null,null,null,"Micronutrients (drop down menu)",null,null,null,null,null,null,null,null,null,null,null,"Micronutrients (drop down menu)"]
["None",{"$f":"VLOOKUP($A14,Micronutrients,14,FALSE)","v":0},{"$f":"VLOOKUP(A14,Micronutrients,18,FALSE)","v":0},{"$f":"VLOOKUP(A14,Micronutrients,16,FALSE)","v":1},0,{"$f":"VLOOKUP(A14,Micronutrients,15,FALSE)","v":0},{"$f":"(E14*VLOOKUP(A14,Micronutrients,14,FALSE)/D14)*C14","v":0},null,"Cu","Mo","Fe",null,"None",{"$f":"VLOOKUP(M14,Micronutrients,14,FALSE)","v":0},{"$f":"VLOOKUP(M14,Micronutrients,18,FALSE)","v":0},{"$f":"VLOOKUP(M14,Micronutrients,16,FALSE)","v":1},0,{"$f":"VLOOKUP(M14,Micronutrients,15,FALSE)","v":0},{"$f":"(Q14*VLOOKUP(M14,Micronutrients,14,FALSE)/P14)*O14","v":0},null,"Cu","Mo","Fe",null,"None",{"$f":"VLOOKUP(Y14,Micronutrients,14,FALSE)","v":0},{"$f":"VLOOKUP(Y14,Micronutrients,18,FALSE)","v":0},{"$f":"VLOOKUP(Y14,Micronutrients,16,FALSE)","v":1},0,{"$f":"VLOOKUP(Y14,Micronutrients,15,FALSE)","v":0},{"$f":"(AC14*VLOOKUP(Y14,Micronutrients,14,FALSE)/AB14)*AA14","v":0},null,"Cu","Mo","Fe"]
["None",{"$f":"VLOOKUP($A15,Micronutrients,14,FALSE)","v":0},{"$f":"VLOOKUP(A15,Micronutrients,18,FALSE)","v":0},{"$f":"VLOOKUP(A15,Micronutrients,16,FALSE)","v":1},0,{"$f":"VLOOKUP(A15,Micronutrients,15,FALSE)","v":0},{"$f":"(E15*VLOOKUP(A15,Micronutrients,14,FALSE)/D15)*C15","v":0},null,{"$f":"VLOOKUP(A6,Macronutrients,11,FALSE)*E6+VLOOKUP(A7,Macronutrients,11,FALSE)*E7+VLOOKUP(A8,Macronutrients,11,FALSE)*E8+VLOOKUP(A9,Macronutrients,11,FALSE)*E9+VLOOKUP(A10,Macronutrients,11,FALSE)*E10+VLOOKUP(A11,Macronutrients,11,FALSE)*E11+VLOOKUP(A14,Micronutrients,11,FALSE)*E14+VLOOKUP(A15,Micronutrients,11,FALSE)*E15+VLOOKUP(A16,Micronutrients,11,FALSE)*E16+VLOOKUP(A17,Micronutrients,11,FALSE)*E17+VLOOKUP(A20,Lime,11,FALSE)*E20","v":0},{"$f":"VLOOKUP(A6,Macronutrients,12,FALSE)*E6+VLOOKUP(A7,Macronutrients,12,FALSE)*E7+VLOOKUP(A8,Macronutrients,12,FALSE)*E8+VLOOKUP(A9,Macronutrients,12,FALSE)*E9+VLOOKUP(A10,Macronutrients,12,FALSE)*E10+VLOOKUP(A11,Macronutrients,12,FALSE)*E11+VLOOKUP(A14,Micronutrients,12,FALSE)*E14+VLOOKUP(A15,Micronutrients,12,FALSE)*E15+VLOOKUP(A16,Micronutrients,12,FALSE)*E16+VLOOKUP(A17,Micronutrients,12,FALSE)*E17+VLOOKUP(A20,Lime,12,FALSE)*E20","v":0},{"$f":"VLOOKUP(A6,Macronutrients,13,FALSE)*E6+VLOOKUP(A7,Macronutrients,13,FALSE)*E7+VLOOKUP(A8,Macronutrients,13,FALSE)*E8+VLOOKUP(A9,Macronutrients,13,FALSE)*E9+VLOOKUP(A10,Macronutrients,13,FALSE)*E10+VLOOKUP(A11,Macronutrients,13,FALSE)*E11+VLOOKUP(A14,Micronutrients,13,FALSE)*E14+VLOOKUP(A15,Micronutrients,13,FALSE)*E15+VLOOKUP(A16,Micronutrients,13,FALSE)*E16+VLOOKUP(A17,Micronutrients,13,FALSE)*E17+VLOOKUP(A20,Lime,13,FALSE)*E20","v":0},null,"None",{"$f":"VLOOKUP(M15,Micronutrients,14,FALSE)","v":0},{"$f":"VLOOKUP(M15,Micronutrients,18,FALSE)","v":0},{"$f":"VLOOKUP(M15,Micronutrients,16,FALSE)","v":1},0,{"$f":"VLOOKUP(M15,Micronutrients,15,FALSE)","v":0},{"$f":"(Q15*VLOOKUP(M15,Micronutrients,14,FALSE)/P15)*O15","v":0},null,{"$f":"VLOOKUP(M6,Macronutrients,11,FALSE)*Q6+VLOOKUP(M7,Macronutrients,11,FALSE)*Q7+VLOOKUP(M8,Macronutrients,11,FALSE)*Q8+VLOOKUP(M9,Macronutrients,11,FALSE)*Q9+VLOOKUP(M10,Macronutrients,11,FALSE)*Q10+VLOOKUP(M11,Macronutrients,11,FALSE)*Q11+VLOOKUP(M14,Micronutrients,11,FALSE)*Q14+VLOOKUP(M15,Micronutrients,11,FALSE)*Q15+VLOOKUP(M16,Micronutrients,11,FALSE)*Q16+VLOOKUP(M17,Micronutrients,11,FALSE)*Q17+VLOOKUP(M20,Lime,11,FALSE)*Q20","v":0},{"$f":"VLOOKUP(M6,Macronutrients,12,FALSE)*Q6+VLOOKUP(M7,Macronutrients,12,FALSE)*Q7+VLOOKUP(M8,Macronutrients,12,FALSE)*Q8+VLOOKUP(M9,Macronutrients,12,FALSE)*Q9+VLOOKUP(M10,Macronutrients,12,FALSE)*Q10+VLOOKUP(M11,Macronutrients,12,FALSE)*Q11+VLOOKUP(M14,Micronutrients,12,FALSE)*Q14+VLOOKUP(M15,Micronutrients,12,FALSE)*Q15+VLOOKUP(M16,Micronutrients,12,FALSE)*Q16+VLOOKUP(M17,Micronutrients,12,FALSE)*Q17+VLOOKUP(M20,Lime,12,FALSE)*Q20","v":0},{"$f":"VLOOKUP(M6,Macronutrients,13,FALSE)*Q6+VLOOKUP(M7,Macronutrients,13,FALSE)*Q7+VLOOKUP(M8,Macronutrients,13,FALSE)*Q8+VLOOKUP(M9,Macronutrients,13,FALSE)*Q9+VLOOKUP(M10,Macronutrients,13,FALSE)*Q10+VLOOKUP(M11,Macronutrients,13,FALSE)*Q11+VLOOKUP(M14,Micronutrients,13,FALSE)*Q14+VLOOKUP(M15,Micronutrients,13,FALSE)*Q15+VLOOKUP(M16,Micronutrients,13,FALSE)*Q16+VLOOKUP(M17,Micronutrients,13,FALSE)*Q17+VLOOKUP(M20,Lime,13,FALSE)*Q20","v":0},null,"None",{"$f":"VLOOKUP(Y15,Micronutrients,14,FALSE)","v":0},{"$f":"VLOOKUP(Y15,Micronutrients,18,FALSE)","v":0},{"$f":"VLOOKUP(Y15,Micronutrients,16,FALSE)","v":1},0,{"$f":"VLOOKUP(Y15,Micronutrients,15,FALSE)","v":0},{"$f":"(AC15*VLOOKUP(Y15,Micronutrients,14,FALSE)/AB15)*AA15","v":0},null,{"$f":"VLOOKUP(Y6,Macronutrients,11,FALSE)*AC6+VLOOKUP(Y7,Macronutrients,11,FALSE)*AC7+VLOOKUP(Y8,Macronutrients,11,FALSE)*AC8+VLOOKUP(Y9,Macronutrients,11,FALSE)*AC9+VLOOKUP(Y10,Macronutrients,11,FALSE)*AC10+VLOOKUP(Y11,Macronutrients,11,FALSE)*AC11+VLOOKUP(Y14,Micronutrients,11,FALSE)*AC14+VLOOKUP(Y15,Micronutrients,11,FALSE)*AC15+VLOOKUP(Y16,Micronutrients,11,FALSE)*AC16+VLOOKUP(Y17,Micronutrients,11,FALSE)*AC17+VLOOKUP(Y20,Lime,11,FALSE)*AC20","v":0},{"$f":"VLOOKUP(Y6,Macronutrients,12,FALSE)*AC6+VLOOKUP(Y7,Macronutrients,12,FALSE)*AC7+VLOOKUP(Y8,Macronutrients,12,FALSE)*AC8+VLOOKUP(Y9,Macronutrients,12,FALSE)*AC9+VLOOKUP(Y10,Macronutrients,12,FALSE)*AC10+VLOOKUP(Y11,Macronutrients,12,FALSE)*AC11+VLOOKUP(Y14,Micronutrients,12,FALSE)*AC14+VLOOKUP(Y15,Micronutrients,12,FALSE)*AC15+VLOOKUP(Y16,Micronutrients,12,FALSE)*AC16+VLOOKUP(Y17,Micronutrients,12,FALSE)*AC17+VLOOKUP(Y20,Lime,12,FALSE)*AC20","v":0},{"$f":"VLOOKUP(Y6,Macronutrients,13,FALSE)*AC6+VLOOKUP(Y7,Macronutrients,13,FALSE)*AC7+VLOOKUP(Y8,Macronutrients,13,FALSE)*AC8+VLOOKUP(Y9,Macronutrients,13,FALSE)*AC9+VLOOKUP(Y10,Macronutrients,13,FALSE)*AC10+VLOOKUP(Y11,Macronutrients,13,FALSE)*AC11+VLOOKUP(Y14,Micronutrients,13,FALSE)*AC14+VLOOKUP(Y15,Micronutrients,13,FALSE)*AC15+VLOOKUP(Y16,Micronutrients,13,FALSE)*AC16+VLOOKUP(Y17,Micronutrients,13,FALSE)*AC17+VLOOKUP(Y20,Lime,13,FALSE)*AC20","v":0}]
["None",{"$f":"VLOOKUP($A16,Micronutrients,14,FALSE)","v":0},{"$f":"VLOOKUP(A16,Micronutrients,18,FALSE)","v":0},{"$f":"VLOOKUP(A16,Micronutrients,16,FALSE)","v":1},0,{"$f":"VLOOKUP(A16,Micronutrients,15,FALSE)","v":0},{"$f":"(E16*VLOOKUP(A16,Micronutrients,14,FALSE)/D16)*C16","v":0},null,null,null,null,null,"None",{"$f":"VLOOKUP(M16,Micronutrients,14,FALSE)","v":0},{"$f":"VLOOKUP(M16,Micronutrients,18,FALSE)","v":0},{"$f":"VLOOKUP(M16,Micronutrients,16,FALSE)","v":1},0,{"$f":"VLOOKUP(M16,Micronutrients,15,FALSE)","v":0},{"$f":"(Q16*VLOOKUP(M16,Micronutrients,14,FALSE)/P16)*O16","v":0},null,null,null,null,null,"None",{"$f":"VLOOKUP(Y16,Micronutrients,14,FALSE)","v":0},{"$f":"VLOOKUP(Y16,Micronutrients,18,FALSE)","v":0},{"$f":"VLOOKUP(Y16,Micronutrients,16,FALSE)","v":1},0,{"$f":"VLOOKUP(Y16,Micronutrients,15,FALSE)","v":0},{"$f":"(AC16*VLOOKUP(Y16,Micronutrients,14,FALSE)/AB16)*AA16","v":0}]
["None",{"$f":"VLOOKUP($A17,Micronutrients,14,FALSE)","v":0},{"$f":"VLOOKUP(A17,Micronutrients,18,FALSE)","v":0},{"$f":"VLOOKUP(A17,Micronutrients,16,FALSE)","v":1},0,{"$f":"VLOOKUP(A17,Micronutrients,15,FALSE)","v":0},{"$f":"(E17*VLOOKUP(A17,Micronutrients,14,FALSE)/D17)*C17","v":0},null,null,null,null,null,"None",{"$f":"VLOOKUP(M17,Micronutrients,14,FALSE)","v":0},{"$f":"VLOOKUP(M17,Micronutrients,18,FALSE)","v":0},{"$f":"VLOOKUP(M17,Micronutrients,16,FALSE)","v":1},0,{"$f":"VLOOKUP(M17,Micronutrients,15,FALSE)","v":0},{"$f":"(Q17*VLOOKUP(M17,Micronutrients,14,FALSE)/P17)*O17","v":0},null,null,null,null,null,"None",{"$f":"VLOOKUP(Y17,Micronutrients,14,FALSE)","v":0},{"$f":"VLOOKUP(Y17,Micronutrients,18,FALSE)","v":0},{"$f":"VLOOKUP(Y17,Micronutrients,16,FALSE)","v":1},0,{"$f":"VLOOKUP(Y17,Micronutrients,15,FALSE)","v":0},{"$f":"(AC17*VLOOKUP(Y17,Micronutrients,14,FALSE)/AB17)*AA17","v":0}]
[]
["Lime (drop down menu)",null,null,null,null,null,null,null,null,null,null,null,"Lime (drop down menu)",null,null,null,null,null,null,null,null,null,null,null,"Lime (drop down menu)"]
["None",{"$f":"VLOOKUP(A20,Lime,14,FALSE)","v":0},{"$f":"VLOOKUP(A20,Lime,18,FALSE)","v":0},{"$f":"VLOOKUP(A20,Lime,16,FALSE)","v":1},0,{"$f":"VLOOKUP(A20,Lime,15,FALSE)","v":0},{"$f":"(E20*VLOOKUP(A20,Lime,14,FALSE)/D20)*C20","v":0},null,null,null,null,null,"None",{"$f":"VLOOKUP(M20,Lime,14,FALSE)","v":0},{"$f":"VLOOKUP(M20,Lime,18,FALSE)","v":0},{"$f":"VLOOKUP(M20,Lime,16,FALSE)","v":1},0,{"$f":"VLOOKUP(M20,Lime,15,FALSE)","v":0},{"$f":"(Q20*VLOOKUP(M20,Lime,14,FALSE)/P20)*O20","v":0},null,null,null,null,null,"None",{"$f":"VLOOKUP(Y20,Lime,14,FALSE)","v":0},{"$f":"VLOOKUP(Y20,Lime,18,FALSE)","v":0},{"$f":"VLOOKUP(Y20,Lime,16,FALSE)","v":1},0,{"$f":"VLOOKUP(Y20,Lime,15,FALSE)","v":0},{"$f":"(AC20*VLOOKUP(Y20,Lime,14,FALSE)/AB20)*AA20","v":0}]
[]
["Nitrogen Stabilizers (drop down menu)",null,null,null,null,null,null,null,null,null,null,null,"Nitrogen Stabilizers (drop down menu)",null,null,null,null,null,null,null,null,null,null,null,"Nitrogen Stabilizers (drop down menu)"]
["None",{"$f":"VLOOKUP(A23,NitrogenStabilizers,14,FALSE)","v":0},{"$f":"VLOOKUP(A23,NitrogenStabilizers,18,FALSE)","v":0},{"$f":"VLOOKUP(A23,NitrogenStabilizers,16,FALSE)","v":1},0,{"$f":"VLOOKUP(A23,NitrogenStabilizers,15,FALSE)","v":0},{"$f":"(E23*VLOOKUP(A23,NitrogenStabilizers,14,FALSE)/D23)*C23","v":0},null,null,null,null,null,"None",{"$f":"VLOOKUP(M23,NitrogenStabilizers,14,FALSE)","v":0},{"$f":"VLOOKUP(M23,NitrogenStabilizers,18,FALSE)","v":0},{"$f":"VLOOKUP(M23,NitrogenStabilizers,16,FALSE)","v":1},0,{"$f":"VLOOKUP(M23,NitrogenStabilizers,15,FALSE)","v":0},{"$f":"(Q23*VLOOKUP(M23,NitrogenStabilizers,14,FALSE)/P23)*O23","v":0},null,null,null,null,null,"None",{"$f":"VLOOKUP(Y23,NitrogenStabilizers,14,FALSE)","v":0},{"$f":"VLOOKUP(Y23,NitrogenStabilizers,18,FALSE)","v":0},{"$f":"VLOOKUP(Y23,NitrogenStabilizers,16,FALSE)","v":1},0,{"$f":"VLOOKUP(Y23,NitrogenStabilizers,15,FALSE)","v":0},{"$f":"(AC23*VLOOKUP(Y23,NitrogenStabilizers,14,FALSE)/AB23)*AA23","v":0}]
["None",{"$f":"VLOOKUP(A24,NitrogenStabilizers,14,FALSE)","v":0},{"$f":"VLOOKUP(A24,NitrogenStabilizers,18,FALSE)","v":0},{"$f":"VLOOKUP(A24,NitrogenStabilizers,16,FALSE)","v":1},0,{"$f":"VLOOKUP(A24,NitrogenStabilizers,15,FALSE)","v":0},{"$f":"(E24*VLOOKUP(A24,NitrogenStabilizers,14,FALSE)/D24)*C24","v":0},null,null,null,null,null,"None",{"$f":"VLOOKUP(M24,NitrogenStabilizers,14,FALSE)","v":0},{"$f":"VLOOKUP(M24,NitrogenStabilizers,18,FALSE)","v":0},{"$f":"VLOOKUP(M24,NitrogenStabilizers,16,FALSE)","v":1},0,{"$f":"VLOOKUP(M24,NitrogenStabilizers,15,FALSE)","v":0},{"$f":"(Q24*VLOOKUP(M24,NitrogenStabilizers,14,FALSE)/P24)*O24","v":0},null,null,null,null,null,"None",{"$f":"VLOOKUP(Y24,NitrogenStabilizers,14,FALSE)","v":0},{"$f":"VLOOKUP(Y24,NitrogenStabilizers,18,FALSE)","v":0},{"$f":"VLOOKUP(Y24,NitrogenStabilizers,16,FALSE)","v":1},0,{"$f":"VLOOKUP(Y24,NitrogenStabilizers,15,FALSE)","v":0},{"$f":"(AC24*VLOOKUP(Y24,NitrogenStabilizers,14,FALSE)/AB24)*AA24","v":0}]
["1st Application Fertilizer Cost/Acre",null,null,null,null,null,{"$f":"SUM(G6:G24)","v":0},null,null,null,null,null,"1st Application Fertilizer Cost/Acre",null,null,null,null,null,{"$f":"SUM(S6:S24)","v":0},null,null,null,null,null,"1st Application Fertilizer Cost/Acre",null,null,null,null,null,{"$f":"SUM(AE6:AE24)","v":0}]
[]
["2nd Application (i.e., Starter Fertilizer or Broadcast)",null,null,null,null,null,null,null,null,null,null,null,"2nd Application (i.e., Starter Fertilizer or Broadcast)",null,null,null,null,null,null,null,null,null,null,null,"2nd Application (i.e., Starter Fertilizer or Broadcast)"]
["Fertilizer Source","Purchase Units","Package Price (Gals, Lbs, etc.)","Units/Pkg","Rate/Acre","Units","Cost",null,null,null,null,null,"Fertilizer Source","Purchase Units","Package Price (Gals, Lbs, etc.)","Units/Pkg","Rate/Acre","Units","Cost",null,null,null,null,null,"Fertilizer Source","Purchase Units","Package Price (Gals, Lbs, etc.)","Units/Pkg","Rate/Acre","Units","Cost"]
["Macronutrients (drop down menu)",null,null,null,"(Enter Below)",null,null,null,"N","P","K",null,"Macronutrients (drop down menu)",null,null,null,"(Enter Below)",null,null,null,"N","P","K",null,"Macronutrients (drop down menu)",null,null,null,"(Enter Below)",null,null,null,"N","P","K"]
["None",{"$f":"VLOOKUP(A30,Macronutrients,14,FALSE)","v":0},{"$f":"VLOOKUP(A30,Macronutrients,18,FALSE)","v":0},{"$f":"VLOOKUP(A30,Macronutrients,16,FALSE)","v":1},0,{"$f":"VLOOKUP(A30,Macronutrients,15,FALSE)","v":0},{"$f":"(E30*VLOOKUP(A30,Macronutrients,14,FALSE)/D30)*C30","v":0},null,{"$f":"VLOOKUP(A30,Macronutrients,2,FALSE)*E30+VLOOKUP(A31,Macronutrients,2,FALSE)*E31+VLOOKUP(A32,Macronutrients,2,FALSE)*E32+VLOOKUP(A33,Macronutrients,2,FALSE)*E33+VLOOKUP(A34,Macronutrients,2,FALSE)*E34+VLOOKUP(A35,Macronutrients,2,FALSE)*E35+VLOOKUP(A38,Micronutrients,2,FALSE)*E38+VLOOKUP(A39,Micronutrients,2,FALSE)*E39+VLOOKUP(A40,Micronutrients,2,FALSE)*E40+VLOOKUP(A41,Micronutrients,2,FALSE)*E41","v":0},{"$f":"VLOOKUP(A30,Macronutrients,3,FALSE)*E30+VLOOKUP(A31,Macronutrients,3,FALSE)*E31+VLOOKUP(A32,Macronutrients,3,FALSE)*E32+VLOOKUP(A33,Macronutrients,3,FALSE)*E33+VLOOKUP(A34,Macronutrients,3,FALSE)*E34+VLOOKUP(A35,Macronutrients,3,FALSE)*E35+VLOOKUP(A38,Micronutrients,3,FALSE)*E38+VLOOKUP(A39,Micronutrients,3,FALSE)*E39+VLOOKUP(A40,Micronutrients,3,FALSE)*E40+VLOOKUP(A41,Micronutrients,3,FALSE)*E41","v":0},{"$f":"VLOOKUP(A30,Macronutrients,4,FALSE)*E30+VLOOKUP(A31,Macronutrients,4,FALSE)*E31+VLOOKUP(A32,Macronutrients,4,FALSE)*E32+VLOOKUP(A33,Macronutrients,4,FALSE)*E33+VLOOKUP(A34,Macronutrients,4,FALSE)*E34+VLOOKUP(A35,Macronutrients,4,FALSE)*E35+VLOOKUP(A38,Micronutrients,4,FALSE)*E38+VLOOKUP(A39,Micronutrients,4,FALSE)*E39+VLOOKUP(A40,Micronutrients,4,FALSE)*E40+VLOOKUP(A41,Micronutrients,4,FALSE)*E41","v":0},null,"None",{"$f":"VLOOKUP(M30,Macronutrients,14,FALSE)","v":0},{"$f":"VLOOKUP(M30,Macronutrients,18,FALSE)","v":0},{"$f":"VLOOKUP(M30,Macronutrients,16,FALSE)","v":1},0,{"$f":"VLOOKUP(M30,Macronutrients,15,FALSE)","v":0},{"$f":"(Q30*VLOOKUP(M30,Macronutrients,14,FALSE)/P30)*O30","v":0},null,{"$f":"VLOOKUP(M30,Macronutrients,2,FALSE)*Q30+VLOOKUP(M31,Macronutrients,2,FALSE)*Q31+VLOOKUP(M32,Macronutrients,2,FALSE)*Q32+VLOOKUP(M33,Macronutrients,2,FALSE)*Q33+VLOOKUP(M34,Macronutrients,2,FALSE)*Q34+VLOOKUP(M35,Macronutrients,2,FALSE)*Q35+VLOOKUP(M38,Micronutrients,2,FALSE)*Q38+VLOOKUP(M39,Micronutrients,2,FALSE)*Q39+VLOOKUP(M40,Micronutrients,2,FALSE)*Q40+VLOOKUP(M41,Micronutrients,2,FALSE)*Q41","v":0},{"$f":"VLOOKUP(M30,Macronutrients,3,FALSE)*Q30+VLOOKUP(M31,Macronutrients,3,FALSE)*Q31+VLOOKUP(M32,Macronutrients,3,FALSE)*Q32+VLOOKUP(M33,Macronutrients,3,FALSE)*Q33+VLOOKUP(M34,Macronutrients,3,FALSE)*Q34+VLOOKUP(M35,Macronutrients,3,FALSE)*Q35+VLOOKUP(M38,Micronutrients,3,FALSE)*Q38+VLOOKUP(M39,Micronutrients,3,FALSE)*Q39+VLOOKUP(M40,Micronutrients,3,FALSE)*Q40+VLOOKUP(M41,Micronutrients,3,FALSE)*Q41","v":0},{"$f":"VLOOKUP(M30,Macronutrients,4,FALSE)*Q30+VLOOKUP(M31,Macronutrients,4,FALSE)*Q31+VLOOKUP(M32,Macronutrients,4,FALSE)*Q32+VLOOKUP(M33,Macronutrients,4,FALSE)*Q33+VLOOKUP(M34,Macronutrients,4,FALSE)*Q34+VLOOKUP(M35,Macronutrients,4,FALSE)*Q35+VLOOKUP(M38,Micronutrients,4,FALSE)*Q38+VLOOKUP(M39,Micronutrients,4,FALSE)*Q39+VLOOKUP(M40,Micronutrients,4,FALSE)*Q40+VLOOKUP(M41,Micronutrients,4,FALSE)*Q41","v":0},null,"None",{"$f":"VLOOKUP(Y30,Macronutrients,14,FALSE)","v":0},{"$f":"VLOOKUP(Y30,Macronutrients,18,FALSE)","v":0},{"$f":"VLOOKUP(Y30,Macronutrients,16,FALSE)","v":1},0,{"$f":"VLOOKUP(Y30,Macronutrients,15,FALSE)","v":0},{"$f":"(AC30*VLOOKUP(Y30,Macronutrients,14,FALSE)/AB30)*AA30","v":0},null,{"$f":"VLOOKUP(Y30,Macronutrients,2,FALSE)*AC30+VLOOKUP(Y31,Macronutrients,2,FALSE)*AC31+VLOOKUP(Y32,Macronutrients,2,FALSE)*AC32+VLOOKUP(Y33,Macronutrients,2,FALSE)*AC33+VLOOKUP(Y34,Macronutrients,2,FALSE)*AC34+VLOOKUP(Y35,Macronutrients,2,FALSE)*AC35+VLOOKUP(Y38,Micronutrients,2,FALSE)*AC38+VLOOKUP(Y39,Micronutrients,2,FALSE)*AC39+VLOOKUP(Y40,Micronutrients,2,FALSE)*AC40+VLOOKUP(Y41,Micronutrients,2,FALSE)*AC41","v":0},{"$f":"VLOOKUP(Y30,Macronutrients,3,FALSE)*AC30+VLOOKUP(Y31,Macronutrients,3,FALSE)*AC31+VLOOKUP(Y32,Macronutrients,3,FALSE)*AC32+VLOOKUP(Y33,Macronutrients,3,FALSE)*AC33+VLOOKUP(Y34,Macronutrients,3,FALSE)*AC34+VLOOKUP(Y35,Macronutrients,3,FALSE)*AC35+VLOOKUP(Y38,Micronutrients,3,FALSE)*AC38+VLOOKUP(Y39,Micronutrients,3,FALSE)*AC39+VLOOKUP(Y40,Micronutrients,3,FALSE)*AC40+VLOOKUP(Y41,Micronutrients,3,FALSE)*AC41","v":0},{"$f":"VLOOKUP(Y30,Macronutrients,4,FALSE)*AC30+VLOOKUP(Y31,Macronutrients,4,FALSE)*AC31+VLOOKUP(Y32,Macronutrients,4,FALSE)*AC32+VLOOKUP(Y33,Macronutrients,4,FALSE)*AC33+VLOOKUP(Y34,Macronutrients,4,FALSE)*AC34+VLOOKUP(Y35,Macronutrients,4,FALSE)*AC35+VLOOKUP(Y38,Micronutrients,4,FALSE)*AC38+VLOOKUP(Y39,Micronutrients,4,FALSE)*AC39+VLOOKUP(Y40,Micronutrients,4,FALSE)*AC40+VLOOKUP(Y41,Micronutrients,4,FALSE)*AC41","v":0}]
["None",0,0,1,0,0,0,null,null,null,null,null,"None",0,0,1,0,0,0,null,null,null,null,null,"None",0,0,1,0,0,0]
["None",0,0,1,0,0,0,null,"S","Ca","Mg",null,"None",0,0,1,0,0,0,null,"S","Ca","Mg",null,"None",0,0,1,0,0,0,null,"S","Ca","Mg"]
["None",0,0,1,0,0,0,null,{"$f":"VLOOKUP(A30,Macronutrients,5,FALSE)*E30+VLOOKUP(A31,Macronutrients,5,FALSE)*E31+VLOOKUP(A32,Macronutrients,5,FALSE)*E32+VLOOKUP(A33,Macronutrients,5,FALSE)*E33+VLOOKUP(A34,Macronutrients,5,FALSE)*E34+VLOOKUP(A35,Macronutrients,5,FALSE)*E35+VLOOKUP(A38,Micronutrients,5,FALSE)*E38+VLOOKUP(A39,Micronutrients,5,FALSE)*E39+VLOOKUP(A40,Micronutrients,5,FALSE)*E40+VLOOKUP(A41,Micronutrients,5,FALSE)*E41","v":0},{"$f":"VLOOKUP(A30,Macronutrients,7,FALSE)*E30+VLOOKUP(A31,Macronutrients,7,FALSE)*E31+VLOOKUP(A32,Macronutrients,7,FALSE)*E32+VLOOKUP(A33,Macronutrients,7,FALSE)*E33+VLOOKUP(A34,Macronutrients,7,FALSE)*E34+VLOOKUP(A35,Macronutrients,7,FALSE)*E35+VLOOKUP(A38,Micronutrients,7,FALSE)*E38+VLOOKUP(A39,Micronutrients,7,FALSE)*E39+VLOOKUP(A40,Micronutrients,7,FALSE)*E40+VLOOKUP(A41,Micronutrients,7,FALSE)*E41","v":0},{"$f":"VLOOKUP($A30,Macronutrients,6,FALSE)*$E$6+VLOOKUP($A31,Macronutrients,6,FALSE)*$E$7+VLOOKUP($A32,Macronutrients,6,FALSE)*$E$8+VLOOKUP($A33,Macronutrients,6,FALSE)*$E$9+VLOOKUP($A34,Macronutrients,6,FALSE)*$E$10+VLOOKUP($A35,Macronutrients,6,FALSE)*$E$11+VLOOKUP($A38,Micronutrients,6,FALSE)*$E$14+VLOOKUP($A39,Micronutrients,6,FALSE)*E39+VLOOKUP($A40,Micronutrients,6,FALSE)*$E$16+VLOOKUP($A41,Micronutrients,6,FALSE)*$E$17","v":0},null,"None",0,0,1,0,0,0,null,{"$f":"VLOOKUP(M30,Macronutrients,5,FALSE)*Q30+VLOOKUP(M31,Macronutrients,5,FALSE)*Q31+VLOOKUP(M32,Macronutrients,5,FALSE)*Q32+VLOOKUP(M33,Macronutrients,5,FALSE)*Q33+VLOOKUP(M34,Macronutrients,5,FALSE)*Q34+VLOOKUP(M35,Macronutrients,5,FALSE)*Q35+VLOOKUP(M38,Micronutrients,5,FALSE)*Q38+VLOOKUP(M39,Micronutrients,5,FALSE)*Q39+VLOOKUP(M40,Micronutrients,5,FALSE)*Q40+VLOOKUP(M41,Micronutrients,5,FALSE)*Q41","v":0},{"$f":"VLOOKUP(M30,Macronutrients,7,FALSE)*Q30+VLOOKUP(M31,Macronutrients,7,FALSE)*Q31+VLOOKUP(M32,Macronutrients,7,FALSE)*Q32+VLOOKUP(M33,Macronutrients,7,FALSE)*Q33+VLOOKUP(M34,Macronutrients,7,FALSE)*Q34+VLOOKUP(M35,Macronutrients,7,FALSE)*Q35+VLOOKUP(M38,Micronutrients,7,FALSE)*Q38+VLOOKUP(M39,Micronutrients,7,FALSE)*Q39+VLOOKUP(M40,Micronutrients,7,FALSE)*Q40+VLOOKUP(M41,Micronutrients,7,FALSE)*Q41","v":0},{"$f":"VLOOKUP($A30,Macronutrients,6,FALSE)*$E$6+VLOOKUP($A31,Macronutrients,6,FALSE)*$E$7+VLOOKUP($A32,Macronutrients,6,FALSE)*$E$8+VLOOKUP($A33,Macronutrients,6,FALSE)*$E$9+VLOOKUP($A34,Macronutrients,6,FALSE)*$E$10+VLOOKUP($A35,Macronutrients,6,FALSE)*$E$11+VLOOKUP($A38,Micronutrients,6,FALSE)*$E$14+VLOOKUP($A39,Micronutrients,6,FALSE)*Q39+VLOOKUP($A40,Micronutrients,6,FALSE)*$E$16+VLOOKUP($A41,Micronutrients,6,FALSE)*$E$17","v":0},null,"None",0,0,1,0,0,0,null,{"$f":"VLOOKUP(Y30,Macronutrients,5,FALSE)*AC30+VLOOKUP(Y31,Macronutrients,5,FALSE)*AC31+VLOOKUP(Y32,Macronutrients,5,FALSE)*AC32+VLOOKUP(Y33,Macronutrients,5,FALSE)*AC33+VLOOKUP(Y34,Macronutrients,5,FALSE)*AC34+VLOOKUP(Y35,Macronutrients,5,FALSE)*AC35+VLOOKUP(Y38,Micronutrients,5,FALSE)*AC38+VLOOKUP(Y39,Micronutrients,5,FALSE)*AC39+VLOOKUP(Y40,Micronutrients,5,FALSE)*AC40+VLOOKUP(Y41,Micronutrients,5,FALSE)*AC41","v":0},{"$f":"VLOOKUP(Y30,Macronutrients,7,FALSE)*AC30+VLOOKUP(Y31,Macronutrients,7,FALSE)*AC31+VLOOKUP(Y32,Macronutrients,7,FALSE)*AC32+VLOOKUP(Y33,Macronutrients,7,FALSE)*AC33+VLOOKUP(Y34,Macronutrients,7,FALSE)*AC34+VLOOKUP(Y35,Macronutrients,7,FALSE)*AC35+VLOOKUP(Y38,Micronutrients,7,FALSE)*AC38+VLOOKUP(Y39,Micronutrients,7,FALSE)*AC39+VLOOKUP(Y40,Micronutrients,7,FALSE)*AC40+VLOOKUP(Y41,Micronutrients,7,FALSE)*AC41","v":0},{"$f":"VLOOKUP($A30,Macronutrients,6,FALSE)*$E$6+VLOOKUP($A31,Macronutrients,6,FALSE)*$E$7+VLOOKUP($A32,Macronutrients,6,FALSE)*$E$8+VLOOKUP($A33,Macronutrients,6,FALSE)*$E$9+VLOOKUP($A34,Macronutrients,6,FALSE)*$E$10+VLOOKUP($A35,Macronutrients,6,FALSE)*$E$11+VLOOKUP($A38,Micronutrients,6,FALSE)*$E$14+VLOOKUP($A39,Micronutrients,6,FALSE)*AC39+VLOOKUP($A40,Micronutrients,6,FALSE)*$E$16+VLOOKUP($A41,Micronutrients,6,FALSE)*$E$17","v":0}]
["None",0,0,1,0,0,0,null,null,null,null,null,"None",0,0,1,0,0,0,null,null,null,null,null,"None",0,0,1,0,0,0]
["None",0,0,1,0,0,0,null,"Z","B","Mn",null,"None",0,0,1,0,0,0,null,"Z","B","Mn",null,"None",0,0,1,0,0,0,null,"Z","B","Mn"]
[null,null,null,null,null,null,null,null,{"$f":"VLOOKUP(A30,Macronutrients,8,FALSE)*E30+VLOOKUP(A31,Macronutrients,8,FALSE)*E31+VLOOKUP(A32,Macronutrients,8,FALSE)*E32+VLOOKUP(A33,Macronutrients,8,FALSE)*E33+VLOOKUP(A34,Macronutrients,8,FALSE)*E34+VLOOKUP(A35,Macronutrients,8,FALSE)*E35+VLOOKUP(A38,Micronutrients,8,FALSE)*E38+VLOOKUP(A39,Micronutrients,8,FALSE)*E39+VLOOKUP(A40,Micronutrients,8,FALSE)*E40+VLOOKUP(A41,Micronutrients,8,FALSE)*E41","v":0},{"$f":"VLOOKUP(A30,Macronutrients,9,FALSE)*E30+VLOOKUP(A31,Macronutrients,9,FALSE)*E31+VLOOKUP(A32,Macronutrients,9,FALSE)*E32+VLOOKUP(A33,Macronutrients,9,FALSE)*E33+VLOOKUP(A34,Macronutrients,9,FALSE)*E34+VLOOKUP(A35,Macronutrients,9,FALSE)*E35+VLOOKUP(A38,Micronutrients,9,FALSE)*E38+VLOOKUP(A39,Micronutrients,9,FALSE)*E39+VLOOKUP(A40,Micronutrients,9,FALSE)*E40+VLOOKUP(A41,Micronutrients,9,FALSE)*E41","v":0},{"$f":"VLOOKUP(A30,Macronutrients,10,FALSE)*E30+VLOOKUP(A31,Macronutrients,10,FALSE)*E31+VLOOKUP(A32,Macronutrients,10,FALSE)*E32+VLOOKUP(A33,Macronutrients,10,FALSE)*E33+VLOOKUP(A34,Macronutrients,10,FALSE)*E34+VLOOKUP(A35,Macronutrients,10,FALSE)*E35+VLOOKUP(A38,Micronutrients,10,FALSE)*E38+VLOOKUP(A39,Micronutrients,10,FALSE)*E39+VLOOKUP(A40,Micronutrients,10,FALSE)*E40+VLOOKUP(A41,Micronutrients,10,FALSE)*E41","v":0},null,null,null,null,null,null,null,null,null,{"$f":"VLOOKUP(M30,Macronutrients,8,FALSE)*Q30+VLOOKUP(M31,Macronutrients,8,FALSE)*Q31+VLOOKUP(M32,Macronutrients,8,FALSE)*Q32+VLOOKUP(M33,Macronutrients,8,FALSE)*Q33+VLOOKUP(M34,Macronutrients,8,FALSE)*Q34+VLOOKUP(M35,Macronutrients,8,FALSE)*Q35+VLOOKUP(M38,Micronutrients,8,FALSE)*Q38+VLOOKUP(M39,Micronutrients,8,FALSE)*Q39+VLOOKUP(M40,Micronutrients,8,FALSE)*Q40+VLOOKUP(M41,Micronutrients,8,FALSE)*Q41","v":0},{"$f":"VLOOKUP(M30,Macronutrients,9,FALSE)*Q30+VLOOKUP(M31,Macronutrients,9,FALSE)*Q31+VLOOKUP(M32,Macronutrients,9,FALSE)*Q32+VLOOKUP(M33,Macronutrients,9,FALSE)*Q33+VLOOKUP(M34,Macronutrients,9,FALSE)*Q34+VLOOKUP(M35,Macronutrients,9,FALSE)*Q35+VLOOKUP(M38,Micronutrients,9,FALSE)*Q38+VLOOKUP(M39,Micronutrients,9,FALSE)*Q39+VLOOKUP(M40,Micronutrients,9,FALSE)*Q40+VLOOKUP(M41,Micronutrients,9,FALSE)*Q41","v":0},{"$f":"VLOOKUP(M30,Macronutrients,10,FALSE)*Q30+VLOOKUP(M31,Macronutrients,10,FALSE)*Q31+VLOOKUP(M32,Macronutrients,10,FALSE)*Q32+VLOOKUP(M33,Macronutrients,10,FALSE)*Q33+VLOOKUP(M34,Macronutrients,10,FALSE)*Q34+VLOOKUP(M35,Macronutrients,10,FALSE)*Q35+VLOOKUP(M38,Micronutrients,10,FALSE)*Q38+VLOOKUP(M39,Micronutrients,10,FALSE)*Q39+VLOOKUP(M40,Micronutrients,10,FALSE)*Q40+VLOOKUP(M41,Micronutrients,10,FALSE)*Q41","v":0},null,null,null,null,null,null,null,null,null,{"$f":"VLOOKUP(Y30,Macronutrients,8,FALSE)*AC30+VLOOKUP(Y31,Macronutrients,8,FALSE)*AC31+VLOOKUP(Y32,Macronutrients,8,FALSE)*AC32+VLOOKUP(Y33,Macronutrients,8,FALSE)*AC33+VLOOKUP(Y34,Macronutrients,8,FALSE)*AC34+VLOOKUP(Y35,Macronutrients,8,FALSE)*AC35+VLOOKUP(Y38,Micronutrients,8,FALSE)*AC38+VLOOKUP(Y39,Micronutrients,8,FALSE)*AC39+VLOOKUP(Y40,Micronutrients,8,FALSE)*AC40+VLOOKUP(Y41,Micronutrients,8,FALSE)*AC41","v":0},{"$f":"VLOOKUP(Y30,Macronutrients,9,FALSE)*AC30+VLOOKUP(Y31,Macronutrients,9,FALSE)*AC31+VLOOKUP(Y32,Macronutrients,9,FALSE)*AC32+VLOOKUP(Y33,Macronutrients,9,FALSE)*AC33+VLOOKUP(Y34,Macronutrients,9,FALSE)*AC34+VLOOKUP(Y35,Macronutrients,9,FALSE)*AC35+VLOOKUP(Y38,Micronutrients,9,FALSE)*AC38+VLOOKUP(Y39,Micronutrients,9,FALSE)*AC39+VLOOKUP(Y40,Micronutrients,9,FALSE)*AC40+VLOOKUP(Y41,Micronutrients,9,FALSE)*AC41","v":0},{"$f":"VLOOKUP(Y30,Macronutrients,10,FALSE)*AC30+VLOOKUP(Y31,Macronutrients,10,FALSE)*AC31+VLOOKUP(Y32,Macronutrients,10,FALSE)*AC32+VLOOKUP(Y33,Macronutrients,10,FALSE)*AC33+VLOOKUP(Y34,Macronutrients,10,FALSE)*AC34+VLOOKUP(Y35,Macronutrients,10,FALSE)*AC35+VLOOKUP(Y38,Micronutrients,10,FALSE)*AC38+VLOOKUP(Y39,Micronutrients,10,FALSE)*AC39+VLOOKUP(Y40,Micronutrients,10,FALSE)*AC40+VLOOKUP(Y41,Micronutrients,10,FALSE)*AC41","v":0}]
["Micronutrients (drop down menu)",null,null,null,null,null,null,null,null,null,null,null,"Micronutrients (drop down menu)",null,null,null,null,null,null,null,null,null,null,null,"Micronutrients (drop down menu)"]
["None",{"$f":"VLOOKUP($A38,Micronutrients,14,FALSE)","v":0},{"$f":"VLOOKUP(A38,Micronutrients,18,FALSE)","v":0},{"$f":"VLOOKUP(A38,Micronutrients,16,FALSE)","v":1},0,{"$f":"VLOOKUP(A38,Micronutrients,15,FALSE)","v":0},{"$f":"(E38*VLOOKUP(A38,Micronutrients,14,FALSE)/D38)*C38","v":0},null,"Cu","Mo","Fe",null,"None",{"$f":"VLOOKUP($M38,Micronutrients,14,FALSE)","v":0},{"$f":"VLOOKUP(M38,Micronutrients,18,FALSE)","v":0},{"$f":"VLOOKUP(M38,Micronutrients,16,FALSE)","v":1},0,{"$f":"VLOOKUP(M38,Micronutrients,15,FALSE)","v":0},{"$f":"(Q38*VLOOKUP(M38,Micronutrients,14,FALSE)/P38)*O38","v":0},null,"Cu","Mo","Fe",null,"None",{"$f":"VLOOKUP(Y38,Micronutrients,14,FALSE)","v":0},{"$f":"VLOOKUP(Y38,Micronutrients,18,FALSE)","v":0},{"$f":"VLOOKUP(Y38,Micronutrients,16,FALSE)","v":1},0,{"$f":"VLOOKUP(Y38,Micronutrients,15,FALSE)","v":0},{"$f":"(AC38*VLOOKUP(Y38,Micronutrients,14,FALSE)/AB38)*AA38","v":0},null,"Cu","Mo","Fe"]
["None",{"$f":"VLOOKUP($A39,Micronutrients,14,FALSE)","v":0},{"$f":"VLOOKUP(A39,Micronutrients,18,FALSE)","v":0},{"$f":"VLOOKUP(A39,Micronutrients,16,FALSE)","v":1},0,{"$f":"VLOOKUP(A39,Micronutrients,15,FALSE)","v":0},{"$f":"(E39*VLOOKUP(A39,Micronutrients,14,FALSE)/D39)*C39","v":0},null,{"$f":"VLOOKUP(A30,Macronutrients,11,FALSE)*E30+VLOOKUP(A31,Macronutrients,11,FALSE)*E31+VLOOKUP(A32,Macronutrients,11,FALSE)*E32+VLOOKUP(A33,Macronutrients,11,FALSE)*E33+VLOOKUP(A34,Macronutrients,11,FALSE)*E34+VLOOKUP(A35,Macronutrients,11,FALSE)*E35+VLOOKUP(A38,Micronutrients,11,FALSE)*E38+VLOOKUP(A39,Micronutrients,11,FALSE)*E39+VLOOKUP(A40,Micronutrients,11,FALSE)*E40+VLOOKUP(A41,Micronutrients,11,FALSE)*E41","v":0},{"$f":"VLOOKUP(A30,Macronutrients,12,FALSE)*E30+VLOOKUP(A31,Macronutrients,12,FALSE)*E31+VLOOKUP(A32,Macronutrients,12,FALSE)*E32+VLOOKUP(A33,Macronutrients,12,FALSE)*E33+VLOOKUP(A34,Macronutrients,12,FALSE)*E34+VLOOKUP(A35,Macronutrients,12,FALSE)*E35+VLOOKUP(A38,Micronutrients,12,FALSE)*E38+VLOOKUP(A39,Micronutrients,12,FALSE)*E39+VLOOKUP(A40,Micronutrients,12,FALSE)*E40+VLOOKUP(A41,Micronutrients,12,FALSE)*E41","v":0},{"$f":"VLOOKUP(A30,Macronutrients,13,FALSE)*E30+VLOOKUP(A31,Macronutrients,13,FALSE)*E31+VLOOKUP(A32,Macronutrients,13,FALSE)*E32+VLOOKUP(A33,Macronutrients,13,FALSE)*E33+VLOOKUP(A34,Macronutrients,13,FALSE)*E34+VLOOKUP(A35,Macronutrients,13,FALSE)*E35+VLOOKUP(A38,Micronutrients,13,FALSE)*E38+VLOOKUP(A39,Micronutrients,13,FALSE)*E39+VLOOKUP(A40,Micronutrients,13,FALSE)*E40+VLOOKUP(A41,Micronutrients,13,FALSE)*E41","v":0},null,"None",{"$f":"VLOOKUP($M39,Micronutrients,14,FALSE)","v":0},{"$f":"VLOOKUP(M39,Micronutrients,18,FALSE)","v":0},{"$f":"VLOOKUP(M39,Micronutrients,16,FALSE)","v":1},0,{"$f":"VLOOKUP(M39,Micronutrients,15,FALSE)","v":0},{"$f":"(Q39*VLOOKUP(M39,Micronutrients,14,FALSE)/P39)*O39","v":0},null,{"$f":"VLOOKUP(M30,Macronutrients,11,FALSE)*Q30+VLOOKUP(M31,Macronutrients,11,FALSE)*Q31+VLOOKUP(M32,Macronutrients,11,FALSE)*Q32+VLOOKUP(M33,Macronutrients,11,FALSE)*Q33+VLOOKUP(M34,Macronutrients,11,FALSE)*Q34+VLOOKUP(M35,Macronutrients,11,FALSE)*Q35+VLOOKUP(M38,Micronutrients,11,FALSE)*Q38+VLOOKUP(M39,Micronutrients,11,FALSE)*Q39+VLOOKUP(M40,Micronutrients,11,FALSE)*Q40+VLOOKUP(M41,Micronutrients,11,FALSE)*Q41","v":0},{"$f":"VLOOKUP(M30,Macronutrients,12,FALSE)*Q30+VLOOKUP(M31,Macronutrients,12,FALSE)*Q31+VLOOKUP(M32,Macronutrients,12,FALSE)*Q32+VLOOKUP(M33,Macronutrients,12,FALSE)*Q33+VLOOKUP(M34,Macronutrients,12,FALSE)*Q34+VLOOKUP(M35,Macronutrients,12,FALSE)*Q35+VLOOKUP(M38,Micronutrients,12,FALSE)*Q38+VLOOKUP(M39,Micronutrients,12,FALSE)*Q39+VLOOKUP(M40,Micronutrients,12,FALSE)*Q40+VLOOKUP(M41,Micronutrients,12,FALSE)*Q41","v":0},{"$f":"VLOOKUP(M30,Macronutrients,13,FALSE)*Q30+VLOOKUP(M31,Macronutrients,13,FALSE)*Q31+VLOOKUP(M32,Macronutrients,13,FALSE)*Q32+VLOOKUP(M33,Macronutrients,13,FALSE)*Q33+VLOOKUP(M34,Macronutrients,13,FALSE)*Q34+VLOOKUP(M35,Macronutrients,13,FALSE)*Q35+VLOOKUP(M38,Micronutrients,13,FALSE)*Q38+VLOOKUP(M39,Micronutrients,13,FALSE)*Q39+VLOOKUP(M40,Micronutrients,13,FALSE)*Q40+VLOOKUP(M41,Micronutrients,13,FALSE)*Q41","v":0},null,"None",{"$f":"VLOOKUP(Y39,Micronutrients,14,FALSE)","v":0},{"$f":"VLOOKUP(Y39,Micronutrients,18,FALSE)","v":0},{"$f":"VLOOKUP(Y39,Micronutrients,16,FALSE)","v":1},0,{"$f":"VLOOKUP(Y39,Micronutrients,15,FALSE)","v":0},{"$f":"(AC39*VLOOKUP(Y39,Micronutrients,14,FALSE)/AB39)*AA39","v":0},null,{"$f":"VLOOKUP(Y30,Macronutrients,11,FALSE)*AC30+VLOOKUP(Y31,Macronutrients,11,FALSE)*AC31+VLOOKUP(Y32,Macronutrients,11,FALSE)*AC32+VLOOKUP(Y33,Macronutrients,11,FALSE)*AC33+VLOOKUP(Y34,Macronutrients,11,FALSE)*AC34+VLOOKUP(Y35,Macronutrients,11,FALSE)*AC35+VLOOKUP(Y38,Micronutrients,11,FALSE)*AC38+VLOOKUP(Y39,Micronutrients,11,FALSE)*AC39+VLOOKUP(Y40,Micronutrients,11,FALSE)*AC40+VLOOKUP(Y41,Micronutrients,11,FALSE)*AC41","v":0},{"$f":"VLOOKUP(Y30,Macronutrients,12,FALSE)*AC30+VLOOKUP(Y31,Macronutrients,12,FALSE)*AC31+VLOOKUP(Y32,Macronutrients,12,FALSE)*AC32+VLOOKUP(Y33,Macronutrients,12,FALSE)*AC33+VLOOKUP(Y34,Macronutrients,12,FALSE)*AC34+VLOOKUP(Y35,Macronutrients,12,FALSE)*AC35+VLOOKUP(Y38,Micronutrients,12,FALSE)*AC38+VLOOKUP(Y39,Micronutrients,12,FALSE)*AC39+VLOOKUP(Y40,Micronutrients,12,FALSE)*AC40+VLOOKUP(Y41,Micronutrients,12,FALSE)*AC41","v":0},{"$f":"VLOOKUP(Y30,Macronutrients,13,FALSE)*AC30+VLOOKUP(Y31,Macronutrients,13,FALSE)*AC31+VLOOKUP(Y32,Macronutrients,13,FALSE)*AC32+VLOOKUP(Y33,Macronutrients,13,FALSE)*AC33+VLOOKUP(Y34,Macronutrients,13,FALSE)*AC34+VLOOKUP(Y35,Macronutrients,13,FALSE)*AC35+VLOOKUP(Y38,Micronutrients,13,FALSE)*AC38+VLOOKUP(Y39,Micronutrients,13,FALSE)*AC39+VLOOKUP(Y40,Micronutrients,13,FALSE)*AC40+VLOOKUP(Y41,Micronutrients,13,FALSE)*AC41","v":0}]
["None",{"$f":"VLOOKUP($A40,Micronutrients,14,FALSE)","v":0},{"$f":"VLOOKUP(A40,Micronutrients,18,FALSE)","v":0},{"$f":"VLOOKUP(A40,Micronutrients,16,FALSE)","v":1},0,{"$f":"VLOOKUP(A40,Micronutrients,15,FALSE)","v":0},{"$f":"(E40*VLOOKUP(A40,Micronutrients,14,FALSE)/D40)*C40","v":0},null,null,null,null,null,"None",{"$f":"VLOOKUP($M40,Micronutrients,14,FALSE)","v":0},{"$f":"VLOOKUP(M40,Micronutrients,18,FALSE)","v":0},{"$f":"VLOOKUP(M40,Micronutrients,16,FALSE)","v":1},0,{"$f":"VLOOKUP(M40,Micronutrients,15,FALSE)","v":0},{"$f":"(Q40*VLOOKUP(M40,Micronutrients,14,FALSE)/P40)*O40","v":0},null,null,null,null,null,"None",{"$f":"VLOOKUP(Y40,Micronutrients,14,FALSE)","v":0},{"$f":"VLOOKUP(Y40,Micronutrients,18,FALSE)","v":0},{"$f":"VLOOKUP(Y40,Micronutrients,16,FALSE)","v":1},0,{"$f":"VLOOKUP(Y40,Micronutrients,15,FALSE)","v":0},{"$f":"(AC40*VLOOKUP(Y40,Micronutrients,14,FALSE)/AB40)*AA40","v":0}]
["None",{"$f":"VLOOKUP($A41,Micronutrients,14,FALSE)","v":0},{"$f":"VLOOKUP(A41,Micronutrients,18,FALSE)","v":0},{"$f":"VLOOKUP(A41,Micronutrients,16,FALSE)","v":1},0,{"$f":"VLOOKUP(A41,Micronutrients,15,FALSE)","v":0},{"$f":"(E41*VLOOKUP(A41,Micronutrients,14,FALSE)/D41)*C41","v":0},null,null,null,null,null,"None",{"$f":"VLOOKUP($M41,Micronutrients,14,FALSE)","v":0},{"$f":"VLOOKUP(M41,Micronutrients,18,FALSE)","v":0},{"$f":"VLOOKUP(M41,Micronutrients,16,FALSE)","v":1},0,{"$f":"VLOOKUP(M41,Micronutrients,15,FALSE)","v":0},{"$f":"(Q41*VLOOKUP(M41,Micronutrients,14,FALSE)/P41)*O41","v":0},null,null,null,null,null,"None",{"$f":"VLOOKUP(Y41,Micronutrients,14,FALSE)","v":0},{"$f":"VLOOKUP(Y41,Micronutrients,18,FALSE)","v":0},{"$f":"VLOOKUP(Y41,Micronutrients,16,FALSE)","v":1},0,{"$f":"VLOOKUP(Y41,Micronutrients,15,FALSE)","v":0},{"$f":"(AC41*VLOOKUP(Y41,Micronutrients,14,FALSE)/AB41)*AA41","v":0}]
[]
["Nitrogen Stabilizers (drop down menu)",null,null,null,null,null,null,null,null,null,null,null,"Nitrogen Stabilizers (drop down menu)",null,null,null,null,null,null,null,null,null,null,null,"Nitrogen Stabilizers (drop down menu)"]
["None",{"$f":"VLOOKUP(A44,NitrogenStabilizers,14,FALSE)","v":0},{"$f":"VLOOKUP(A44,NitrogenStabilizers,18,FALSE)","v":0},{"$f":"VLOOKUP(A44,NitrogenStabilizers,16,FALSE)","v":1},0,{"$f":"VLOOKUP(A44,NitrogenStabilizers,15,FALSE)","v":0},{"$f":"(E44*VLOOKUP(A44,NitrogenStabilizers,14,FALSE)/D44)*C44","v":0},null,null,null,null,null,"None",{"$f":"VLOOKUP(M44,NitrogenStabilizers,14,FALSE)","v":0},{"$f":"VLOOKUP(M44,NitrogenStabilizers,18,FALSE)","v":0},{"$f":"VLOOKUP(M44,NitrogenStabilizers,16,FALSE)","v":1},0,{"$f":"VLOOKUP(M44,NitrogenStabilizers,15,FALSE)","v":0},{"$f":"(Q44*VLOOKUP(M44,NitrogenStabilizers,14,FALSE)/P44)*O44","v":0},null,null,null,null,null,"None",{"$f":"VLOOKUP(Y44,NitrogenStabilizers,14,FALSE)","v":0},{"$f":"VLOOKUP(Y44,NitrogenStabilizers,18,FALSE)","v":0},{"$f":"VLOOKUP(Y44,NitrogenStabilizers,16,FALSE)","v":1},0,{"$f":"VLOOKUP(Y44,NitrogenStabilizers,15,FALSE)","v":0},{"$f":"(AC44*VLOOKUP(Y44,NitrogenStabilizers,14,FALSE)/AB44)*AA44","v":0}]
["None",{"$f":"VLOOKUP(A45,NitrogenStabilizers,14,FALSE)","v":0},{"$f":"VLOOKUP(A45,NitrogenStabilizers,18,FALSE)","v":0},{"$f":"VLOOKUP(A45,NitrogenStabilizers,16,FALSE)","v":1},0,{"$f":"VLOOKUP(A45,NitrogenStabilizers,15,FALSE)","v":0},{"$f":"(E45*VLOOKUP(A45,NitrogenStabilizers,14,FALSE)/D45)*C45","v":0},null,null,null,"More",null,"None",{"$f":"VLOOKUP(M45,NitrogenStabilizers,14,FALSE)","v":0},{"$f":"VLOOKUP(M45,NitrogenStabilizers,18,FALSE)","v":0},{"$f":"VLOOKUP(M45,NitrogenStabilizers,16,FALSE)","v":1},0,{"$f":"VLOOKUP(M45,NitrogenStabilizers,15,FALSE)","v":0},{"$f":"(Q45*VLOOKUP(M45,NitrogenStabilizers,14,FALSE)/P45)*O45","v":0},null,null,null,"More",null,"None",{"$f":"VLOOKUP(Y45,NitrogenStabilizers,14,FALSE)","v":0},{"$f":"VLOOKUP(Y45,NitrogenStabilizers,18,FALSE)","v":0},{"$f":"VLOOKUP(Y45,NitrogenStabilizers,16,FALSE)","v":1},0,{"$f":"VLOOKUP(Y45,NitrogenStabilizers,15,FALSE)","v":0},{"$f":"(AC45*VLOOKUP(Y45,NitrogenStabilizers,14,FALSE)/AB45)*AA45","v":0},null,null,null,"More"]
["2nd Application Fertilizer Cost/Acre",null,null,null,null,null,{"$f":"SUM(G30:G45)","v":0},null,null,null,"Below",null,"2nd Application Fertilizer Cost/Acre",null,null,null,null,null,{"$f":"SUM(S30:S45)","v":0},null,null,null,"Below",null,"2nd Application Fertilizer Cost/Acre",null,null,null,null,null,{"$f":"SUM(AE30:AE45)","v":0},null,null,null,"Below"]
[null,null,null,null,null,null,null,null,null,null,"¯",null,null,null,null,null,null,null,null,null,null,null,"¯",null,null,null,null,null,null,null,null,null,null,null,"¯"]
["3rd Application (i.e., Side-Dress or Broadcast)",null,null,null,null,null,null,null,null,null,null,null,"3rd Application (i.e., Side-Dress or Broadcast)",null,null,null,null,null,null,null,null,null,null,null,"3rd Application (i.e., Side-Dress or Broadcast)"]
["Fertilizer Source","Purchase Units","Package Price (Gals, Lbs, etc.)","Units/Pkg","Rate/Acre","Units","Cost",null,null,null,null,null,"Fertilizer Source","Purchase Units","Package Price (Gals, Lbs, etc.)","Units/Pkg","Rate/Acre","Units","Cost",null,null,null,null,null,"Fertilizer Source","Purchase Units","Package Price (Gals, Lbs, etc.)","Units/Pkg","Rate/Acre","Units","Cost"]
["Macronutrients (drop down menu)",null,null,null,"(Enter Below)",null,null,null,"N","P","K",null,"Macronutrients (drop down menu)",null,null,null,"(Enter Below)",null,null,null,"N","P","K",null,"Macronutrients (drop down menu)",null,null,null,"(Enter Below)",null,null,null,"N","P","K"]
["None",{"$f":"VLOOKUP(A51,Macronutrients,14,FALSE)","v":0},{"$f":"VLOOKUP(A51,Macronutrients,18,FALSE)","v":0},{"$f":"VLOOKUP(A51,Macronutrients,16,FALSE)","v":1},0,{"$f":"VLOOKUP(A51,Macronutrients,15,FALSE)","v":0},{"$f":"(E51*VLOOKUP(A51,Macronutrients,14,FALSE)/D51)*C51","v":0},null,{"$f":"VLOOKUP(A51,Macronutrients,2,FALSE)*E51+VLOOKUP(A52,Macronutrients,2,FALSE)*E52+VLOOKUP(A53,Macronutrients,2,FALSE)*E53+VLOOKUP(A54,Macronutrients,2,FALSE)*E54+VLOOKUP(A55,Macronutrients,2,FALSE)*E55+VLOOKUP(A56,Macronutrients,2,FALSE)*E56+VLOOKUP(A59,Micronutrients,2,FALSE)*E59+VLOOKUP(A60,Micronutrients,2,FALSE)*E60+VLOOKUP(A61,Micronutrients,2,FALSE)*E61+VLOOKUP(A62,Micronutrients,2,FALSE)*E62","v":0},{"$f":"VLOOKUP(A51,Macronutrients,3,FALSE)*E51+VLOOKUP(A52,Macronutrients,3,FALSE)*E52+VLOOKUP(A53,Macronutrients,3,FALSE)*E53+VLOOKUP(A54,Macronutrients,3,FALSE)*E54+VLOOKUP(A55,Macronutrients,3,FALSE)*E55+VLOOKUP(A56,Macronutrients,3,FALSE)*E56+VLOOKUP(A59,Micronutrients,3,FALSE)*E59+VLOOKUP(A60,Micronutrients,3,FALSE)*E60+VLOOKUP(A61,Micronutrients,3,FALSE)*E61+VLOOKUP(A62,Micronutrients,3,FALSE)*E62","v":0},{"$f":"VLOOKUP(A51,Macronutrients,4,FALSE)*E51+VLOOKUP(A52,Macronutrients,4,FALSE)*E52+VLOOKUP(A53,Macronutrients,4,FALSE)*E53+VLOOKUP(A54,Macronutrients,4,FALSE)*E54+VLOOKUP(A55,Macronutrients,4,FALSE)*E55+VLOOKUP(A56,Macronutrients,4,FALSE)*E56+VLOOKUP(A59,Micronutrients,4,FALSE)*E59+VLOOKUP(A60,Micronutrients,4,FALSE)*E60+VLOOKUP(A61,Micronutrients,4,FALSE)*E61+VLOOKUP(A62,Micronutrients,4,FALSE)*E62","v":0},null,"None",{"$f":"VLOOKUP(M51,Macronutrients,14,FALSE)","v":0},{"$f":"VLOOKUP(M51,Macronutrients,18,FALSE)","v":0},{"$f":"VLOOKUP(M51,Macronutrients,16,FALSE)","v":1},0,{"$f":"VLOOKUP(M51,Macronutrients,15,FALSE)","v":0},{"$f":"(Q51*VLOOKUP(M51,Macronutrients,14,FALSE)/P51)*O51","v":0},null,{"$f":"VLOOKUP(M51,Macronutrients,2,FALSE)*Q51+VLOOKUP(M52,Macronutrients,2,FALSE)*Q52+VLOOKUP(M53,Macronutrients,2,FALSE)*Q53+VLOOKUP(M54,Macronutrients,2,FALSE)*Q54+VLOOKUP(M55,Macronutrients,2,FALSE)*Q55+VLOOKUP(M56,Macronutrients,2,FALSE)*Q56+VLOOKUP(M59,Micronutrients,2,FALSE)*Q59+VLOOKUP(M60,Micronutrients,2,FALSE)*Q60+VLOOKUP(M61,Micronutrients,2,FALSE)*Q61+VLOOKUP(M62,Micronutrients,2,FALSE)*Q62","v":0},{"$f":"VLOOKUP(M51,Macronutrients,3,FALSE)*Q51+VLOOKUP(M52,Macronutrients,3,FALSE)*Q52+VLOOKUP(M53,Macronutrients,3,FALSE)*Q53+VLOOKUP(M54,Macronutrients,3,FALSE)*Q54+VLOOKUP(M55,Macronutrients,3,FALSE)*Q55+VLOOKUP(M56,Macronutrients,3,FALSE)*Q56+VLOOKUP(M59,Micronutrients,3,FALSE)*Q59+VLOOKUP(M60,Micronutrients,3,FALSE)*Q60+VLOOKUP(M61,Micronutrients,3,FALSE)*Q61+VLOOKUP(M62,Micronutrients,3,FALSE)*Q62","v":0},{"$f":"VLOOKUP(M51,Macronutrients,4,FALSE)*Q51+VLOOKUP(M52,Macronutrients,4,FALSE)*Q52+VLOOKUP(M53,Macronutrients,4,FALSE)*Q53+VLOOKUP(M54,Macronutrients,4,FALSE)*Q54+VLOOKUP(M55,Macronutrients,4,FALSE)*Q55+VLOOKUP(M56,Macronutrients,4,FALSE)*Q56+VLOOKUP(M59,Micronutrients,4,FALSE)*Q59+VLOOKUP(M60,Micronutrients,4,FALSE)*Q60+VLOOKUP(M61,Micronutrients,4,FALSE)*Q61+VLOOKUP(M62,Micronutrients,4,FALSE)*Q62","v":0},null,"None",{"$f":"VLOOKUP(Y51,Macronutrients,14,FALSE)","v":0},{"$f":"VLOOKUP(Y51,Macronutrients,18,FALSE)","v":0},{"$f":"VLOOKUP(Y51,Macronutrients,16,FALSE)","v":1},0,{"$f":"VLOOKUP(Y51,Macronutrients,15,FALSE)","v":0},{"$f":"(AC51*VLOOKUP(Y51,Macronutrients,14,FALSE)/AB51)*AA51","v":0},null,{"$f":"VLOOKUP(Y51,Macronutrients,2,FALSE)*AC51+VLOOKUP(Y52,Macronutrients,2,FALSE)*AC52+VLOOKUP(Y53,Macronutrients,2,FALSE)*AC53+VLOOKUP(Y54,Macronutrients,2,FALSE)*AC54+VLOOKUP(Y55,Macronutrients,2,FALSE)*AC55+VLOOKUP(Y56,Macronutrients,2,FALSE)*AC56+VLOOKUP(Y59,Micronutrients,2,FALSE)*AC59+VLOOKUP(Y60,Micronutrients,2,FALSE)*AC60+VLOOKUP(Y61,Micronutrients,2,FALSE)*AC61+VLOOKUP(Y62,Micronutrients,2,FALSE)*AC62","v":0},{"$f":"VLOOKUP(Y51,Macronutrients,3,FALSE)*AC51+VLOOKUP(Y52,Macronutrients,3,FALSE)*AC52+VLOOKUP(Y53,Macronutrients,3,FALSE)*AC53+VLOOKUP(Y54,Macronutrients,3,FALSE)*AC54+VLOOKUP(Y55,Macronutrients,3,FALSE)*AC55+VLOOKUP(Y56,Macronutrients,3,FALSE)*AC56+VLOOKUP(Y59,Micronutrients,3,FALSE)*AC59+VLOOKUP(Y60,Micronutrients,3,FALSE)*AC60+VLOOKUP(Y61,Micronutrients,3,FALSE)*AC61+VLOOKUP(Y62,Micronutrients,3,FALSE)*AC62","v":0},{"$f":"VLOOKUP(Y51,Macronutrients,4,FALSE)*AC51+VLOOKUP(Y52,Macronutrients,4,FALSE)*AC52+VLOOKUP(Y53,Macronutrients,4,FALSE)*AC53+VLOOKUP(Y54,Macronutrients,4,FALSE)*AC54+VLOOKUP(Y55,Macronutrients,4,FALSE)*AC55+VLOOKUP(Y56,Macronutrients,4,FALSE)*AC56+VLOOKUP(Y59,Micronutrients,4,FALSE)*AC59+VLOOKUP(Y60,Micronutrients,4,FALSE)*AC60+VLOOKUP(Y61,Micronutrients,4,FALSE)*AC61+VLOOKUP(Y62,Micronutrients,4,FALSE)*AC62","v":0}]
["None",0,0,1,0,0,0,null,null,null,null,null,"None",0,0,1,0,0,0,null,null,null,null,null,"None",0,0,1,0,0,0]
["None",0,0,1,0,0,0,null,"S","Ca","Mg",null,"None",0,0,1,0,0,0,null,"S","Ca","Mg",null,"None",0,0,1,0,0,0,null,"S","Ca","Mg"]
["None",0,0,1,0,0,0,null,{"$f":"VLOOKUP(A51,Macronutrients,5,FALSE)*E51+VLOOKUP(A52,Macronutrients,5,FALSE)*E52+VLOOKUP(A53,Macronutrients,5,FALSE)*E53+VLOOKUP(A54,Macronutrients,5,FALSE)*E54+VLOOKUP(A55,Macronutrients,5,FALSE)*E55+VLOOKUP(A56,Macronutrients,5,FALSE)*E56+VLOOKUP(A59,Micronutrients,5,FALSE)*E59+VLOOKUP(A60,Micronutrients,5,FALSE)*E60+VLOOKUP(A61,Micronutrients,5,FALSE)*E61+VLOOKUP(A62,Micronutrients,5,FALSE)*E62","v":0},{"$f":"VLOOKUP(A51,Macronutrients,7,FALSE)*E51+VLOOKUP(A52,Macronutrients,7,FALSE)*E52+VLOOKUP(A53,Macronutrients,7,FALSE)*E53+VLOOKUP(A54,Macronutrients,7,FALSE)*E54+VLOOKUP(A55,Macronutrients,7,FALSE)*E55+VLOOKUP(A56,Macronutrients,7,FALSE)*E56+VLOOKUP(A59,Micronutrients,7,FALSE)*E59+VLOOKUP(A60,Micronutrients,7,FALSE)*E60+VLOOKUP(A61,Micronutrients,7,FALSE)*E61+VLOOKUP(A62,Micronutrients,7,FALSE)*E62","v":0},{"$f":"VLOOKUP($A51,Macronutrients,6,FALSE)*$E$6+VLOOKUP($A52,Macronutrients,6,FALSE)*$E$7+VLOOKUP($A53,Macronutrients,6,FALSE)*$E$8+VLOOKUP($A54,Macronutrients,6,FALSE)*$E$9+VLOOKUP($A55,Macronutrients,6,FALSE)*$E$10+VLOOKUP($A56,Macronutrients,6,FALSE)*$E$11+VLOOKUP($A59,Micronutrients,6,FALSE)*$E$14+VLOOKUP($A60,Micronutrients,6,FALSE)*E60+VLOOKUP($A61,Micronutrients,6,FALSE)*$E$16+VLOOKUP($A62,Micronutrients,6,FALSE)*$E$17","v":0},null,"None",0,0,1,0,0,0,null,{"$f":"VLOOKUP(M51,Macronutrients,5,FALSE)*Q51+VLOOKUP(M52,Macronutrients,5,FALSE)*Q52+VLOOKUP(M53,Macronutrients,5,FALSE)*Q53+VLOOKUP(M54,Macronutrients,5,FALSE)*Q54+VLOOKUP(M55,Macronutrients,5,FALSE)*Q55+VLOOKUP(M56,Macronutrients,5,FALSE)*Q56+VLOOKUP(M59,Micronutrients,5,FALSE)*Q59+VLOOKUP(M60,Micronutrients,5,FALSE)*Q60+VLOOKUP(M61,Micronutrients,5,FALSE)*Q61+VLOOKUP(M62,Micronutrients,5,FALSE)*Q62","v":0},{"$f":"VLOOKUP(M51,Macronutrients,7,FALSE)*Q51+VLOOKUP(M52,Macronutrients,7,FALSE)*Q52+VLOOKUP(M53,Macronutrients,7,FALSE)*Q53+VLOOKUP(M54,Macronutrients,7,FALSE)*Q54+VLOOKUP(M55,Macronutrients,7,FALSE)*Q55+VLOOKUP(M56,Macronutrients,7,FALSE)*Q56+VLOOKUP(M59,Micronutrients,7,FALSE)*Q59+VLOOKUP(M60,Micronutrients,7,FALSE)*Q60+VLOOKUP(M61,Micronutrients,7,FALSE)*Q61+VLOOKUP(M62,Micronutrients,7,FALSE)*Q62","v":0},{"$f":"VLOOKUP($A51,Macronutrients,6,FALSE)*$E$6+VLOOKUP($A52,Macronutrients,6,FALSE)*$E$7+VLOOKUP($A53,Macronutrients,6,FALSE)*$E$8+VLOOKUP($A54,Macronutrients,6,FALSE)*$E$9+VLOOKUP($A55,Macronutrients,6,FALSE)*$E$10+VLOOKUP($A56,Macronutrients,6,FALSE)*$E$11+VLOOKUP($A59,Micronutrients,6,FALSE)*$E$14+VLOOKUP($A60,Micronutrients,6,FALSE)*Q60+VLOOKUP($A61,Micronutrients,6,FALSE)*$E$16+VLOOKUP($A62,Micronutrients,6,FALSE)*$E$17","v":0},null,"None",0,0,1,0,0,0,null,{"$f":"VLOOKUP(Y51,Macronutrients,5,FALSE)*AC51+VLOOKUP(Y52,Macronutrients,5,FALSE)*AC52+VLOOKUP(Y53,Macronutrients,5,FALSE)*AC53+VLOOKUP(Y54,Macronutrients,5,FALSE)*AC54+VLOOKUP(Y55,Macronutrients,5,FALSE)*AC55+VLOOKUP(Y56,Macronutrients,5,FALSE)*AC56+VLOOKUP(Y59,Micronutrients,5,FALSE)*AC59+VLOOKUP(Y60,Micronutrients,5,FALSE)*AC60+VLOOKUP(Y61,Micronutrients,5,FALSE)*AC61+VLOOKUP(Y62,Micronutrients,5,FALSE)*AC62","v":0},{"$f":"VLOOKUP(Y51,Macronutrients,7,FALSE)*AC51+VLOOKUP(Y52,Macronutrients,7,FALSE)*AC52+VLOOKUP(Y53,Macronutrients,7,FALSE)*AC53+VLOOKUP(Y54,Macronutrients,7,FALSE)*AC54+VLOOKUP(Y55,Macronutrients,7,FALSE)*AC55+VLOOKUP(Y56,Macronutrients,7,FALSE)*AC56+VLOOKUP(Y59,Micronutrients,7,FALSE)*AC59+VLOOKUP(Y60,Micronutrients,7,FALSE)*AC60+VLOOKUP(Y61,Micronutrients,7,FALSE)*AC61+VLOOKUP(Y62,Micronutrients,7,FALSE)*AC62","v":0},{"$f":"VLOOKUP($A51,Macronutrients,6,FALSE)*$E$6+VLOOKUP($A52,Macronutrients,6,FALSE)*$E$7+VLOOKUP($A53,Macronutrients,6,FALSE)*$E$8+VLOOKUP($A54,Macronutrients,6,FALSE)*$E$9+VLOOKUP($A55,Macronutrients,6,FALSE)*$E$10+VLOOKUP($A56,Macronutrients,6,FALSE)*$E$11+VLOOKUP($A59,Micronutrients,6,FALSE)*$E$14+VLOOKUP($A60,Micronutrients,6,FALSE)*AC60+VLOOKUP($A61,Micronutrients,6,FALSE)*$E$16+VLOOKUP($A62,Micronutrients,6,FALSE)*$E$17","v":0}]
["None",0,0,1,0,0,0,null,null,null,null,null,"None",0,0,1,0,0,0,null,null,null,null,null,"None",0,0,1,0,0,0]
["None",0,0,1,0,0,0,null,"Z","B","Mn",null,"None",0,0,1,0,0,0,null,"Z","B","Mn",null,"None",0,0,1,0,0,0,null,"Z","B","Mn"]
[null,null,null,null,null,null,null,null,{"$f":"VLOOKUP(A51,Macronutrients,8,FALSE)*E51+VLOOKUP(A52,Macronutrients,8,FALSE)*E52+VLOOKUP(A53,Macronutrients,8,FALSE)*E53+VLOOKUP(A54,Macronutrients,8,FALSE)*E54+VLOOKUP(A55,Macronutrients,8,FALSE)*E55+VLOOKUP(A56,Macronutrients,8,FALSE)*E56+VLOOKUP(A59,Micronutrients,8,FALSE)*E59+VLOOKUP(A60,Micronutrients,8,FALSE)*E60+VLOOKUP(A61,Micronutrients,8,FALSE)*E61+VLOOKUP(A62,Micronutrients,8,FALSE)*E62","v":0},{"$f":"VLOOKUP(A51,Macronutrients,9,FALSE)*E51+VLOOKUP(A52,Macronutrients,9,FALSE)*E52+VLOOKUP(A53,Macronutrients,9,FALSE)*E53+VLOOKUP(A54,Macronutrients,9,FALSE)*E54+VLOOKUP(A55,Macronutrients,9,FALSE)*E55+VLOOKUP(A56,Macronutrients,9,FALSE)*E56+VLOOKUP(A59,Micronutrients,9,FALSE)*E59+VLOOKUP(A60,Micronutrients,9,FALSE)*E60+VLOOKUP(A61,Micronutrients,9,FALSE)*E61+VLOOKUP(A62,Micronutrients,9,FALSE)*E62","v":0},{"$f":"VLOOKUP(A51,Macronutrients,10,FALSE)*E51+VLOOKUP(A52,Macronutrients,10,FALSE)*E52+VLOOKUP(A53,Macronutrients,10,FALSE)*E53+VLOOKUP(A54,Macronutrients,10,FALSE)*E54+VLOOKUP(A55,Macronutrients,10,FALSE)*E55+VLOOKUP(A56,Macronutrients,10,FALSE)*E56+VLOOKUP(A59,Micronutrients,10,FALSE)*E59+VLOOKUP(A60,Micronutrients,10,FALSE)*E60+VLOOKUP(A61,Micronutrients,10,FALSE)*E61+VLOOKUP(A62,Micronutrients,10,FALSE)*E62","v":0},null,null,null,null,null,null,null,null,null,{"$f":"VLOOKUP(M51,Macronutrients,8,FALSE)*Q51+VLOOKUP(M52,Macronutrients,8,FALSE)*Q52+VLOOKUP(M53,Macronutrients,8,FALSE)*Q53+VLOOKUP(M54,Macronutrients,8,FALSE)*Q54+VLOOKUP(M55,Macronutrients,8,FALSE)*Q55+VLOOKUP(M56,Macronutrients,8,FALSE)*Q56+VLOOKUP(M59,Micronutrients,8,FALSE)*Q59+VLOOKUP(M60,Micronutrients,8,FALSE)*Q60+VLOOKUP(M61,Micronutrients,8,FALSE)*Q61+VLOOKUP(M62,Micronutrients,8,FALSE)*Q62","v":0},{"$f":"VLOOKUP(M51,Macronutrients,9,FALSE)*Q51+VLOOKUP(M52,Macronutrients,9,FALSE)*Q52+VLOOKUP(M53,Macronutrients,9,FALSE)*Q53+VLOOKUP(M54,Macronutrients,9,FALSE)*Q54+VLOOKUP(M55,Macronutrients,9,FALSE)*Q55+VLOOKUP(M56,Macronutrients,9,FALSE)*Q56+VLOOKUP(M59,Micronutrients,9,FALSE)*Q59+VLOOKUP(M60,Micronutrients,9,FALSE)*Q60+VLOOKUP(M61,Micronutrients,9,FALSE)*Q61+VLOOKUP(M62,Micronutrients,9,FALSE)*Q62","v":0},{"$f":"VLOOKUP(M51,Macronutrients,10,FALSE)*Q51+VLOOKUP(M52,Macronutrients,10,FALSE)*Q52+VLOOKUP(M53,Macronutrients,10,FALSE)*Q53+VLOOKUP(M54,Macronutrients,10,FALSE)*Q54+VLOOKUP(M55,Macronutrients,10,FALSE)*Q55+VLOOKUP(M56,Macronutrients,10,FALSE)*Q56+VLOOKUP(M59,Micronutrients,10,FALSE)*Q59+VLOOKUP(M60,Micronutrients,10,FALSE)*Q60+VLOOKUP(M61,Micronutrients,10,FALSE)*Q61+VLOOKUP(M62,Micronutrients,10,FALSE)*Q62","v":0},null,null,null,null,null,null,null,null,null,{"$f":"VLOOKUP(Y51,Macronutrients,8,FALSE)*AC51+VLOOKUP(Y52,Macronutrients,8,FALSE)*AC52+VLOOKUP(Y53,Macronutrients,8,FALSE)*AC53+VLOOKUP(Y54,Macronutrients,8,FALSE)*AC54+VLOOKUP(Y55,Macronutrients,8,FALSE)*AC55+VLOOKUP(Y56,Macronutrients,8,FALSE)*AC56+VLOOKUP(Y59,Micronutrients,8,FALSE)*AC59+VLOOKUP(Y60,Micronutrients,8,FALSE)*AC60+VLOOKUP(Y61,Micronutrients,8,FALSE)*AC61+VLOOKUP(Y62,Micronutrients,8,FALSE)*AC62","v":0},{"$f":"VLOOKUP(Y51,Macronutrients,9,FALSE)*AC51+VLOOKUP(Y52,Macronutrients,9,FALSE)*AC52+VLOOKUP(Y53,Macronutrients,9,FALSE)*AC53+VLOOKUP(Y54,Macronutrients,9,FALSE)*AC54+VLOOKUP(Y55,Macronutrients,9,FALSE)*AC55+VLOOKUP(Y56,Macronutrients,9,FALSE)*AC56+VLOOKUP(Y59,Micronutrients,9,FALSE)*AC59+VLOOKUP(Y60,Micronutrients,9,FALSE)*AC60+VLOOKUP(Y61,Micronutrients,9,FALSE)*AC61+VLOOKUP(Y62,Micronutrients,9,FALSE)*AC62","v":0},{"$f":"VLOOKUP(Y51,Macronutrients,10,FALSE)*AC51+VLOOKUP(Y52,Macronutrients,10,FALSE)*AC52+VLOOKUP(Y53,Macronutrients,10,FALSE)*AC53+VLOOKUP(Y54,Macronutrients,10,FALSE)*AC54+VLOOKUP(Y55,Macronutrients,10,FALSE)*AC55+VLOOKUP(Y56,Macronutrients,10,FALSE)*AC56+VLOOKUP(Y59,Micronutrients,10,FALSE)*AC59+VLOOKUP(Y60,Micronutrients,10,FALSE)*AC60+VLOOKUP(Y61,Micronutrients,10,FALSE)*AC61+VLOOKUP(Y62,Micronutrients,10,FALSE)*AC62","v":0}]
["Micronutrients (drop down menu)",null,null,null,null,null,null,null,null,null,null,null,"Micronutrients (drop down menu)",null,null,null,null,null,null,null,null,null,null,null,"Micronutrients (drop down menu)"]
["None",{"$f":"VLOOKUP($A59,Micronutrients,14,FALSE)","v":0},{"$f":"VLOOKUP(A59,Micronutrients,18,FALSE)","v":0},{"$f":"VLOOKUP(A59,Micronutrients,16,FALSE)","v":1},0,{"$f":"VLOOKUP(A59,Micronutrients,15,FALSE)","v":0},{"$f":"(E59*VLOOKUP(A59,Micronutrients,14,FALSE)/D59)*C59","v":0},null,"Cu","Mo","Fe",null,"None",{"$f":"VLOOKUP($M59,Micronutrients,14,FALSE)","v":0},{"$f":"VLOOKUP(M59,Micronutrients,18,FALSE)","v":0},{"$f":"VLOOKUP(M59,Micronutrients,16,FALSE)","v":1},0,{"$f":"VLOOKUP(M59,Micronutrients,15,FALSE)","v":0},{"$f":"(Q59*VLOOKUP(M59,Micronutrients,14,FALSE)/P59)*O59","v":0},null,"Cu","Mo","Fe",null,"None",{"$f":"VLOOKUP(Y59,Micronutrients,14,FALSE)","v":0},{"$f":"VLOOKUP(Y59,Micronutrients,18,FALSE)","v":0},{"$f":"VLOOKUP(Y59,Micronutrients,16,FALSE)","v":1},0,{"$f":"VLOOKUP(Y59,Micronutrients,15,FALSE)","v":0},{"$f":"(AC59*VLOOKUP(Y59,Micronutrients,14,FALSE)/AB59)*AA59","v":0},null,"Cu","Mo","Fe"]
["None",{"$f":"VLOOKUP($A60,Micronutrients,14,FALSE)","v":0},{"$f":"VLOOKUP(A60,Micronutrients,18,FALSE)","v":0},{"$f":"VLOOKUP(A60,Micronutrients,16,FALSE)","v":1},0,{"$f":"VLOOKUP(A60,Micronutrients,15,FALSE)","v":0},{"$f":"(E60*VLOOKUP(A60,Micronutrients,14,FALSE)/D60)*C60","v":0},null,{"$f":"VLOOKUP(A51,Macronutrients,11,FALSE)*E51+VLOOKUP(A52,Macronutrients,11,FALSE)*E52+VLOOKUP(A53,Macronutrients,11,FALSE)*E53+VLOOKUP(A54,Macronutrients,11,FALSE)*E54+VLOOKUP(A55,Macronutrients,11,FALSE)*E55+VLOOKUP(A56,Macronutrients,11,FALSE)*E56+VLOOKUP(A59,Micronutrients,11,FALSE)*E59+VLOOKUP(A60,Micronutrients,11,FALSE)*E60+VLOOKUP(A61,Micronutrients,11,FALSE)*E61+VLOOKUP(A62,Micronutrients,11,FALSE)*E62","v":0},{"$f":"VLOOKUP(A51,Macronutrients,12,FALSE)*E51+VLOOKUP(A52,Macronutrients,12,FALSE)*E52+VLOOKUP(A53,Macronutrients,12,FALSE)*E53+VLOOKUP(A54,Macronutrients,12,FALSE)*E54+VLOOKUP(A55,Macronutrients,12,FALSE)*E55+VLOOKUP(A56,Macronutrients,12,FALSE)*E56+VLOOKUP(A59,Micronutrients,12,FALSE)*E59+VLOOKUP(A60,Micronutrients,12,FALSE)*E60+VLOOKUP(A61,Micronutrients,12,FALSE)*E61+VLOOKUP(A62,Micronutrients,12,FALSE)*E62","v":0},{"$f":"VLOOKUP(A51,Macronutrients,13,FALSE)*E51+VLOOKUP(A52,Macronutrients,13,FALSE)*E52+VLOOKUP(A53,Macronutrients,13,FALSE)*E53+VLOOKUP(A54,Macronutrients,13,FALSE)*E54+VLOOKUP(A55,Macronutrients,13,FALSE)*E55+VLOOKUP(A56,Macronutrients,13,FALSE)*E56+VLOOKUP(A59,Micronutrients,13,FALSE)*E59+VLOOKUP(A60,Micronutrients,13,FALSE)*E60+VLOOKUP(A61,Micronutrients,13,FALSE)*E61+VLOOKUP(A62,Micronutrients,13,FALSE)*E62","v":0},null,"None",{"$f":"VLOOKUP($M60,Micronutrients,14,FALSE)","v":0},{"$f":"VLOOKUP(M60,Micronutrients,18,FALSE)","v":0},{"$f":"VLOOKUP(M60,Micronutrients,16,FALSE)","v":1},0,{"$f":"VLOOKUP(M60,Micronutrients,15,FALSE)","v":0},{"$f":"(Q60*VLOOKUP(M60,Micronutrients,14,FALSE)/P60)*O60","v":0},null,{"$f":"VLOOKUP(M51,Macronutrients,11,FALSE)*Q51+VLOOKUP(M52,Macronutrients,11,FALSE)*Q52+VLOOKUP(M53,Macronutrients,11,FALSE)*Q53+VLOOKUP(M54,Macronutrients,11,FALSE)*Q54+VLOOKUP(M55,Macronutrients,11,FALSE)*Q55+VLOOKUP(M56,Macronutrients,11,FALSE)*Q56+VLOOKUP(M59,Micronutrients,11,FALSE)*Q59+VLOOKUP(M60,Micronutrients,11,FALSE)*Q60+VLOOKUP(M61,Micronutrients,11,FALSE)*Q61+VLOOKUP(M62,Micronutrients,11,FALSE)*Q62","v":0},{"$f":"VLOOKUP(M51,Macronutrients,12,FALSE)*Q51+VLOOKUP(M52,Macronutrients,12,FALSE)*Q52+VLOOKUP(M53,Macronutrients,12,FALSE)*Q53+VLOOKUP(M54,Macronutrients,12,FALSE)*Q54+VLOOKUP(M55,Macronutrients,12,FALSE)*Q55+VLOOKUP(M56,Macronutrients,12,FALSE)*Q56+VLOOKUP(M59,Micronutrients,12,FALSE)*Q59+VLOOKUP(M60,Micronutrients,12,FALSE)*Q60+VLOOKUP(M61,Micronutrients,12,FALSE)*Q61+VLOOKUP(M62,Micronutrients,12,FALSE)*Q62","v":0},{"$f":"VLOOKUP(M51,Macronutrients,13,FALSE)*Q51+VLOOKUP(M52,Macronutrients,13,FALSE)*Q52+VLOOKUP(M53,Macronutrients,13,FALSE)*Q53+VLOOKUP(M54,Macronutrients,13,FALSE)*Q54+VLOOKUP(M55,Macronutrients,13,FALSE)*Q55+VLOOKUP(M56,Macronutrients,13,FALSE)*Q56+VLOOKUP(M59,Micronutrients,13,FALSE)*Q59+VLOOKUP(M60,Micronutrients,13,FALSE)*Q60+VLOOKUP(M61,Micronutrients,13,FALSE)*Q61+VLOOKUP(M62,Micronutrients,13,FALSE)*Q62","v":0},null,"None",{"$f":"VLOOKUP(Y60,Micronutrients,14,FALSE)","v":0},{"$f":"VLOOKUP(Y60,Micronutrients,18,FALSE)","v":0},{"$f":"VLOOKUP(Y60,Micronutrients,16,FALSE)","v":1},0,{"$f":"VLOOKUP(Y60,Micronutrients,15,FALSE)","v":0},{"$f":"(AC60*VLOOKUP(Y60,Micronutrients,14,FALSE)/AB60)*AA60","v":0},null,{"$f":"VLOOKUP(Y51,Macronutrients,11,FALSE)*AC51+VLOOKUP(Y52,Macronutrients,11,FALSE)*AC52+VLOOKUP(Y53,Macronutrients,11,FALSE)*AC53+VLOOKUP(Y54,Macronutrients,11,FALSE)*AC54+VLOOKUP(Y55,Macronutrients,11,FALSE)*AC55+VLOOKUP(Y56,Macronutrients,11,FALSE)*AC56+VLOOKUP(Y59,Micronutrients,11,FALSE)*AC59+VLOOKUP(Y60,Micronutrients,11,FALSE)*AC60+VLOOKUP(Y61,Micronutrients,11,FALSE)*AC61+VLOOKUP(Y62,Micronutrients,11,FALSE)*AC62","v":0},{"$f":"VLOOKUP(Y51,Macronutrients,12,FALSE)*AC51+VLOOKUP(Y52,Macronutrients,12,FALSE)*AC52+VLOOKUP(Y53,Macronutrients,12,FALSE)*AC53+VLOOKUP(Y54,Macronutrients,12,FALSE)*AC54+VLOOKUP(Y55,Macronutrients,12,FALSE)*AC55+VLOOKUP(Y56,Macronutrients,12,FALSE)*AC56+VLOOKUP(Y59,Micronutrients,12,FALSE)*AC59+VLOOKUP(Y60,Micronutrients,12,FALSE)*AC60+VLOOKUP(Y61,Micronutrients,12,FALSE)*AC61+VLOOKUP(Y62,Micronutrients,12,FALSE)*AC62","v":0},{"$f":"VLOOKUP(Y51,Macronutrients,13,FALSE)*AC51+VLOOKUP(Y52,Macronutrients,13,FALSE)*AC52+VLOOKUP(Y53,Macronutrients,13,FALSE)*AC53+VLOOKUP(Y54,Macronutrients,13,FALSE)*AC54+VLOOKUP(Y55,Macronutrients,13,FALSE)*AC55+VLOOKUP(Y56,Macronutrients,13,FALSE)*AC56+VLOOKUP(Y59,Micronutrients,13,FALSE)*AC59+VLOOKUP(Y60,Micronutrients,13,FALSE)*AC60+VLOOKUP(Y61,Micronutrients,13,FALSE)*AC61+VLOOKUP(Y62,Micronutrients,13,FALSE)*AC62","v":0}]
["None",{"$f":"VLOOKUP($A61,Micronutrients,14,FALSE)","v":0},{"$f":"VLOOKUP(A61,Micronutrients,18,FALSE)","v":0},{"$f":"VLOOKUP(A61,Micronutrients,16,FALSE)","v":1},0,{"$f":"VLOOKUP(A61,Micronutrients,15,FALSE)","v":0},{"$f":"(E61*VLOOKUP(A61,Micronutrients,14,FALSE)/D61)*C61","v":0},null,null,null,null,null,"None",{"$f":"VLOOKUP($M61,Micronutrients,14,FALSE)","v":0},{"$f":"VLOOKUP(M61,Micronutrients,18,FALSE)","v":0},{"$f":"VLOOKUP(M61,Micronutrients,16,FALSE)","v":1},0,{"$f":"VLOOKUP(M61,Micronutrients,15,FALSE)","v":0},{"$f":"(Q61*VLOOKUP(M61,Micronutrients,14,FALSE)/P61)*O61","v":0},null,null,null,null,null,"None",{"$f":"VLOOKUP(Y61,Micronutrients,14,FALSE)","v":0},{"$f":"VLOOKUP(Y61,Micronutrients,18,FALSE)","v":0},{"$f":"VLOOKUP(Y61,Micronutrients,16,FALSE)","v":1},0,{"$f":"VLOOKUP(Y61,Micronutrients,15,FALSE)","v":0},{"$f":"(AC61*VLOOKUP(Y61,Micronutrients,14,FALSE)/AB61)*AA61","v":0}]
["None",{"$f":"VLOOKUP($A62,Micronutrients,14,FALSE)","v":0},{"$f":"VLOOKUP(A62,Micronutrients,18,FALSE)","v":0},{"$f":"VLOOKUP(A62,Micronutrients,16,FALSE)","v":1},0,{"$f":"VLOOKUP(A62,Micronutrients,15,FALSE)","v":0},{"$f":"(E62*VLOOKUP(A62,Micronutrients,14,FALSE)/D62)*C62","v":0},null,null,null,null,null,"None",{"$f":"VLOOKUP($M62,Micronutrients,14,FALSE)","v":0},{"$f":"VLOOKUP(M62,Micronutrients,18,FALSE)","v":0},{"$f":"VLOOKUP(M62,Micronutrients,16,FALSE)","v":1},0,{"$f":"VLOOKUP(M62,Micronutrients,15,FALSE)","v":0},{"$f":"(Q62*VLOOKUP(M62,Micronutrients,14,FALSE)/P62)*O62","v":0},null,null,null,null,null,"None",{"$f":"VLOOKUP(Y62,Micronutrients,14,FALSE)","v":0},{"$f":"VLOOKUP(Y62,Micronutrients,18,FALSE)","v":0},{"$f":"VLOOKUP(Y62,Micronutrients,16,FALSE)","v":1},0,{"$f":"VLOOKUP(Y62,Micronutrients,15,FALSE)","v":0},{"$f":"(AC62*VLOOKUP(Y62,Micronutrients,14,FALSE)/AB62)*AA62","v":0}]
[]
["Nitrogen Stabilizers (drop down menu)",null,null,null,null,null,null,null,null,null,null,null,"Nitrogen Stabilizers (drop down menu)",null,null,null,null,null,null,null,null,null,null,null,"Nitrogen Stabilizers (drop down menu)"]
["None",{"$f":"VLOOKUP(A65,NitrogenStabilizers,14,FALSE)","v":0},{"$f":"VLOOKUP(A65,NitrogenStabilizers,18,FALSE)","v":0},{"$f":"VLOOKUP(A65,NitrogenStabilizers,16,FALSE)","v":1},0,{"$f":"VLOOKUP(A65,NitrogenStabilizers,15,FALSE)","v":0},{"$f":"(E65*VLOOKUP(A65,NitrogenStabilizers,14,FALSE)/D65)*C65","v":0},null,null,null,null,null,"None",{"$f":"VLOOKUP(M65,NitrogenStabilizers,14,FALSE)","v":0},{"$f":"VLOOKUP(M65,NitrogenStabilizers,18,FALSE)","v":0},{"$f":"VLOOKUP(M65,NitrogenStabilizers,16,FALSE)","v":1},0,{"$f":"VLOOKUP(M65,NitrogenStabilizers,15,FALSE)","v":0},{"$f":"(Q65*VLOOKUP(M65,NitrogenStabilizers,14,FALSE)/P65)*O65","v":0},null,null,null,null,null,"None",{"$f":"VLOOKUP(Y65,NitrogenStabilizers,14,FALSE)","v":0},{"$f":"VLOOKUP(Y65,NitrogenStabilizers,18,FALSE)","v":0},{"$f":"VLOOKUP(Y65,NitrogenStabilizers,16,FALSE)","v":1},0,{"$f":"VLOOKUP(Y65,NitrogenStabilizers,15,FALSE)","v":0},{"$f":"(AC65*VLOOKUP(Y65,NitrogenStabilizers,14,FALSE)/AB65)*AA65","v":0}]
["None",{"$f":"VLOOKUP(A66,NitrogenStabilizers,14,FALSE)","v":0},{"$f":"VLOOKUP(A66,NitrogenStabilizers,18,FALSE)","v":0},{"$f":"VLOOKUP(A66,NitrogenStabilizers,16,FALSE)","v":1},0,{"$f":"VLOOKUP(A66,NitrogenStabilizers,15,FALSE)","v":0},{"$f":"(E66*VLOOKUP(A66,NitrogenStabilizers,14,FALSE)/D66)*C66","v":0},null,null,null,"More",null,"None",{"$f":"VLOOKUP(M66,NitrogenStabilizers,14,FALSE)","v":0},{"$f":"VLOOKUP(M66,NitrogenStabilizers,18,FALSE)","v":0},{"$f":"VLOOKUP(M66,NitrogenStabilizers,16,FALSE)","v":1},0,{"$f":"VLOOKUP(M66,NitrogenStabilizers,15,FALSE)","v":0},{"$f":"(Q66*VLOOKUP(M66,NitrogenStabilizers,14,FALSE)/P66)*O66","v":0},null,null,null,"More",null,"None",{"$f":"VLOOKUP(Y66,NitrogenStabilizers,14,FALSE)","v":0},{"$f":"VLOOKUP(Y66,NitrogenStabilizers,18,FALSE)","v":0},{"$f":"VLOOKUP(Y66,NitrogenStabilizers,16,FALSE)","v":1},0,{"$f":"VLOOKUP(Y66,NitrogenStabilizers,15,FALSE)","v":0},{"$f":"(AC66*VLOOKUP(Y66,NitrogenStabilizers,14,FALSE)/AB66)*AA66","v":0},null,null,null,"More"]
["3rd Application Fertilizer Cost/Acre",null,null,null,null,null,{"$f":"SUM(G51:G66)","v":0},null,null,null,"Below",null,"3rd Application Fertilizer Cost/Acre",null,null,null,null,null,{"$f":"SUM(S51:S66)","v":0},null,null,null,"Below",null,"3rd Application Fertilizer Cost/Acre",null,null,null,null,null,{"$f":"SUM(AE51:AE66)","v":0},null,null,null,"Below"]
[null,null,null,null,null,null,null,null,null,null,"¯",null,null,null,null,null,null,null,null,null,null,null,"¯",null,null,null,null,null,null,null,null,null,null,null,"¯"]
["Total Fertilizer Cost/Acre",null,null,null,null,null,{"$f":"G67+G46+G25","v":0},null,null,null,null,null,"Total Fertilizer Cost/Acre",null,null,null,null,null,{"$f":"S67+S46+S25","v":0},null,null,null,null,null,"Total Fertilizer Cost/Acre",null,null,null,null,null,{"$f":"AE67+AE46+AE25","v":0}]
[]
["4th Application (i.e., Side-Dress or Broadcast)",null,null,null,null,null,null,null,null,null,null,null,"4th Application (i.e., Side-Dress or Broadcast)",null,null,null,null,null,null,null,null,null,null,null,"4th Application (i.e., Side-Dress or Broadcast)"]
["Fertilizer Source","Purchase Units","Package Price (Gals, Lbs, etc.)","Units/Pkg","Rate/Acre","Units","Cost",null,null,null,null,null,"Fertilizer Source","Purchase Units","Package Price (Gals, Lbs, etc.)","Units/Pkg","Rate/Acre","Units","Cost",null,null,null,null,null,"Fertilizer Source","Purchase Units","Package Price (Gals, Lbs, etc.)","Units/Pkg","Rate/Acre","Units","Cost"]
["Macronutrients (drop down menu)",null,null,null,"(Enter Below)",null,null,null,"N","P","K",null,"Macronutrients (drop down menu)",null,null,null,"(Enter Below)",null,null,null,"N","P","K",null,"Macronutrients (drop down menu)",null,null,null,"(Enter Below)",null,null,null,"N","P","K"]
["None",{"$f":"VLOOKUP(A74,Macronutrients,14,FALSE)","v":0},{"$f":"VLOOKUP(A74,Macronutrients,18,FALSE)","v":0},{"$f":"VLOOKUP(A74,Macronutrients,16,FALSE)","v":1},0,{"$f":"VLOOKUP(A74,Macronutrients,15,FALSE)","v":0},{"$f":"(E74*VLOOKUP(A74,Macronutrients,14,FALSE)/D74)*C74","v":0},null,{"$f":"VLOOKUP(A74,Macronutrients,2,FALSE)*E74+VLOOKUP(A75,Macronutrients,2,FALSE)*E75+VLOOKUP(A76,Macronutrients,2,FALSE)*E76+VLOOKUP(A77,Macronutrients,2,FALSE)*E77+VLOOKUP(A78,Macronutrients,2,FALSE)*E78+VLOOKUP(A79,Macronutrients,2,FALSE)*E79+VLOOKUP(A82,Micronutrients,2,FALSE)*E82+VLOOKUP(A83,Micronutrients,2,FALSE)*E83+VLOOKUP(A84,Micronutrients,2,FALSE)*E84+VLOOKUP(A85,Micronutrients,2,FALSE)*E85","v":0},{"$f":"VLOOKUP(A74,Macronutrients,3,FALSE)*E74+VLOOKUP(A75,Macronutrients,3,FALSE)*E75+VLOOKUP(A76,Macronutrients,3,FALSE)*E76+VLOOKUP(A77,Macronutrients,3,FALSE)*E77+VLOOKUP(A78,Macronutrients,3,FALSE)*E78+VLOOKUP(A79,Macronutrients,3,FALSE)*E79+VLOOKUP(A82,Micronutrients,3,FALSE)*E82+VLOOKUP(A83,Micronutrients,3,FALSE)*E83+VLOOKUP(A84,Micronutrients,3,FALSE)*E84+VLOOKUP(A85,Micronutrients,3,FALSE)*E85","v":0},{"$f":"VLOOKUP(A74,Macronutrients,4,FALSE)*E74+VLOOKUP(A75,Macronutrients,4,FALSE)*E75+VLOOKUP(A76,Macronutrients,4,FALSE)*E76+VLOOKUP(A77,Macronutrients,4,FALSE)*E77+VLOOKUP(A78,Macronutrients,4,FALSE)*E78+VLOOKUP(A79,Macronutrients,4,FALSE)*E79+VLOOKUP(A82,Micronutrients,4,FALSE)*E82+VLOOKUP(A83,Micronutrients,4,FALSE)*E83+VLOOKUP(A84,Micronutrients,4,FALSE)*E84+VLOOKUP(A85,Micronutrients,4,FALSE)*E85","v":0},null,"None",{"$f":"VLOOKUP(M74,Macronutrients,14,FALSE)","v":0},{"$f":"VLOOKUP(M74,Macronutrients,18,FALSE)","v":0},{"$f":"VLOOKUP(M74,Macronutrients,16,FALSE)","v":1},0,{"$f":"VLOOKUP(M74,Macronutrients,15,FALSE)","v":0},{"$f":"(Q74*VLOOKUP(M74,Macronutrients,14,FALSE)/P74)*O74","v":0},null,{"$f":"VLOOKUP(M74,Macronutrients,2,FALSE)*Q74+VLOOKUP(M75,Macronutrients,2,FALSE)*Q75+VLOOKUP(M76,Macronutrients,2,FALSE)*Q76+VLOOKUP(M77,Macronutrients,2,FALSE)*Q77+VLOOKUP(M78,Macronutrients,2,FALSE)*Q78+VLOOKUP(M79,Macronutrients,2,FALSE)*Q79+VLOOKUP(M82,Micronutrients,2,FALSE)*Q82+VLOOKUP(M83,Micronutrients,2,FALSE)*Q83+VLOOKUP(M84,Micronutrients,2,FALSE)*Q84+VLOOKUP(M85,Micronutrients,2,FALSE)*Q85","v":0},{"$f":"VLOOKUP(M74,Macronutrients,3,FALSE)*Q74+VLOOKUP(M75,Macronutrients,3,FALSE)*Q75+VLOOKUP(M76,Macronutrients,3,FALSE)*Q76+VLOOKUP(M77,Macronutrients,3,FALSE)*Q77+VLOOKUP(M78,Macronutrients,3,FALSE)*Q78+VLOOKUP(M79,Macronutrients,3,FALSE)*Q79+VLOOKUP(M82,Micronutrients,3,FALSE)*Q82+VLOOKUP(M83,Micronutrients,3,FALSE)*Q83+VLOOKUP(M84,Micronutrients,3,FALSE)*Q84+VLOOKUP(M85,Micronutrients,3,FALSE)*Q85","v":0},{"$f":"VLOOKUP(M74,Macronutrients,4,FALSE)*Q74+VLOOKUP(M75,Macronutrients,4,FALSE)*Q75+VLOOKUP(M76,Macronutrients,4,FALSE)*Q76+VLOOKUP(M77,Macronutrients,4,FALSE)*Q77+VLOOKUP(M78,Macronutrients,4,FALSE)*Q78+VLOOKUP(M79,Macronutrients,4,FALSE)*Q79+VLOOKUP(M82,Micronutrients,4,FALSE)*Q82+VLOOKUP(M83,Micronutrients,4,FALSE)*Q83+VLOOKUP(M84,Micronutrients,4,FALSE)*Q84+VLOOKUP(M85,Micronutrients,4,FALSE)*Q85","v":0},null,"None",{"$f":"VLOOKUP(Y74,Macronutrients,14,FALSE)","v":0},{"$f":"VLOOKUP(Y74,Macronutrients,18,FALSE)","v":0},{"$f":"VLOOKUP(Y74,Macronutrients,16,FALSE)","v":1},0,{"$f":"VLOOKUP(Y74,Macronutrients,15,FALSE)","v":0},{"$f":"(AC74*VLOOKUP(Y74,Macronutrients,14,FALSE)/AB74)*AA74","v":0},null,{"$f":"VLOOKUP(Y74,Macronutrients,2,FALSE)*AC74+VLOOKUP(Y75,Macronutrients,2,FALSE)*AC75+VLOOKUP(Y76,Macronutrients,2,FALSE)*AC76+VLOOKUP(Y77,Macronutrients,2,FALSE)*AC77+VLOOKUP(Y78,Macronutrients,2,FALSE)*AC78+VLOOKUP(Y79,Macronutrients,2,FALSE)*AC79+VLOOKUP(Y82,Micronutrients,2,FALSE)*AC82+VLOOKUP(Y83,Micronutrients,2,FALSE)*AC83+VLOOKUP(Y84,Micronutrients,2,FALSE)*AC84+VLOOKUP(Y85,Micronutrients,2,FALSE)*AC85","v":0},{"$f":"VLOOKUP(Y74,Macronutrients,3,FALSE)*AC74+VLOOKUP(Y75,Macronutrients,3,FALSE)*AC75+VLOOKUP(Y76,Macronutrients,3,FALSE)*AC76+VLOOKUP(Y77,Macronutrients,3,FALSE)*AC77+VLOOKUP(Y78,Macronutrients,3,FALSE)*AC78+VLOOKUP(Y79,Macronutrients,3,FALSE)*AC79+VLOOKUP(Y82,Micronutrients,3,FALSE)*AC82+VLOOKUP(Y83,Micronutrients,3,FALSE)*AC83+VLOOKUP(Y84,Micronutrients,3,FALSE)*AC84+VLOOKUP(Y85,Micronutrients,3,FALSE)*AC85","v":0},{"$f":"VLOOKUP(Y74,Macronutrients,4,FALSE)*AC74+VLOOKUP(Y75,Macronutrients,4,FALSE)*AC75+VLOOKUP(Y76,Macronutrients,4,FALSE)*AC76+VLOOKUP(Y77,Macronutrients,4,FALSE)*AC77+VLOOKUP(Y78,Macronutrients,4,FALSE)*AC78+VLOOKUP(Y79,Macronutrients,4,FALSE)*AC79+VLOOKUP(Y82,Micronutrients,4,FALSE)*AC82+VLOOKUP(Y83,Micronutrients,4,FALSE)*AC83+VLOOKUP(Y84,Micronutrients,4,FALSE)*AC84+VLOOKUP(Y85,Micronutrients,4,FALSE)*AC85","v":0}]
["None",0,0,1,0,0,0,null,null,null,null,null,"None",0,0,1,0,0,0,null,null,null,null,null,"None",0,0,1,0,0,0]
["None",0,0,1,0,0,0,null,"S","Ca","Mg",null,"None",0,0,1,0,0,0,null,"S","Ca","Mg",null,"None",0,0,1,0,0,0,null,"S","Ca","Mg"]
["None",0,0,1,0,0,0,null,{"$f":"VLOOKUP(A74,Macronutrients,5,FALSE)*E74+VLOOKUP(A75,Macronutrients,5,FALSE)*E75+VLOOKUP(A76,Macronutrients,5,FALSE)*E76+VLOOKUP(A77,Macronutrients,5,FALSE)*E77+VLOOKUP(A78,Macronutrients,5,FALSE)*E78+VLOOKUP(A79,Macronutrients,5,FALSE)*E79+VLOOKUP(A82,Micronutrients,5,FALSE)*E82+VLOOKUP(A83,Micronutrients,5,FALSE)*E83+VLOOKUP(A84,Micronutrients,5,FALSE)*E84+VLOOKUP(A85,Micronutrients,5,FALSE)*E85","v":0},{"$f":"VLOOKUP(A74,Macronutrients,7,FALSE)*E74+VLOOKUP(A75,Macronutrients,7,FALSE)*E75+VLOOKUP(A76,Macronutrients,7,FALSE)*E76+VLOOKUP(A77,Macronutrients,7,FALSE)*E77+VLOOKUP(A78,Macronutrients,7,FALSE)*E78+VLOOKUP(A79,Macronutrients,7,FALSE)*E79+VLOOKUP(A82,Micronutrients,7,FALSE)*E82+VLOOKUP(A83,Micronutrients,7,FALSE)*E83+VLOOKUP(A84,Micronutrients,7,FALSE)*E84+VLOOKUP(A85,Micronutrients,7,FALSE)*E85","v":0},{"$f":"VLOOKUP($A74,Macronutrients,6,FALSE)*$E$6+VLOOKUP($A75,Macronutrients,6,FALSE)*$E$7+VLOOKUP($A76,Macronutrients,6,FALSE)*$E$8+VLOOKUP($A77,Macronutrients,6,FALSE)*$E$9+VLOOKUP($A78,Macronutrients,6,FALSE)*$E$10+VLOOKUP($A79,Macronutrients,6,FALSE)*$E$11+VLOOKUP($A82,Micronutrients,6,FALSE)*$E$14+VLOOKUP($A83,Micronutrients,6,FALSE)*E83+VLOOKUP($A84,Micronutrients,6,FALSE)*$E$16+VLOOKUP($A85,Micronutrients,6,FALSE)*$E$17","v":0},null,"None",0,0,1,0,0,0,null,{"$f":"VLOOKUP(M74,Macronutrients,5,FALSE)*Q74+VLOOKUP(M75,Macronutrients,5,FALSE)*Q75+VLOOKUP(M76,Macronutrients,5,FALSE)*Q76+VLOOKUP(M77,Macronutrients,5,FALSE)*Q77+VLOOKUP(M78,Macronutrients,5,FALSE)*Q78+VLOOKUP(M79,Macronutrients,5,FALSE)*Q79+VLOOKUP(M82,Micronutrients,5,FALSE)*Q82+VLOOKUP(M83,Micronutrients,5,FALSE)*Q83+VLOOKUP(M84,Micronutrients,5,FALSE)*Q84+VLOOKUP(M85,Micronutrients,5,FALSE)*Q85","v":0},{"$f":"VLOOKUP(M74,Macronutrients,7,FALSE)*Q74+VLOOKUP(M75,Macronutrients,7,FALSE)*Q75+VLOOKUP(M76,Macronutrients,7,FALSE)*Q76+VLOOKUP(M77,Macronutrients,7,FALSE)*Q77+VLOOKUP(M78,Macronutrients,7,FALSE)*Q78+VLOOKUP(M79,Macronutrients,7,FALSE)*Q79+VLOOKUP(M82,Micronutrients,7,FALSE)*Q82+VLOOKUP(M83,Micronutrients,7,FALSE)*Q83+VLOOKUP(M84,Micronutrients,7,FALSE)*Q84+VLOOKUP(M85,Micronutrients,7,FALSE)*Q85","v":0},{"$f":"VLOOKUP($A74,Macronutrients,6,FALSE)*$E$6+VLOOKUP($A75,Macronutrients,6,FALSE)*$E$7+VLOOKUP($A76,Macronutrients,6,FALSE)*$E$8+VLOOKUP($A77,Macronutrients,6,FALSE)*$E$9+VLOOKUP($A78,Macronutrients,6,FALSE)*$E$10+VLOOKUP($A79,Macronutrients,6,FALSE)*$E$11+VLOOKUP($A82,Micronutrients,6,FALSE)*$E$14+VLOOKUP($A83,Micronutrients,6,FALSE)*Q83+VLOOKUP($A84,Micronutrients,6,FALSE)*$E$16+VLOOKUP($A85,Micronutrients,6,FALSE)*$E$17","v":0},null,"None",0,0,1,0,0,0,null,{"$f":"VLOOKUP(Y74,Macronutrients,5,FALSE)*AC74+VLOOKUP(Y75,Macronutrients,5,FALSE)*AC75+VLOOKUP(Y76,Macronutrients,5,FALSE)*AC76+VLOOKUP(Y77,Macronutrients,5,FALSE)*AC77+VLOOKUP(Y78,Macronutrients,5,FALSE)*AC78+VLOOKUP(Y79,Macronutrients,5,FALSE)*AC79+VLOOKUP(Y82,Micronutrients,5,FALSE)*AC82+VLOOKUP(Y83,Micronutrients,5,FALSE)*AC83+VLOOKUP(Y84,Micronutrients,5,FALSE)*AC84+VLOOKUP(Y85,Micronutrients,5,FALSE)*AC85","v":0},{"$f":"VLOOKUP(Y74,Macronutrients,7,FALSE)*AC74+VLOOKUP(Y75,Macronutrients,7,FALSE)*AC75+VLOOKUP(Y76,Macronutrients,7,FALSE)*AC76+VLOOKUP(Y77,Macronutrients,7,FALSE)*AC77+VLOOKUP(Y78,Macronutrients,7,FALSE)*AC78+VLOOKUP(Y79,Macronutrients,7,FALSE)*AC79+VLOOKUP(Y82,Micronutrients,7,FALSE)*AC82+VLOOKUP(Y83,Micronutrients,7,FALSE)*AC83+VLOOKUP(Y84,Micronutrients,7,FALSE)*AC84+VLOOKUP(Y85,Micronutrients,7,FALSE)*AC85","v":0},{"$f":"VLOOKUP($A74,Macronutrients,6,FALSE)*$E$6+VLOOKUP($A75,Macronutrients,6,FALSE)*$E$7+VLOOKUP($A76,Macronutrients,6,FALSE)*$E$8+VLOOKUP($A77,Macronutrients,6,FALSE)*$E$9+VLOOKUP($A78,Macronutrients,6,FALSE)*$E$10+VLOOKUP($A79,Macronutrients,6,FALSE)*$E$11+VLOOKUP($A82,Micronutrients,6,FALSE)*$E$14+VLOOKUP($A83,Micronutrients,6,FALSE)*AC83+VLOOKUP($A84,Micronutrients,6,FALSE)*$E$16+VLOOKUP($A85,Micronutrients,6,FALSE)*$E$17","v":0}]
["None",0,0,1,0,0,0,null,null,null,null,null,"None",0,0,1,0,0,0,null,null,null,null,null,"None",0,0,1,0,0,0]
["None",0,0,1,0,0,0,null,"Z","B","Mn",null,"None",0,0,1,0,0,0,null,"Z","B","Mn",null,"None",0,0,1,0,0,0,null,"Z","B","Mn"]
[null,null,null,null,null,null,null,null,{"$f":"VLOOKUP(A74,Macronutrients,8,FALSE)*E74+VLOOKUP(A75,Macronutrients,8,FALSE)*E75+VLOOKUP(A76,Macronutrients,8,FALSE)*E76+VLOOKUP(A77,Macronutrients,8,FALSE)*E77+VLOOKUP(A78,Macronutrients,8,FALSE)*E78+VLOOKUP(A79,Macronutrients,8,FALSE)*E79+VLOOKUP(A82,Micronutrients,8,FALSE)*E82+VLOOKUP(A83,Micronutrients,8,FALSE)*E83+VLOOKUP(A84,Micronutrients,8,FALSE)*E84+VLOOKUP(A85,Micronutrients,8,FALSE)*E85","v":0},{"$f":"VLOOKUP(A74,Macronutrients,9,FALSE)*E74+VLOOKUP(A75,Macronutrients,9,FALSE)*E75+VLOOKUP(A76,Macronutrients,9,FALSE)*E76+VLOOKUP(A77,Macronutrients,9,FALSE)*E77+VLOOKUP(A78,Macronutrients,9,FALSE)*E78+VLOOKUP(A79,Macronutrients,9,FALSE)*E79+VLOOKUP(A82,Micronutrients,9,FALSE)*E82+VLOOKUP(A83,Micronutrients,9,FALSE)*E83+VLOOKUP(A84,Micronutrients,9,FALSE)*E84+VLOOKUP(A85,Micronutrients,9,FALSE)*E85","v":0},{"$f":"VLOOKUP(A74,Macronutrients,10,FALSE)*E74+VLOOKUP(A75,Macronutrients,10,FALSE)*E75+VLOOKUP(A76,Macronutrients,10,FALSE)*E76+VLOOKUP(A77,Macronutrients,10,FALSE)*E77+VLOOKUP(A78,Macronutrients,10,FALSE)*E78+VLOOKUP(A79,Macronutrients,10,FALSE)*E79+VLOOKUP(A82,Micronutrients,10,FALSE)*E82+VLOOKUP(A83,Micronutrients,10,FALSE)*E83+VLOOKUP(A84,Micronutrients,10,FALSE)*E84+VLOOKUP(A85,Micronutrients,10,FALSE)*E85","v":0},null,null,null,null,null,null,null,null,null,{"$f":"VLOOKUP(M74,Macronutrients,8,FALSE)*Q74+VLOOKUP(M75,Macronutrients,8,FALSE)*Q75+VLOOKUP(M76,Macronutrients,8,FALSE)*Q76+VLOOKUP(M77,Macronutrients,8,FALSE)*Q77+VLOOKUP(M78,Macronutrients,8,FALSE)*Q78+VLOOKUP(M79,Macronutrients,8,FALSE)*Q79+VLOOKUP(M82,Micronutrients,8,FALSE)*Q82+VLOOKUP(M83,Micronutrients,8,FALSE)*Q83+VLOOKUP(M84,Micronutrients,8,FALSE)*Q84+VLOOKUP(M85,Micronutrients,8,FALSE)*Q85","v":0},{"$f":"VLOOKUP(M74,Macronutrients,9,FALSE)*Q74+VLOOKUP(M75,Macronutrients,9,FALSE)*Q75+VLOOKUP(M76,Macronutrients,9,FALSE)*Q76+VLOOKUP(M77,Macronutrients,9,FALSE)*Q77+VLOOKUP(M78,Macronutrients,9,FALSE)*Q78+VLOOKUP(M79,Macronutrients,9,FALSE)*Q79+VLOOKUP(M82,Micronutrients,9,FALSE)*Q82+VLOOKUP(M83,Micronutrients,9,FALSE)*Q83+VLOOKUP(M84,Micronutrients,9,FALSE)*Q84+VLOOKUP(M85,Micronutrients,9,FALSE)*Q85","v":0},{"$f":"VLOOKUP(M74,Macronutrients,10,FALSE)*Q74+VLOOKUP(M75,Macronutrients,10,FALSE)*Q75+VLOOKUP(M76,Macronutrients,10,FALSE)*Q76+VLOOKUP(M77,Macronutrients,10,FALSE)*Q77+VLOOKUP(M78,Macronutrients,10,FALSE)*Q78+VLOOKUP(M79,Macronutrients,10,FALSE)*Q79+VLOOKUP(M82,Micronutrients,10,FALSE)*Q82+VLOOKUP(M83,Micronutrients,10,FALSE)*Q83+VLOOKUP(M84,Micronutrients,10,FALSE)*Q84+VLOOKUP(M85,Micronutrients,10,FALSE)*Q85","v":0},null,null,null,null,null,null,null,null,null,{"$f":"VLOOKUP(Y74,Macronutrients,8,FALSE)*AC74+VLOOKUP(Y75,Macronutrients,8,FALSE)*AC75+VLOOKUP(Y76,Macronutrients,8,FALSE)*AC76+VLOOKUP(Y77,Macronutrients,8,FALSE)*AC77+VLOOKUP(Y78,Macronutrients,8,FALSE)*AC78+VLOOKUP(Y79,Macronutrients,8,FALSE)*AC79+VLOOKUP(Y82,Micronutrients,8,FALSE)*AC82+VLOOKUP(Y83,Micronutrients,8,FALSE)*AC83+VLOOKUP(Y84,Micronutrients,8,FALSE)*AC84+VLOOKUP(Y85,Micronutrients,8,FALSE)*AC85","v":0},{"$f":"VLOOKUP(Y74,Macronutrients,9,FALSE)*AC74+VLOOKUP(Y75,Macronutrients,9,FALSE)*AC75+VLOOKUP(Y76,Macronutrients,9,FALSE)*AC76+VLOOKUP(Y77,Macronutrients,9,FALSE)*AC77+VLOOKUP(Y78,Macronutrients,9,FALSE)*AC78+VLOOKUP(Y79,Macronutrients,9,FALSE)*AC79+VLOOKUP(Y82,Micronutrients,9,FALSE)*AC82+VLOOKUP(Y83,Micronutrients,9,FALSE)*AC83+VLOOKUP(Y84,Micronutrients,9,FALSE)*AC84+VLOOKUP(Y85,Micronutrients,9,FALSE)*AC85","v":0},{"$f":"VLOOKUP(Y74,Macronutrients,10,FALSE)*AC74+VLOOKUP(Y75,Macronutrients,10,FALSE)*AC75+VLOOKUP(Y76,Macronutrients,10,FALSE)*AC76+VLOOKUP(Y77,Macronutrients,10,FALSE)*AC77+VLOOKUP(Y78,Macronutrients,10,FALSE)*AC78+VLOOKUP(Y79,Macronutrients,10,FALSE)*AC79+VLOOKUP(Y82,Micronutrients,10,FALSE)*AC82+VLOOKUP(Y83,Micronutrients,10,FALSE)*AC83+VLOOKUP(Y84,Micronutrients,10,FALSE)*AC84+VLOOKUP(Y85,Micronutrients,10,FALSE)*AC85","v":0}]
["Micronutrients (drop down menu)",null,null,null,null,null,null,null,null,null,null,null,"Micronutrients (drop down menu)",null,null,null,null,null,null,null,null,null,null,null,"Micronutrients (drop down menu)"]
["None",{"$f":"VLOOKUP($A82,Micronutrients,14,FALSE)","v":0},{"$f":"VLOOKUP(A82,Micronutrients,18,FALSE)","v":0},{"$f":"VLOOKUP(A82,Micronutrients,16,FALSE)","v":1},0,{"$f":"VLOOKUP(A82,Micronutrients,15,FALSE)","v":0},{"$f":"(E82*VLOOKUP(A82,Micronutrients,14,FALSE)/D82)*C82","v":0},null,"Cu","Mo","Fe",null,"None",{"$f":"VLOOKUP($M82,Micronutrients,14,FALSE)","v":0},{"$f":"VLOOKUP(M82,Micronutrients,18,FALSE)","v":0},{"$f":"VLOOKUP(M82,Micronutrients,16,FALSE)","v":1},0,{"$f":"VLOOKUP(M82,Micronutrients,15,FALSE)","v":0},{"$f":"(Q82*VLOOKUP(M82,Micronutrients,14,FALSE)/P82)*O82","v":0},null,"Cu","Mo","Fe",null,"None",{"$f":"VLOOKUP(Y82,Micronutrients,14,FALSE)","v":0},{"$f":"VLOOKUP(Y82,Micronutrients,18,FALSE)","v":0},{"$f":"VLOOKUP(Y82,Micronutrients,16,FALSE)","v":1},0,{"$f":"VLOOKUP(Y82,Micronutrients,15,FALSE)","v":0},{"$f":"(AC82*VLOOKUP(Y82,Micronutrients,14,FALSE)/AB82)*AA82","v":0},null,"Cu","Mo","Fe"]
["None",{"$f":"VLOOKUP($A83,Micronutrients,14,FALSE)","v":0},{"$f":"VLOOKUP(A83,Micronutrients,18,FALSE)","v":0},{"$f":"VLOOKUP(A83,Micronutrients,16,FALSE)","v":1},0,{"$f":"VLOOKUP(A83,Micronutrients,15,FALSE)","v":0},{"$f":"(E83*VLOOKUP(A83,Micronutrients,14,FALSE)/D83)*C83","v":0},null,{"$f":"VLOOKUP(A74,Macronutrients,11,FALSE)*E74+VLOOKUP(A75,Macronutrients,11,FALSE)*E75+VLOOKUP(A76,Macronutrients,11,FALSE)*E76+VLOOKUP(A77,Macronutrients,11,FALSE)*E77+VLOOKUP(A78,Macronutrients,11,FALSE)*E78+VLOOKUP(A79,Macronutrients,11,FALSE)*E79+VLOOKUP(A82,Micronutrients,11,FALSE)*E82+VLOOKUP(A83,Micronutrients,11,FALSE)*E83+VLOOKUP(A84,Micronutrients,11,FALSE)*E84+VLOOKUP(A85,Micronutrients,11,FALSE)*E85","v":0},{"$f":"VLOOKUP(A74,Macronutrients,12,FALSE)*E74+VLOOKUP(A75,Macronutrients,12,FALSE)*E75+VLOOKUP(A76,Macronutrients,12,FALSE)*E76+VLOOKUP(A77,Macronutrients,12,FALSE)*E77+VLOOKUP(A78,Macronutrients,12,FALSE)*E78+VLOOKUP(A79,Macronutrients,12,FALSE)*E79+VLOOKUP(A82,Micronutrients,12,FALSE)*E82+VLOOKUP(A83,Micronutrients,12,FALSE)*E83+VLOOKUP(A84,Micronutrients,12,FALSE)*E84+VLOOKUP(A85,Micronutrients,12,FALSE)*E85","v":0},{"$f":"VLOOKUP(A74,Macronutrients,13,FALSE)*E74+VLOOKUP(A75,Macronutrients,13,FALSE)*E75+VLOOKUP(A76,Macronutrients,13,FALSE)*E76+VLOOKUP(A77,Macronutrients,13,FALSE)*E77+VLOOKUP(A78,Macronutrients,13,FALSE)*E78+VLOOKUP(A79,Macronutrients,13,FALSE)*E79+VLOOKUP(A82,Micronutrients,13,FALSE)*E82+VLOOKUP(A83,Micronutrients,13,FALSE)*E83+VLOOKUP(A84,Micronutrients,13,FALSE)*E84+VLOOKUP(A85,Micronutrients,13,FALSE)*E85","v":0},null,"None",{"$f":"VLOOKUP($M83,Micronutrients,14,FALSE)","v":0},{"$f":"VLOOKUP(M83,Micronutrients,18,FALSE)","v":0},{"$f":"VLOOKUP(M83,Micronutrients,16,FALSE)","v":1},0,{"$f":"VLOOKUP(M83,Micronutrients,15,FALSE)","v":0},{"$f":"(Q83*VLOOKUP(M83,Micronutrients,14,FALSE)/P83)*O83","v":0},null,{"$f":"VLOOKUP(M74,Macronutrients,11,FALSE)*Q74+VLOOKUP(M75,Macronutrients,11,FALSE)*Q75+VLOOKUP(M76,Macronutrients,11,FALSE)*Q76+VLOOKUP(M77,Macronutrients,11,FALSE)*Q77+VLOOKUP(M78,Macronutrients,11,FALSE)*Q78+VLOOKUP(M79,Macronutrients,11,FALSE)*Q79+VLOOKUP(M82,Micronutrients,11,FALSE)*Q82+VLOOKUP(M83,Micronutrients,11,FALSE)*Q83+VLOOKUP(M84,Micronutrients,11,FALSE)*Q84+VLOOKUP(M85,Micronutrients,11,FALSE)*Q85","v":0},{"$f":"VLOOKUP(M74,Macronutrients,12,FALSE)*Q74+VLOOKUP(M75,Macronutrients,12,FALSE)*Q75+VLOOKUP(M76,Macronutrients,12,FALSE)*Q76+VLOOKUP(M77,Macronutrients,12,FALSE)*Q77+VLOOKUP(M78,Macronutrients,12,FALSE)*Q78+VLOOKUP(M79,Macronutrients,12,FALSE)*Q79+VLOOKUP(M82,Micronutrients,12,FALSE)*Q82+VLOOKUP(M83,Micronutrients,12,FALSE)*Q83+VLOOKUP(M84,Micronutrients,12,FALSE)*Q84+VLOOKUP(M85,Micronutrients,12,FALSE)*Q85","v":0},{"$f":"VLOOKUP(M74,Macronutrients,13,FALSE)*Q74+VLOOKUP(M75,Macronutrients,13,FALSE)*Q75+VLOOKUP(M76,Macronutrients,13,FALSE)*Q76+VLOOKUP(M77,Macronutrients,13,FALSE)*Q77+VLOOKUP(M78,Macronutrients,13,FALSE)*Q78+VLOOKUP(M79,Macronutrients,13,FALSE)*Q79+VLOOKUP(M82,Micronutrients,13,FALSE)*Q82+VLOOKUP(M83,Micronutrients,13,FALSE)*Q83+VLOOKUP(M84,Micronutrients,13,FALSE)*Q84+VLOOKUP(M85,Micronutrients,13,FALSE)*Q85","v":0},null,"None",{"$f":"VLOOKUP(Y83,Micronutrients,14,FALSE)","v":0},{"$f":"VLOOKUP(Y83,Micronutrients,18,FALSE)","v":0},{"$f":"VLOOKUP(Y83,Micronutrients,16,FALSE)","v":1},0,{"$f":"VLOOKUP(Y83,Micronutrients,15,FALSE)","v":0},{"$f":"(AC83*VLOOKUP(Y83,Micronutrients,14,FALSE)/AB83)*AA83","v":0},null,{"$f":"VLOOKUP(Y74,Macronutrients,11,FALSE)*AC74+VLOOKUP(Y75,Macronutrients,11,FALSE)*AC75+VLOOKUP(Y76,Macronutrients,11,FALSE)*AC76+VLOOKUP(Y77,Macronutrients,11,FALSE)*AC77+VLOOKUP(Y78,Macronutrients,11,FALSE)*AC78+VLOOKUP(Y79,Macronutrients,11,FALSE)*AC79+VLOOKUP(Y82,Micronutrients,11,FALSE)*AC82+VLOOKUP(Y83,Micronutrients,11,FALSE)*AC83+VLOOKUP(Y84,Micronutrients,11,FALSE)*AC84+VLOOKUP(Y85,Micronutrients,11,FALSE)*AC85","v":0},{"$f":"VLOOKUP(Y74,Macronutrients,12,FALSE)*AC74+VLOOKUP(Y75,Macronutrients,12,FALSE)*AC75+VLOOKUP(Y76,Macronutrients,12,FALSE)*AC76+VLOOKUP(Y77,Macronutrients,12,FALSE)*AC77+VLOOKUP(Y78,Macronutrients,12,FALSE)*AC78+VLOOKUP(Y79,Macronutrients,12,FALSE)*AC79+VLOOKUP(Y82,Micronutrients,12,FALSE)*AC82+VLOOKUP(Y83,Micronutrients,12,FALSE)*AC83+VLOOKUP(Y84,Micronutrients,12,FALSE)*AC84+VLOOKUP(Y85,Micronutrients,12,FALSE)*AC85","v":0},{"$f":"VLOOKUP(Y74,Macronutrients,13,FALSE)*AC74+VLOOKUP(Y75,Macronutrients,13,FALSE)*AC75+VLOOKUP(Y76,Macronutrients,13,FALSE)*AC76+VLOOKUP(Y77,Macronutrients,13,FALSE)*AC77+VLOOKUP(Y78,Macronutrients,13,FALSE)*AC78+VLOOKUP(Y79,Macronutrients,13,FALSE)*AC79+VLOOKUP(Y82,Micronutrients,13,FALSE)*AC82+VLOOKUP(Y83,Micronutrients,13,FALSE)*AC83+VLOOKUP(Y84,Micronutrients,13,FALSE)*AC84+VLOOKUP(Y85,Micronutrients,13,FALSE)*AC85","v":0}]
["None",{"$f":"VLOOKUP($A84,Micronutrients,14,FALSE)","v":0},{"$f":"VLOOKUP(A84,Micronutrients,18,FALSE)","v":0},{"$f":"VLOOKUP(A84,Micronutrients,16,FALSE)","v":1},0,{"$f":"VLOOKUP(A84,Micronutrients,15,FALSE)","v":0},{"$f":"(E84*VLOOKUP(A84,Micronutrients,14,FALSE)/D84)*C84","v":0},null,null,null,null,null,"None",{"$f":"VLOOKUP($M84,Micronutrients,14,FALSE)","v":0},{"$f":"VLOOKUP(M84,Micronutrients,18,FALSE)","v":0},{"$f":"VLOOKUP(M84,Micronutrients,16,FALSE)","v":1},0,{"$f":"VLOOKUP(M84,Micronutrients,15,FALSE)","v":0},{"$f":"(Q84*VLOOKUP(M84,Micronutrients,14,FALSE)/P84)*O84","v":0},null,null,null,null,null,"None",{"$f":"VLOOKUP(Y84,Micronutrients,14,FALSE)","v":0},{"$f":"VLOOKUP(Y84,Micronutrients,18,FALSE)","v":0},{"$f":"VLOOKUP(Y84,Micronutrients,16,FALSE)","v":1},0,{"$f":"VLOOKUP(Y84,Micronutrients,15,FALSE)","v":0},{"$f":"(AC84*VLOOKUP(Y84,Micronutrients,14,FALSE)/AB84)*AA84","v":0}]
["None",{"$f":"VLOOKUP($A85,Micronutrients,14,FALSE)","v":0},{"$f":"VLOOKUP(A85,Micronutrients,18,FALSE)","v":0},{"$f":"VLOOKUP(A85,Micronutrients,16,FALSE)","v":1},0,{"$f":"VLOOKUP(A85,Micronutrients,15,FALSE)","v":0},{"$f":"(E85*VLOOKUP(A85,Micronutrients,14,FALSE)/D85)*C85","v":0},null,null,null,null,null,"None",{"$f":"VLOOKUP($M85,Micronutrients,14,FALSE)","v":0},{"$f":"VLOOKUP(M85,Micronutrients,18,FALSE)","v":0},{"$f":"VLOOKUP(M85,Micronutrients,16,FALSE)","v":1},0,{"$f":"VLOOKUP(M85,Micronutrients,15,FALSE)","v":0},{"$f":"(Q85*VLOOKUP(M85,Micronutrients,14,FALSE)/P85)*O85","v":0},null,null,null,null,null,"None",{"$f":"VLOOKUP(Y85,Micronutrients,14,FALSE)","v":0},{"$f":"VLOOKUP(Y85,Micronutrients,18,FALSE)","v":0},{"$f":"VLOOKUP(Y85,Micronutrients,16,FALSE)","v":1},0,{"$f":"VLOOKUP(Y85,Micronutrients,15,FALSE)","v":0},{"$f":"(AC85*VLOOKUP(Y85,Micronutrients,14,FALSE)/AB85)*AA85","v":0}]
[]
["Nitrogen Stabilizers (drop down menu)",null,null,null,null,null,null,null,null,null,null,null,"Nitrogen Stabilizers (drop down menu)",null,null,null,null,null,null,null,null,null,null,null,"Nitrogen Stabilizers (drop down menu)"]
["None",{"$f":"VLOOKUP(A88,NitrogenStabilizers,14,FALSE)","v":0},{"$f":"VLOOKUP(A88,NitrogenStabilizers,18,FALSE)","v":0},{"$f":"VLOOKUP(A88,NitrogenStabilizers,16,FALSE)","v":1},0,{"$f":"VLOOKUP(A88,NitrogenStabilizers,15,FALSE)","v":0},{"$f":"(E88*VLOOKUP(A88,NitrogenStabilizers,14,FALSE)/D88)*C88","v":0},null,null,null,null,null,"None",{"$f":"VLOOKUP(M88,NitrogenStabilizers,14,FALSE)","v":0},{"$f":"VLOOKUP(M88,NitrogenStabilizers,18,FALSE)","v":0},{"$f":"VLOOKUP(M88,NitrogenStabilizers,16,FALSE)","v":1},0,{"$f":"VLOOKUP(M88,NitrogenStabilizers,15,FALSE)","v":0},{"$f":"(Q88*VLOOKUP(M88,NitrogenStabilizers,14,FALSE)/P88)*O88","v":0},null,null,null,null,null,"None",{"$f":"VLOOKUP(Y88,NitrogenStabilizers,14,FALSE)","v":0},{"$f":"VLOOKUP(Y88,NitrogenStabilizers,18,FALSE)","v":0},{"$f":"VLOOKUP(Y88,NitrogenStabilizers,16,FALSE)","v":1},0,{"$f":"VLOOKUP(Y88,NitrogenStabilizers,15,FALSE)","v":0},{"$f":"(AC88*VLOOKUP(Y88,NitrogenStabilizers,14,FALSE)/AB88)*AA88","v":0}]
["None",{"$f":"VLOOKUP(A89,NitrogenStabilizers,14,FALSE)","v":0},{"$f":"VLOOKUP(A89,NitrogenStabilizers,18,FALSE)","v":0},{"$f":"VLOOKUP(A89,NitrogenStabilizers,16,FALSE)","v":1},0,{"$f":"VLOOKUP(A89,NitrogenStabilizers,15,FALSE)","v":0},{"$f":"(E89*VLOOKUP(A89,NitrogenStabilizers,14,FALSE)/D89)*C89","v":0},null,null,null,"More",null,"None",{"$f":"VLOOKUP(M89,NitrogenStabilizers,14,FALSE)","v":0},{"$f":"VLOOKUP(M89,NitrogenStabilizers,18,FALSE)","v":0},{"$f":"VLOOKUP(M89,NitrogenStabilizers,16,FALSE)","v":1},0,{"$f":"VLOOKUP(M89,NitrogenStabilizers,15,FALSE)","v":0},{"$f":"(Q89*VLOOKUP(M89,NitrogenStabilizers,14,FALSE)/P89)*O89","v":0},null,null,null,"More",null,"None",{"$f":"VLOOKUP(Y89,NitrogenStabilizers,14,FALSE)","v":0},{"$f":"VLOOKUP(Y89,NitrogenStabilizers,18,FALSE)","v":0},{"$f":"VLOOKUP(Y89,NitrogenStabilizers,16,FALSE)","v":1},0,{"$f":"VLOOKUP(Y89,NitrogenStabilizers,15,FALSE)","v":0},{"$f":"(AC89*VLOOKUP(Y89,NitrogenStabilizers,14,FALSE)/AB89)*AA89","v":0},null,null,null,"More"]
["4th Application Fertilizer Cost/Acre",null,null,null,null,null,{"$f":"SUM(G74:G89)","v":0},null,null,null,"Below",null,"4th Application Fertilizer Cost/Acre",null,null,null,null,null,{"$f":"SUM(S74:S89)","v":0},null,null,null,"Below",null,"4th Application Fertilizer Cost/Acre",null,null,null,null,null,{"$f":"SUM(AE74:AE89)","v":0},null,null,null,"Below"]
[null,null,null,null,null,null,null,null,null,null,"¯",null,null,null,null,null,null,null,null,null,null,null,"¯",null,null,null,null,null,null,null,null,null,null,null,"¯"]
["Total Fertilizer Cost/Acre",null,null,null,null,null,{"$f":"G90+G69+G48","v":0},null,null,null,null,null,"Total Fertilizer Cost/Acre",null,null,null,null,null,{"$f":"S90+S69+S48","v":0},null,null,null,null,null,"Total Fertilizer Cost/Acre",null,null,null,null,null,{"$f":"AE90+AE69+AE48","v":0}]
[]
["5th Application (i.e., Side-Dress or Broadcast)",null,null,null,null,null,null,null,null,null,null,null,"5th Application (i.e., Side-Dress or Broadcast)",null,null,null,null,null,null,null,null,null,null,null,"5th Application (i.e., Side-Dress or Broadcast)"]
["Fertilizer Source","Purchase Units","Package Price (Gals, Lbs, etc.)","Units/Pkg","Rate/Acre","Units","Cost",null,null,null,null,null,"Fertilizer Source","Purchase Units","Package Price (Gals, Lbs, etc.)","Units/Pkg","Rate/Acre","Units","Cost",null,null,null,null,null,"Fertilizer Source","Purchase Units","Package Price (Gals, Lbs, etc.)","Units/Pkg","Rate/Acre","Units","Cost"]
["Macronutrients (drop down menu)",null,null,null,"(Enter Below)",null,null,null,"N","P","K",null,"Macronutrients (drop down menu)",null,null,null,"(Enter Below)",null,null,null,"N","P","K",null,"Macronutrients (drop down menu)",null,null,null,"(Enter Below)",null,null,null,"N","P","K"]
["None",{"$f":"VLOOKUP(A97,Macronutrients,14,FALSE)","v":0},{"$f":"VLOOKUP(A97,Macronutrients,18,FALSE)","v":0},{"$f":"VLOOKUP(A97,Macronutrients,16,FALSE)","v":1},0,{"$f":"VLOOKUP(A97,Macronutrients,15,FALSE)","v":0},{"$f":"(E97*VLOOKUP(A97,Macronutrients,14,FALSE)/D97)*C97","v":0},null,{"$f":"VLOOKUP(A97,Macronutrients,2,FALSE)*E97+VLOOKUP(A98,Macronutrients,2,FALSE)*E98+VLOOKUP(A99,Macronutrients,2,FALSE)*E99+VLOOKUP(A100,Macronutrients,2,FALSE)*E100+VLOOKUP(A101,Macronutrients,2,FALSE)*E101+VLOOKUP(A102,Macronutrients,2,FALSE)*E102+VLOOKUP(A105,Micronutrients,2,FALSE)*E105+VLOOKUP(A106,Micronutrients,2,FALSE)*E106+VLOOKUP(A107,Micronutrients,2,FALSE)*E107+VLOOKUP(A108,Micronutrients,2,FALSE)*E108","v":0},{"$f":"VLOOKUP(A97,Macronutrients,3,FALSE)*E97+VLOOKUP(A98,Macronutrients,3,FALSE)*E98+VLOOKUP(A99,Macronutrients,3,FALSE)*E99+VLOOKUP(A100,Macronutrients,3,FALSE)*E100+VLOOKUP(A101,Macronutrients,3,FALSE)*E101+VLOOKUP(A102,Macronutrients,3,FALSE)*E102+VLOOKUP(A105,Micronutrients,3,FALSE)*E105+VLOOKUP(A106,Micronutrients,3,FALSE)*E106+VLOOKUP(A107,Micronutrients,3,FALSE)*E107+VLOOKUP(A108,Micronutrients,3,FALSE)*E108","v":0},{"$f":"VLOOKUP(A97,Macronutrients,4,FALSE)*E97+VLOOKUP(A98,Macronutrients,4,FALSE)*E98+VLOOKUP(A99,Macronutrients,4,FALSE)*E99+VLOOKUP(A100,Macronutrients,4,FALSE)*E100+VLOOKUP(A101,Macronutrients,4,FALSE)*E101+VLOOKUP(A102,Macronutrients,4,FALSE)*E102+VLOOKUP(A105,Micronutrients,4,FALSE)*E105+VLOOKUP(A106,Micronutrients,4,FALSE)*E106+VLOOKUP(A107,Micronutrients,4,FALSE)*E107+VLOOKUP(A108,Micronutrients,4,FALSE)*E108","v":0},null,"None",{"$f":"VLOOKUP(M97,Macronutrients,14,FALSE)","v":0},{"$f":"VLOOKUP(M97,Macronutrients,18,FALSE)","v":0},{"$f":"VLOOKUP(M97,Macronutrients,16,FALSE)","v":1},0,{"$f":"VLOOKUP(M97,Macronutrients,15,FALSE)","v":0},{"$f":"(Q97*VLOOKUP(M97,Macronutrients,14,FALSE)/P97)*O97","v":0},null,{"$f":"VLOOKUP(M97,Macronutrients,2,FALSE)*Q97+VLOOKUP(M98,Macronutrients,2,FALSE)*Q98+VLOOKUP(M99,Macronutrients,2,FALSE)*Q99+VLOOKUP(M100,Macronutrients,2,FALSE)*Q100+VLOOKUP(M101,Macronutrients,2,FALSE)*Q101+VLOOKUP(M102,Macronutrients,2,FALSE)*Q102+VLOOKUP(M105,Micronutrients,2,FALSE)*Q105+VLOOKUP(M106,Micronutrients,2,FALSE)*Q106+VLOOKUP(M107,Micronutrients,2,FALSE)*Q107+VLOOKUP(M108,Micronutrients,2,FALSE)*Q108","v":0},{"$f":"VLOOKUP(M97,Macronutrients,3,FALSE)*Q97+VLOOKUP(M98,Macronutrients,3,FALSE)*Q98+VLOOKUP(M99,Macronutrients,3,FALSE)*Q99+VLOOKUP(M100,Macronutrients,3,FALSE)*Q100+VLOOKUP(M101,Macronutrients,3,FALSE)*Q101+VLOOKUP(M102,Macronutrients,3,FALSE)*Q102+VLOOKUP(M105,Micronutrients,3,FALSE)*Q105+VLOOKUP(M106,Micronutrients,3,FALSE)*Q106+VLOOKUP(M107,Micronutrients,3,FALSE)*Q107+VLOOKUP(M108,Micronutrients,3,FALSE)*Q108","v":0},{"$f":"VLOOKUP(M97,Macronutrients,4,FALSE)*Q97+VLOOKUP(M98,Macronutrients,4,FALSE)*Q98+VLOOKUP(M99,Macronutrients,4,FALSE)*Q99+VLOOKUP(M100,Macronutrients,4,FALSE)*Q100+VLOOKUP(M101,Macronutrients,4,FALSE)*Q101+VLOOKUP(M102,Macronutrients,4,FALSE)*Q102+VLOOKUP(M105,Micronutrients,4,FALSE)*Q105+VLOOKUP(M106,Micronutrients,4,FALSE)*Q106+VLOOKUP(M107,Micronutrients,4,FALSE)*Q107+VLOOKUP(M108,Micronutrients,4,FALSE)*Q108","v":0},null,"None",{"$f":"VLOOKUP(Y97,Macronutrients,14,FALSE)","v":0},{"$f":"VLOOKUP(Y97,Macronutrients,18,FALSE)","v":0},{"$f":"VLOOKUP(Y97,Macronutrients,16,FALSE)","v":1},0,{"$f":"VLOOKUP(Y97,Macronutrients,15,FALSE)","v":0},{"$f":"(AC97*VLOOKUP(Y97,Macronutrients,14,FALSE)/AB97)*AA97","v":0},null,{"$f":"VLOOKUP(Y97,Macronutrients,2,FALSE)*AC97+VLOOKUP(Y98,Macronutrients,2,FALSE)*AC98+VLOOKUP(Y99,Macronutrients,2,FALSE)*AC99+VLOOKUP(Y100,Macronutrients,2,FALSE)*AC100+VLOOKUP(Y101,Macronutrients,2,FALSE)*AC101+VLOOKUP(Y102,Macronutrients,2,FALSE)*AC102+VLOOKUP(Y105,Micronutrients,2,FALSE)*AC105+VLOOKUP(Y106,Micronutrients,2,FALSE)*AC106+VLOOKUP(Y107,Micronutrients,2,FALSE)*AC107+VLOOKUP(Y108,Micronutrients,2,FALSE)*AC108","v":0},{"$f":"VLOOKUP(Y97,Macronutrients,3,FALSE)*AC97+VLOOKUP(Y98,Macronutrients,3,FALSE)*AC98+VLOOKUP(Y99,Macronutrients,3,FALSE)*AC99+VLOOKUP(Y100,Macronutrients,3,FALSE)*AC100+VLOOKUP(Y101,Macronutrients,3,FALSE)*AC101+VLOOKUP(Y102,Macronutrients,3,FALSE)*AC102+VLOOKUP(Y105,Micronutrients,3,FALSE)*AC105+VLOOKUP(Y106,Micronutrients,3,FALSE)*AC106+VLOOKUP(Y107,Micronutrients,3,FALSE)*AC107+VLOOKUP(Y108,Micronutrients,3,FALSE)*AC108","v":0},{"$f":"VLOOKUP(Y97,Macronutrients,4,FALSE)*AC97+VLOOKUP(Y98,Macronutrients,4,FALSE)*AC98+VLOOKUP(Y99,Macronutrients,4,FALSE)*AC99+VLOOKUP(Y100,Macronutrients,4,FALSE)*AC100+VLOOKUP(Y101,Macronutrients,4,FALSE)*AC101+VLOOKUP(Y102,Macronutrients,4,FALSE)*AC102+VLOOKUP(Y105,Micronutrients,4,FALSE)*AC105+VLOOKUP(Y106,Micronutrients,4,FALSE)*AC106+VLOOKUP(Y107,Micronutrients,4,FALSE)*AC107+VLOOKUP(Y108,Micronutrients,4,FALSE)*AC108","v":0}]
["None",0,0,1,0,0,0,null,null,null,null,null,"None",0,0,1,0,0,0,null,null,null,null,null,"None",0,0,1,0,0,0]
["None",0,0,1,0,0,0,null,"S","Ca","Mg",null,"None",0,0,1,0,0,0,null,"S","Ca","Mg",null,"None",0,0,1,0,0,0,null,"S","Ca","Mg"]
["None",0,0,1,0,0,0,null,{"$f":"VLOOKUP(A97,Macronutrients,5,FALSE)*E97+VLOOKUP(A98,Macronutrients,5,FALSE)*E98+VLOOKUP(A99,Macronutrients,5,FALSE)*E99+VLOOKUP(A100,Macronutrients,5,FALSE)*E100+VLOOKUP(A101,Macronutrients,5,FALSE)*E101+VLOOKUP(A102,Macronutrients,5,FALSE)*E102+VLOOKUP(A105,Micronutrients,5,FALSE)*E105+VLOOKUP(A106,Micronutrients,5,FALSE)*E106+VLOOKUP(A107,Micronutrients,5,FALSE)*E107+VLOOKUP(A108,Micronutrients,5,FALSE)*E108","v":0},{"$f":"VLOOKUP(A97,Macronutrients,7,FALSE)*E97+VLOOKUP(A98,Macronutrients,7,FALSE)*E98+VLOOKUP(A99,Macronutrients,7,FALSE)*E99+VLOOKUP(A100,Macronutrients,7,FALSE)*E100+VLOOKUP(A101,Macronutrients,7,FALSE)*E101+VLOOKUP(A102,Macronutrients,7,FALSE)*E102+VLOOKUP(A105,Micronutrients,7,FALSE)*E105+VLOOKUP(A106,Micronutrients,7,FALSE)*E106+VLOOKUP(A107,Micronutrients,7,FALSE)*E107+VLOOKUP(A108,Micronutrients,7,FALSE)*E108","v":0},{"$f":"VLOOKUP($A97,Macronutrients,6,FALSE)*$E$6+VLOOKUP($A98,Macronutrients,6,FALSE)*$E$7+VLOOKUP($A99,Macronutrients,6,FALSE)*$E$8+VLOOKUP($A100,Macronutrients,6,FALSE)*$E$9+VLOOKUP($A101,Macronutrients,6,FALSE)*$E$10+VLOOKUP($A102,Macronutrients,6,FALSE)*$E$11+VLOOKUP($A105,Micronutrients,6,FALSE)*$E$14+VLOOKUP($A106,Micronutrients,6,FALSE)*E106+VLOOKUP($A107,Micronutrients,6,FALSE)*$E$16+VLOOKUP($A108,Micronutrients,6,FALSE)*$E$17","v":0},null,"None",0,0,1,0,0,0,null,{"$f":"VLOOKUP(M97,Macronutrients,5,FALSE)*Q97+VLOOKUP(M98,Macronutrients,5,FALSE)*Q98+VLOOKUP(M99,Macronutrients,5,FALSE)*Q99+VLOOKUP(M100,Macronutrients,5,FALSE)*Q100+VLOOKUP(M101,Macronutrients,5,FALSE)*Q101+VLOOKUP(M102,Macronutrients,5,FALSE)*Q102+VLOOKUP(M105,Micronutrients,5,FALSE)*Q105+VLOOKUP(M106,Micronutrients,5,FALSE)*Q106+VLOOKUP(M107,Micronutrients,5,FALSE)*Q107+VLOOKUP(M108,Micronutrients,5,FALSE)*Q108","v":0},{"$f":"VLOOKUP(M97,Macronutrients,7,FALSE)*Q97+VLOOKUP(M98,Macronutrients,7,FALSE)*Q98+VLOOKUP(M99,Macronutrients,7,FALSE)*Q99+VLOOKUP(M100,Macronutrients,7,FALSE)*Q100+VLOOKUP(M101,Macronutrients,7,FALSE)*Q101+VLOOKUP(M102,Macronutrients,7,FALSE)*Q102+VLOOKUP(M105,Micronutrients,7,FALSE)*Q105+VLOOKUP(M106,Micronutrients,7,FALSE)*Q106+VLOOKUP(M107,Micronutrients,7,FALSE)*Q107+VLOOKUP(M108,Micronutrients,7,FALSE)*Q108","v":0},{"$f":"VLOOKUP($A97,Macronutrients,6,FALSE)*$E$6+VLOOKUP($A98,Macronutrients,6,FALSE)*$E$7+VLOOKUP($A99,Macronutrients,6,FALSE)*$E$8+VLOOKUP($A100,Macronutrients,6,FALSE)*$E$9+VLOOKUP($A101,Macronutrients,6,FALSE)*$E$10+VLOOKUP($A102,Macronutrients,6,FALSE)*$E$11+VLOOKUP($A105,Micronutrients,6,FALSE)*$E$14+VLOOKUP($A106,Micronutrients,6,FALSE)*Q106+VLOOKUP($A107,Micronutrients,6,FALSE)*$E$16+VLOOKUP($A108,Micronutrients,6,FALSE)*$E$17","v":0},null,"None",0,0,1,0,0,0,null,{"$f":"VLOOKUP(Y97,Macronutrients,5,FALSE)*AC97+VLOOKUP(Y98,Macronutrients,5,FALSE)*AC98+VLOOKUP(Y99,Macronutrients,5,FALSE)*AC99+VLOOKUP(Y100,Macronutrients,5,FALSE)*AC100+VLOOKUP(Y101,Macronutrients,5,FALSE)*AC101+VLOOKUP(Y102,Macronutrients,5,FALSE)*AC102+VLOOKUP(Y105,Micronutrients,5,FALSE)*AC105+VLOOKUP(Y106,Micronutrients,5,FALSE)*AC106+VLOOKUP(Y107,Micronutrients,5,FALSE)*AC107+VLOOKUP(Y108,Micronutrients,5,FALSE)*AC108","v":0},{"$f":"VLOOKUP(Y97,Macronutrients,7,FALSE)*AC97+VLOOKUP(Y98,Macronutrients,7,FALSE)*AC98+VLOOKUP(Y99,Macronutrients,7,FALSE)*AC99+VLOOKUP(Y100,Macronutrients,7,FALSE)*AC100+VLOOKUP(Y101,Macronutrients,7,FALSE)*AC101+VLOOKUP(Y102,Macronutrients,7,FALSE)*AC102+VLOOKUP(Y105,Micronutrients,7,FALSE)*AC105+VLOOKUP(Y106,Micronutrients,7,FALSE)*AC106+VLOOKUP(Y107,Micronutrients,7,FALSE)*AC107+VLOOKUP(Y108,Micronutrients,7,FALSE)*AC108","v":0},{"$f":"VLOOKUP($A97,Macronutrients,6,FALSE)*$E$6+VLOOKUP($A98,Macronutrients,6,FALSE)*$E$7+VLOOKUP($A99,Macronutrients,6,FALSE)*$E$8+VLOOKUP($A100,Macronutrients,6,FALSE)*$E$9+VLOOKUP($A101,Macronutrients,6,FALSE)*$E$10+VLOOKUP($A102,Macronutrients,6,FALSE)*$E$11+VLOOKUP($A105,Micronutrients,6,FALSE)*$E$14+VLOOKUP($A106,Micronutrients,6,FALSE)*AC106+VLOOKUP($A107,Micronutrients,6,FALSE)*$E$16+VLOOKUP($A108,Micronutrients,6,FALSE)*$E$17","v":0}]
["None",0,0,1,0,0,0,null,null,null,null,null,"None",0,0,1,0,0,0,null,null,null,null,null,"None",0,0,1,0,0,0]
["None",0,0,1,0,0,0,null,"Z","B","Mn",null,"None",0,0,1,0,0,0,null,"Z","B","Mn",null,"None",0,0,1,0,0,0,null,"Z","B","Mn"]
[null,null,null,null,null,null,null,null,{"$f":"VLOOKUP(A97,Macronutrients,8,FALSE)*E97+VLOOKUP(A98,Macronutrients,8,FALSE)*E98+VLOOKUP(A99,Macronutrients,8,FALSE)*E99+VLOOKUP(A100,Macronutrients,8,FALSE)*E100+VLOOKUP(A101,Macronutrients,8,FALSE)*E101+VLOOKUP(A102,Macronutrients,8,FALSE)*E102+VLOOKUP(A105,Micronutrients,8,FALSE)*E105+VLOOKUP(A106,Micronutrients,8,FALSE)*E106+VLOOKUP(A107,Micronutrients,8,FALSE)*E107+VLOOKUP(A108,Micronutrients,8,FALSE)*E108","v":0},{"$f":"VLOOKUP(A97,Macronutrients,9,FALSE)*E97+VLOOKUP(A98,Macronutrients,9,FALSE)*E98+VLOOKUP(A99,Macronutrients,9,FALSE)*E99+VLOOKUP(A100,Macronutrients,9,FALSE)*E100+VLOOKUP(A101,Macronutrients,9,FALSE)*E101+VLOOKUP(A102,Macronutrients,9,FALSE)*E102+VLOOKUP(A105,Micronutrients,9,FALSE)*E105+VLOOKUP(A106,Micronutrients,9,FALSE)*E106+VLOOKUP(A107,Micronutrients,9,FALSE)*E107+VLOOKUP(A108,Micronutrients,9,FALSE)*E108","v":0},{"$f":"VLOOKUP(A97,Macronutrients,10,FALSE)*E97+VLOOKUP(A98,Macronutrients,10,FALSE)*E98+VLOOKUP(A99,Macronutrients,10,FALSE)*E99+VLOOKUP(A100,Macronutrients,10,FALSE)*E100+VLOOKUP(A101,Macronutrients,10,FALSE)*E101+VLOOKUP(A102,Macronutrients,10,FALSE)*E102+VLOOKUP(A105,Micronutrients,10,FALSE)*E105+VLOOKUP(A106,Micronutrients,10,FALSE)*E106+VLOOKUP(A107,Micronutrients,10,FALSE)*E107+VLOOKUP(A108,Micronutrients,10,FALSE)*E108","v":0},null,null,null,null,null,null,null,null,null,{"$f":"VLOOKUP(M97,Macronutrients,8,FALSE)*Q97+VLOOKUP(M98,Macronutrients,8,FALSE)*Q98+VLOOKUP(M99,Macronutrients,8,FALSE)*Q99+VLOOKUP(M100,Macronutrients,8,FALSE)*Q100+VLOOKUP(M101,Macronutrients,8,FALSE)*Q101+VLOOKUP(M102,Macronutrients,8,FALSE)*Q102+VLOOKUP(M105,Micronutrients,8,FALSE)*Q105+VLOOKUP(M106,Micronutrients,8,FALSE)*Q106+VLOOKUP(M107,Micronutrients,8,FALSE)*Q107+VLOOKUP(M108,Micronutrients,8,FALSE)*Q108","v":0},{"$f":"VLOOKUP(M97,Macronutrients,9,FALSE)*Q97+VLOOKUP(M98,Macronutrients,9,FALSE)*Q98+VLOOKUP(M99,Macronutrients,9,FALSE)*Q99+VLOOKUP(M100,Macronutrients,9,FALSE)*Q100+VLOOKUP(M101,Macronutrients,9,FALSE)*Q101+VLOOKUP(M102,Macronutrients,9,FALSE)*Q102+VLOOKUP(M105,Micronutrients,9,FALSE)*Q105+VLOOKUP(M106,Micronutrients,9,FALSE)*Q106+VLOOKUP(M107,Micronutrients,9,FALSE)*Q107+VLOOKUP(M108,Micronutrients,9,FALSE)*Q108","v":0},{"$f":"VLOOKUP(M97,Macronutrients,10,FALSE)*Q97+VLOOKUP(M98,Macronutrients,10,FALSE)*Q98+VLOOKUP(M99,Macronutrients,10,FALSE)*Q99+VLOOKUP(M100,Macronutrients,10,FALSE)*Q100+VLOOKUP(M101,Macronutrients,10,FALSE)*Q101+VLOOKUP(M102,Macronutrients,10,FALSE)*Q102+VLOOKUP(M105,Micronutrients,10,FALSE)*Q105+VLOOKUP(M106,Micronutrients,10,FALSE)*Q106+VLOOKUP(M107,Micronutrients,10,FALSE)*Q107+VLOOKUP(M108,Micronutrients,10,FALSE)*Q108","v":0},null,null,null,null,null,null,null,null,null,{"$f":"VLOOKUP(Y97,Macronutrients,8,FALSE)*AC97+VLOOKUP(Y98,Macronutrients,8,FALSE)*AC98+VLOOKUP(Y99,Macronutrients,8,FALSE)*AC99+VLOOKUP(Y100,Macronutrients,8,FALSE)*AC100+VLOOKUP(Y101,Macronutrients,8,FALSE)*AC101+VLOOKUP(Y102,Macronutrients,8,FALSE)*AC102+VLOOKUP(Y105,Micronutrients,8,FALSE)*AC105+VLOOKUP(Y106,Micronutrients,8,FALSE)*AC106+VLOOKUP(Y107,Micronutrients,8,FALSE)*AC107+VLOOKUP(Y108,Micronutrients,8,FALSE)*AC108","v":0},{"$f":"VLOOKUP(Y97,Macronutrients,9,FALSE)*AC97+VLOOKUP(Y98,Macronutrients,9,FALSE)*AC98+VLOOKUP(Y99,Macronutrients,9,FALSE)*AC99+VLOOKUP(Y100,Macronutrients,9,FALSE)*AC100+VLOOKUP(Y101,Macronutrients,9,FALSE)*AC101+VLOOKUP(Y102,Macronutrients,9,FALSE)*AC102+VLOOKUP(Y105,Micronutrients,9,FALSE)*AC105+VLOOKUP(Y106,Micronutrients,9,FALSE)*AC106+VLOOKUP(Y107,Micronutrients,9,FALSE)*AC107+VLOOKUP(Y108,Micronutrients,9,FALSE)*AC108","v":0},{"$f":"VLOOKUP(Y97,Macronutrients,10,FALSE)*AC97+VLOOKUP(Y98,Macronutrients,10,FALSE)*AC98+VLOOKUP(Y99,Macronutrients,10,FALSE)*AC99+VLOOKUP(Y100,Macronutrients,10,FALSE)*AC100+VLOOKUP(Y101,Macronutrients,10,FALSE)*AC101+VLOOKUP(Y102,Macronutrients,10,FALSE)*AC102+VLOOKUP(Y105,Micronutrients,10,FALSE)*AC105+VLOOKUP(Y106,Micronutrients,10,FALSE)*AC106+VLOOKUP(Y107,Micronutrients,10,FALSE)*AC107+VLOOKUP(Y108,Micronutrients,10,FALSE)*AC108","v":0}]
["Micronutrients (drop down menu)",null,null,null,null,null,null,null,null,null,null,null,"Micronutrients (drop down menu)",null,null,null,null,null,null,null,null,null,null,null,"Micronutrients (drop down menu)"]
["None",{"$f":"VLOOKUP($A105,Micronutrients,14,FALSE)","v":0},{"$f":"VLOOKUP(A105,Micronutrients,18,FALSE)","v":0},{"$f":"VLOOKUP(A105,Micronutrients,16,FALSE)","v":1},0,{"$f":"VLOOKUP(A105,Micronutrients,15,FALSE)","v":0},{"$f":"(E105*VLOOKUP(A105,Micronutrients,14,FALSE)/D105)*C105","v":0},null,"Cu","Mo","Fe",null,"None",{"$f":"VLOOKUP($M105,Micronutrients,14,FALSE)","v":0},{"$f":"VLOOKUP(M105,Micronutrients,18,FALSE)","v":0},{"$f":"VLOOKUP(M105,Micronutrients,16,FALSE)","v":1},0,{"$f":"VLOOKUP(M105,Micronutrients,15,FALSE)","v":0},{"$f":"(Q105*VLOOKUP(M105,Micronutrients,14,FALSE)/P105)*O105","v":0},null,"Cu","Mo","Fe",null,"None",{"$f":"VLOOKUP(Y105,Micronutrients,14,FALSE)","v":0},{"$f":"VLOOKUP(Y105,Micronutrients,18,FALSE)","v":0},{"$f":"VLOOKUP(Y105,Micronutrients,16,FALSE)","v":1},0,{"$f":"VLOOKUP(Y105,Micronutrients,15,FALSE)","v":0},{"$f":"(AC105*VLOOKUP(Y105,Micronutrients,14,FALSE)/AB105)*AA105","v":0},null,"Cu","Mo","Fe"]
["None",{"$f":"VLOOKUP($A106,Micronutrients,14,FALSE)","v":0},{"$f":"VLOOKUP(A106,Micronutrients,18,FALSE)","v":0},{"$f":"VLOOKUP(A106,Micronutrients,16,FALSE)","v":1},0,{"$f":"VLOOKUP(A106,Micronutrients,15,FALSE)","v":0},{"$f":"(E106*VLOOKUP(A106,Micronutrients,14,FALSE)/D106)*C106","v":0},null,{"$f":"VLOOKUP(A97,Macronutrients,11,FALSE)*E97+VLOOKUP(A98,Macronutrients,11,FALSE)*E98+VLOOKUP(A99,Macronutrients,11,FALSE)*E99+VLOOKUP(A100,Macronutrients,11,FALSE)*E100+VLOOKUP(A101,Macronutrients,11,FALSE)*E101+VLOOKUP(A102,Macronutrients,11,FALSE)*E102+VLOOKUP(A105,Micronutrients,11,FALSE)*E105+VLOOKUP(A106,Micronutrients,11,FALSE)*E106+VLOOKUP(A107,Micronutrients,11,FALSE)*E107+VLOOKUP(A108,Micronutrients,11,FALSE)*E108","v":0},{"$f":"VLOOKUP(A97,Macronutrients,12,FALSE)*E97+VLOOKUP(A98,Macronutrients,12,FALSE)*E98+VLOOKUP(A99,Macronutrients,12,FALSE)*E99+VLOOKUP(A100,Macronutrients,12,FALSE)*E100+VLOOKUP(A101,Macronutrients,12,FALSE)*E101+VLOOKUP(A102,Macronutrients,12,FALSE)*E102+VLOOKUP(A105,Micronutrients,12,FALSE)*E105+VLOOKUP(A106,Micronutrients,12,FALSE)*E106+VLOOKUP(A107,Micronutrients,12,FALSE)*E107+VLOOKUP(A108,Micronutrients,12,FALSE)*E108","v":0},{"$f":"VLOOKUP(A97,Macronutrients,13,FALSE)*E97+VLOOKUP(A98,Macronutrients,13,FALSE)*E98+VLOOKUP(A99,Macronutrients,13,FALSE)*E99+VLOOKUP(A100,Macronutrients,13,FALSE)*E100+VLOOKUP(A101,Macronutrients,13,FALSE)*E101+VLOOKUP(A102,Macronutrients,13,FALSE)*E102+VLOOKUP(A105,Micronutrients,13,FALSE)*E105+VLOOKUP(A106,Micronutrients,13,FALSE)*E106+VLOOKUP(A107,Micronutrients,13,FALSE)*E107+VLOOKUP(A108,Micronutrients,13,FALSE)*E108","v":0},null,"None",{"$f":"VLOOKUP($M106,Micronutrients,14,FALSE)","v":0},{"$f":"VLOOKUP(M106,Micronutrients,18,FALSE)","v":0},{"$f":"VLOOKUP(M106,Micronutrients,16,FALSE)","v":1},0,{"$f":"VLOOKUP(M106,Micronutrients,15,FALSE)","v":0},{"$f":"(Q106*VLOOKUP(M106,Micronutrients,14,FALSE)/P106)*O106","v":0},null,{"$f":"VLOOKUP(M97,Macronutrients,11,FALSE)*Q97+VLOOKUP(M98,Macronutrients,11,FALSE)*Q98+VLOOKUP(M99,Macronutrients,11,FALSE)*Q99+VLOOKUP(M100,Macronutrients,11,FALSE)*Q100+VLOOKUP(M101,Macronutrients,11,FALSE)*Q101+VLOOKUP(M102,Macronutrients,11,FALSE)*Q102+VLOOKUP(M105,Micronutrients,11,FALSE)*Q105+VLOOKUP(M106,Micronutrients,11,FALSE)*Q106+VLOOKUP(M107,Micronutrients,11,FALSE)*Q107+VLOOKUP(M108,Micronutrients,11,FALSE)*Q108","v":0},{"$f":"VLOOKUP(M97,Macronutrients,12,FALSE)*Q97+VLOOKUP(M98,Macronutrients,12,FALSE)*Q98+VLOOKUP(M99,Macronutrients,12,FALSE)*Q99+VLOOKUP(M100,Macronutrients,12,FALSE)*Q100+VLOOKUP(M101,Macronutrients,12,FALSE)*Q101+VLOOKUP(M102,Macronutrients,12,FALSE)*Q102+VLOOKUP(M105,Micronutrients,12,FALSE)*Q105+VLOOKUP(M106,Micronutrients,12,FALSE)*Q106+VLOOKUP(M107,Micronutrients,12,FALSE)*Q107+VLOOKUP(M108,Micronutrients,12,FALSE)*Q108","v":0},{"$f":"VLOOKUP(M97,Macronutrients,13,FALSE)*Q97+VLOOKUP(M98,Macronutrients,13,FALSE)*Q98+VLOOKUP(M99,Macronutrients,13,FALSE)*Q99+VLOOKUP(M100,Macronutrients,13,FALSE)*Q100+VLOOKUP(M101,Macronutrients,13,FALSE)*Q101+VLOOKUP(M102,Macronutrients,13,FALSE)*Q102+VLOOKUP(M105,Micronutrients,13,FALSE)*Q105+VLOOKUP(M106,Micronutrients,13,FALSE)*Q106+VLOOKUP(M107,Micronutrients,13,FALSE)*Q107+VLOOKUP(M108,Micronutrients,13,FALSE)*Q108","v":0},null,"None",{"$f":"VLOOKUP(Y106,Micronutrients,14,FALSE)","v":0},{"$f":"VLOOKUP(Y106,Micronutrients,18,FALSE)","v":0},{"$f":"VLOOKUP(Y106,Micronutrients,16,FALSE)","v":1},0,{"$f":"VLOOKUP(Y106,Micronutrients,15,FALSE)","v":0},{"$f":"(AC106*VLOOKUP(Y106,Micronutrients,14,FALSE)/AB106)*AA106","v":0},null,{"$f":"VLOOKUP(Y97,Macronutrients,11,FALSE)*AC97+VLOOKUP(Y98,Macronutrients,11,FALSE)*AC98+VLOOKUP(Y99,Macronutrients,11,FALSE)*AC99+VLOOKUP(Y100,Macronutrients,11,FALSE)*AC100+VLOOKUP(Y101,Macronutrients,11,FALSE)*AC101+VLOOKUP(Y102,Macronutrients,11,FALSE)*AC102+VLOOKUP(Y105,Micronutrients,11,FALSE)*AC105+VLOOKUP(Y106,Micronutrients,11,FALSE)*AC106+VLOOKUP(Y107,Micronutrients,11,FALSE)*AC107+VLOOKUP(Y108,Micronutrients,11,FALSE)*AC108","v":0},{"$f":"VLOOKUP(Y97,Macronutrients,12,FALSE)*AC97+VLOOKUP(Y98,Macronutrients,12,FALSE)*AC98+VLOOKUP(Y99,Macronutrients,12,FALSE)*AC99+VLOOKUP(Y100,Macronutrients,12,FALSE)*AC100+VLOOKUP(Y101,Macronutrients,12,FALSE)*AC101+VLOOKUP(Y102,Macronutrients,12,FALSE)*AC102+VLOOKUP(Y105,Micronutrients,12,FALSE)*AC105+VLOOKUP(Y106,Micronutrients,12,FALSE)*AC106+VLOOKUP(Y107,Micronutrients,12,FALSE)*AC107+VLOOKUP(Y108,Micronutrients,12,FALSE)*AC108","v":0},{"$f":"VLOOKUP(Y97,Macronutrients,13,FALSE)*AC97+VLOOKUP(Y98,Macronutrients,13,FALSE)*AC98+VLOOKUP(Y99,Macronutrients,13,FALSE)*AC99+VLOOKUP(Y100,Macronutrients,13,FALSE)*AC100+VLOOKUP(Y101,Macronutrients,13,FALSE)*AC101+VLOOKUP(Y102,Macronutrients,13,FALSE)*AC102+VLOOKUP(Y105,Micronutrients,13,FALSE)*AC105+VLOOKUP(Y106,Micronutrients,13,FALSE)*AC106+VLOOKUP(Y107,Micronutrients,13,FALSE)*AC107+VLOOKUP(Y108,Micronutrients,13,FALSE)*AC108","v":0}]
["None",{"$f":"VLOOKUP($A107,Micronutrients,14,FALSE)","v":0},{"$f":"VLOOKUP(A107,Micronutrients,18,FALSE)","v":0},{"$f":"VLOOKUP(A107,Micronutrients,16,FALSE)","v":1},0,{"$f":"VLOOKUP(A107,Micronutrients,15,FALSE)","v":0},{"$f":"(E107*VLOOKUP(A107,Micronutrients,14,FALSE)/D107)*C107","v":0},null,null,null,null,null,"None",{"$f":"VLOOKUP($M107,Micronutrients,14,FALSE)","v":0},{"$f":"VLOOKUP(M107,Micronutrients,18,FALSE)","v":0},{"$f":"VLOOKUP(M107,Micronutrients,16,FALSE)","v":1},0,{"$f":"VLOOKUP(M107,Micronutrients,15,FALSE)","v":0},{"$f":"(Q107*VLOOKUP(M107,Micronutrients,14,FALSE)/P107)*O107","v":0},null,null,null,null,null,"None",{"$f":"VLOOKUP(Y107,Micronutrients,14,FALSE)","v":0},{"$f":"VLOOKUP(Y107,Micronutrients,18,FALSE)","v":0},{"$f":"VLOOKUP(Y107,Micronutrients,16,FALSE)","v":1},0,{"$f":"VLOOKUP(Y107,Micronutrients,15,FALSE)","v":0},{"$f":"(AC107*VLOOKUP(Y107,Micronutrients,14,FALSE)/AB107)*AA107","v":0}]
["None",{"$f":"VLOOKUP($A108,Micronutrients,14,FALSE)","v":0},{"$f":"VLOOKUP(A108,Micronutrients,18,FALSE)","v":0},{"$f":"VLOOKUP(A108,Micronutrients,16,FALSE)","v":1},0,{"$f":"VLOOKUP(A108,Micronutrients,15,FALSE)","v":0},{"$f":"(E108*VLOOKUP(A108,Micronutrients,14,FALSE)/D108)*C108","v":0},null,null,null,null,null,"None",{"$f":"VLOOKUP($M108,Micronutrients,14,FALSE)","v":0},{"$f":"VLOOKUP(M108,Micronutrients,18,FALSE)","v":0},{"$f":"VLOOKUP(M108,Micronutrients,16,FALSE)","v":1},0,{"$f":"VLOOKUP(M108,Micronutrients,15,FALSE)","v":0},{"$f":"(Q108*VLOOKUP(M108,Micronutrients,14,FALSE)/P108)*O108","v":0},null,null,null,null,null,"None",{"$f":"VLOOKUP(Y108,Micronutrients,14,FALSE)","v":0},{"$f":"VLOOKUP(Y108,Micronutrients,18,FALSE)","v":0},{"$f":"VLOOKUP(Y108,Micronutrients,16,FALSE)","v":1},0,{"$f":"VLOOKUP(Y108,Micronutrients,15,FALSE)","v":0},{"$f":"(AC108*VLOOKUP(Y108,Micronutrients,14,FALSE)/AB108)*AA108","v":0}]
[]
["Nitrogen Stabilizers (drop down menu)",null,null,null,null,null,null,null,null,null,null,null,"Nitrogen Stabilizers (drop down menu)",null,null,null,null,null,null,null,null,null,null,null,"Nitrogen Stabilizers (drop down menu)"]
["None",{"$f":"VLOOKUP(A111,NitrogenStabilizers,14,FALSE)","v":0},{"$f":"VLOOKUP(A111,NitrogenStabilizers,18,FALSE)","v":0},{"$f":"VLOOKUP(A111,NitrogenStabilizers,16,FALSE)","v":1},0,{"$f":"VLOOKUP(A111,NitrogenStabilizers,15,FALSE)","v":0},{"$f":"(E111*VLOOKUP(A111,NitrogenStabilizers,14,FALSE)/D111)*C111","v":0},null,null,null,null,null,"None",{"$f":"VLOOKUP(M111,NitrogenStabilizers,14,FALSE)","v":0},{"$f":"VLOOKUP(M111,NitrogenStabilizers,18,FALSE)","v":0},{"$f":"VLOOKUP(M111,NitrogenStabilizers,16,FALSE)","v":1},0,{"$f":"VLOOKUP(M111,NitrogenStabilizers,15,FALSE)","v":0},{"$f":"(Q111*VLOOKUP(M111,NitrogenStabilizers,14,FALSE)/P111)*O111","v":0},null,null,null,null,null,"None",{"$f":"VLOOKUP(Y111,NitrogenStabilizers,14,FALSE)","v":0},{"$f":"VLOOKUP(Y111,NitrogenStabilizers,18,FALSE)","v":0},{"$f":"VLOOKUP(Y111,NitrogenStabilizers,16,FALSE)","v":1},0,{"$f":"VLOOKUP(Y111,NitrogenStabilizers,15,FALSE)","v":0},{"$f":"(AC111*VLOOKUP(Y111,NitrogenStabilizers,14,FALSE)/AB111)*AA111","v":0}]
["None",{"$f":"VLOOKUP(A112,NitrogenStabilizers,14,FALSE)","v":0},{"$f":"VLOOKUP(A112,NitrogenStabilizers,18,FALSE)","v":0},{"$f":"VLOOKUP(A112,NitrogenStabilizers,16,FALSE)","v":1},0,{"$f":"VLOOKUP(A112,NitrogenStabilizers,15,FALSE)","v":0},{"$f":"(E112*VLOOKUP(A112,NitrogenStabilizers,14,FALSE)/D112)*C112","v":0},null,null,null,"More",null,"None",{"$f":"VLOOKUP(M112,NitrogenStabilizers,14,FALSE)","v":0},{"$f":"VLOOKUP(M112,NitrogenStabilizers,18,FALSE)","v":0},{"$f":"VLOOKUP(M112,NitrogenStabilizers,16,FALSE)","v":1},0,{"$f":"VLOOKUP(M112,NitrogenStabilizers,15,FALSE)","v":0},{"$f":"(Q112*VLOOKUP(M112,NitrogenStabilizers,14,FALSE)/P112)*O112","v":0},null,null,null,"More",null,"None",{"$f":"VLOOKUP(Y112,NitrogenStabilizers,14,FALSE)","v":0},{"$f":"VLOOKUP(Y112,NitrogenStabilizers,18,FALSE)","v":0},{"$f":"VLOOKUP(Y112,NitrogenStabilizers,16,FALSE)","v":1},0,{"$f":"VLOOKUP(Y112,NitrogenStabilizers,15,FALSE)","v":0},{"$f":"(AC112*VLOOKUP(Y112,NitrogenStabilizers,14,FALSE)/AB112)*AA112","v":0},null,null,null,"More"]
["5th Application Fertilizer Cost/Acre",null,null,null,null,null,{"$f":"SUM(G97:G112)","v":0},null,null,null,"Below",null,"5th Application Fertilizer Cost/Acre",null,null,null,null,null,{"$f":"SUM(S97:S112)","v":0},null,null,null,"Below",null,"5th Application Fertilizer Cost/Acre",null,null,null,null,null,{"$f":"SUM(AE97:AE112)","v":0},null,null,null,"Below"]
[null,null,null,null,null,null,null,null,null,null,"¯",null,null,null,null,null,null,null,null,null,null,null,"¯",null,null,null,null,null,null,null,null,null,null,null,"¯"]
["Total Fertilizer Cost/Acre",null,null,null,null,null,{"$f":"G113+G92+G69+G46+G25","v":0},null,null,null,null,null,"Total Fertilizer Cost/Acre",null,null,null,null,null,{"$f":"S113+S92+S69+S46+S25","v":0},null,null,null,null,null,"Total Fertilizer Cost/Acre",null,null,null,null,null,{"$f":"AE113+AE92+AE69+AE46+AE25","v":0}]
[]
[null,null,null,null,"Total Nutrient Needs",null,null,null,"Total Fertilizer Program",null,null,null,null,null,null,null,"Total Nutrient Needs",null,null,null,"Total Fertilizer Program",null,null,null,null,null,null,null,"Total Nutrient Needs",null,null,null,"Total Fertilizer Program"]
[null,null,null,null,"Based on:","Soil Test Based Recs",null,null,"Comparison 1",null,null,null,null,null,null,null,"Based on:","Soil Test Based Recs",null,null,"Comparison 2",null,null,null,null,null,null,null,"Based on:","Soil Test Based Recs",null,null,"Comparison 3"]
["Farm Name",null,null,null,"N","P","K",null,"N","P","K",null,{"$f":"A119","v":"Farm Name"},null,null,null,"N","P","K",null,"N","P","K",null,{"$f":"A119","v":"Farm Name"},null,null,null,"N","P","K",null,"N","P","K"]
["Farm Tract",null,null,null,{"$f":"'Nutrient Management'!$J$56","v":0},{"$f":"'Nutrient Management'!$K$56","v":0},{"$f":"'Nutrient Management'!$L$56","v":0},null,{"$f":"I51+I30+I6+I74+I97","v":0},{"$f":"J51+J30+J6+J74+J97","v":0},{"$f":"K51+K30+K6+K74+K97","v":0},null,{"$f":"A120","v":"Farm Tract"},null,null,null,{"$f":"'Nutrient Management'!$J$56","v":0},{"$f":"'Nutrient Management'!$K$56","v":0},{"$f":"'Nutrient Management'!$L$56","v":0},null,{"$f":"U51+U30+U6+U74+U97","v":0},{"$f":"V51+V30+V6+V74+V97","v":0},{"$f":"W51+W30+W6+W74+W97","v":0},null,{"$f":"A120","v":"Farm Tract"},null,null,null,{"$f":"'Nutrient Management'!$J$56","v":0},{"$f":"'Nutrient Management'!$K$56","v":0},{"$f":"'Nutrient Management'!$L$56","v":0},null,{"$f":"AG51+AG30+AG6+AG74+AG97","v":0},{"$f":"AH51+AH30+AH6+AH74+AH97","v":0},{"$f":"AI51+AI30+AI6+AI74+AI97","v":0}]
["Farm Number",null,null,null,"S","Ca","Mg",null,"S","Ca","Mg",null,"Farm Number",null,null,null,"S","Ca","Mg",null,"S","Ca","Mg",null,"Farm Number",null,null,null,"S","Ca","Mg",null,"S","Ca","Mg"]
[null,null,null,null,{"$f":"'Nutrient Management'!$J$59","v":0},{"$f":"'Nutrient Management'!$K$59","v":0},{"$f":"'Nutrient Management'!$L$59","v":0},null,{"$f":"I54+I33+I9+I77+I100","v":0},{"$f":"J54+J33+J9+J77+J100","v":0},0,null,null,null,null,null,{"$f":"'Nutrient Management'!$J$59","v":0},{"$f":"'Nutrient Management'!$K$59","v":0},{"$f":"'Nutrient Management'!$L$59","v":0},null,{"$f":"U54+U33+U9+U77+U100","v":0},{"$f":"V54+V33+V9+V77+V100","v":0},0,null,null,null,null,null,{"$f":"'Nutrient Management'!$J$59","v":0},{"$f":"'Nutrient Management'!$K$59","v":0},{"$f":"'Nutrient Management'!$L$59","v":0},null,{"$f":"AG54+AG33+AG9+AG77+AG100","v":0},{"$f":"AH54+AH33+AH9+AH77+AH100","v":0},0]
[null,null,null,null,"Z","B","Mn",null,"Z","B","Mn",null,null,null,null,null,"Z","B","Mn",null,"Z","B","Mn",null,null,null,null,null,"Z","B","Mn",null,"Z","B","Mn"]
[null,null,null,null,0,0,0,null,{"$f":"I57+I36+I12+I80+I103","v":0},{"$f":"J57+J36+J12+J80+J103","v":0},0,null,null,null,null,null,0,0,0,null,{"$f":"U57+U36+U12+U80+U103","v":0},{"$f":"V57+V36+V12+V80+V103","v":0},0,null,null,null,null,null,0,0,0,null,{"$f":"AG57+AG36+AG12+AG80+AG103","v":0},{"$f":"AH57+AH36+AH12+AH80+AH103","v":0},0]
[null,null,null,null,"* from Nutrient Management tab",null,null,null,null,null,null,null,null,null,null,null,"* from Nutrient Management tab",null,null,null,null,null,null,null,null,null,null,null,"* from Nutrient Management tab"]

{"sheet":"Simple Fertilizer Calculator","index":10,"n_rows":46,"n_cols":11,"rows_kept":46,"cut":false,"hidden":false,"merged":[[42,1,43,6],[45,1,47,6],[27,1,28,6],[30,1,32,6],[1,1,1,6],[20,1,20,6],[35,1,35,6]]}
[]
[null,"Fertilizer Calculator"]
[null,null,"Source","Price/ton","Price/lb","Amount","Cost/Acre"]
[null,null,"(Enter Below)","(Enter Below)",null,"(Enter Below)"]
[null,"Nitrogen",0.46,361,{"$f":"D5/H5","v":0.3923913043478261},86,{"$f":"F5*E5","v":33.745652173913044},{"$f":"2000*C5","v":920}]
[null,"Nitrogen from Phosphate",0.18,144,{"$f":"D6/J20","v":0.6},40,{"$f":"F6*E6","v":24},{"$f":"2000*C10","v":920}]
[null,"Nitrogen from Sulfur",0.21,168,{"$f":"D7/J35","v":0.4},40,{"$f":"F7*E7","v":16}]
[null,null,null,null,null,null,{"$f":"SUM(G5:G7)","v":73.745652173913044}]
[null,null,"(Enter Below)","(Enter Below)",null,"(Enter Below)"]
[null,"Phosphorus",0.46,361,{"$f":"D10/H6","v":0.3923913043478261},60,{"$f":"F10*E10","v":23.543478260869566},{"$f":"2000*C6","v":360}]
[null,"Potassium",0.6,355,{"$f":"D11/H11","v":0.29583333333333334},75,{"$f":"F11*E11","v":22.1875},{"$f":"2000*C11","v":1200}]
[null,"Sulfur",0.24,157,{"$f":"D12/H12","v":0.32708333333333334},60,{"$f":"F12*E12","v":19.625},{"$f":"2000*C12","v":480}]
[null,null,null,null,null,null,{"$f":"SUM(G10:G12)","v":65.355978260869563}]
[null,null,null,null,null,"Total Fertilizer",{"$f":"G8+G13","v":139.10163043478261}]
[null,"Source Code:"]
[null,"Nitrogen","28-0-0","type in",0.28000000000000003]
[null,"Phosphorus","18-46-0","type in",0.46]
[null,"Potassium","0-0-60","type in",0.6]
[]
[null,null,null,null,null,null,null,null,"lbs/ton",{"$f":"2000*(C24/100)","v":240},{"$f":"2000*(D24/100)","v":800}]
[null,"Extract Nitrogen Cost from Phosphate Fertilizers",null,null,null,null,null,null,"%/ton",{"$f":"J20/(J20+K20)","v":0.23076923076923078},{"$f":"K20/(J20+K20)","v":0.76923076923076927}]
[null,null,"N","P","Price"]
[null,null,"(Enter Below)","(Enter Below)","(Enter Below)"]
[null,null,12,40,780]
[null,"Price/lb",0.31,{"$f":"D26/K20","v":0.88200000000000001}]
[null,"Price/ton",{"$f":"J20*C25","v":74.400000000000006},{"$f":"E24-C26","v":705.6},{"$f":"SUM(C26:D26)","v":780}]
[]
[null,"*Enter a price/lb of nitrogen to calculate the phosphate fertilizer price.  The price as calculated above can be used if a price is not already known."]
[]
[]
[null,"*If nitrogen from Phosphate fertilizer will not be utilized by the crop, simply enter \"0\" in Amount and adjust the price of the phosphate fertilizer to the total cost/ton of the blend."]
[]
[]
[]
[null,null,null,null,null,null,null,null,"lbs/ton",{"$f":"2000*(C39/100)","v":420},{"$f":"2000*(D39/100)","v":480}]
[null,"Extract Nitrogen Cost from Sulfur Fertilizers",null,null,null,null,null,null,"%/ton",{"$f":"J35/(J35+K35)","v":0.46666666666666667},{"$f":"K35/(J35+K35)","v":0.53333333333333333}]
[null,null,"N","S","Price"]
[null,null,"(Enter Below)","(Enter Below)","(Enter Below)"]
[null,null,21,24,325]
[null,"Price/lb",0.4,{"$f":"D41/K35","v":0.32708333333333334}]
[null,"Price/ton",{"$f":"J35*C40","v":168},{"$f":"E39-C41","v":157},{"$f":"SUM(C41:D41)","v":325}]
[]
[null,"*Enter a price/lb of nitrogen to calculate the sulfur fertilizer price.  The price as calculated above can be used if a price is not already known."]
[]
[]
[null,"*If nitrogen from sulfur fertilizer will not be utilized by the crop, simply enter \"0\" in Amount and adjust the price of the sulfur fertilizer to the total cost/ton of the blend."]

{"sheet":"Nutrient Removal Table","index":11,"n_rows":40,"n_cols":6,"rows_kept":40,"cut":false,"hidden":true,"merged":[]}
[]
[]
[null,"N Removal","P Removal","K Removal"]
[]
[]
["Select Crop",0,0,0]
["Asparagus",13.4,4,10,null,"IF(AND('Nutrient Management'!$D$11<=10),C7"]
["Beets, table",3.5,2.2000000000000002,7.8]
["Broccoli",4,1.1000000000000001,11]
["Brussels Sprouts",9.4,3.2,9.4]
["Cabbage",7,1.6,6.8]
["Carrots",3.4,1.8,6.8]
["Cauliflower",6.6,2.6,6.6]
["Celery",5,2,11.6]
["Cucumber",2,1.2,3.6]
["Eggplant",4.5,1.6,5.3]
["Endive",4.8,1.2,7.5]
["Garlic",5,2.8,5.6]
["Lettuce",4.8,2,9]
["Muskmelon",8.4,2,11]
["Onions (dry)",5,2.6,4.8]
["Onions (green)",5,2.6,4.8]
["Parsley",4.8,1.8,12.9]
["Parsnips",3.4,3.2,9]
["Peas",20,4.5999999999999996,11]
["Peppers",4,1.4,5.6]
["Potatoes ",6.6,2.6,12.6]
["Pumpkins",4,1.2,6.8]
["Radishes",3,0.8,5.6]
["Rhubarb",3.5,0.6,6.9]
["Rutabagas",3.4,2.6,8.1]
["Snap Beans",24,2.4,11]
["Spinach",10,2.7,12]
["Squash",4,2.2000000000000002,6.6]
["Sweet Corn",8.4,2.8,5.6]
["Swiss Chard",3.5,1.2,9.1]
["Tomatoes",4,0.8,7]
["Turnips",3.4,1.2,4.5999999999999996]
["Watermelon",4.8,0.4,2.4]
["Zucchini",4.5999999999999996,1.6,6.6,"Used Squash for soil test levels"]

{"sheet":"Tri-State Recommendations","index":12,"n_rows":31,"n_cols":12,"rows_kept":31,"cut":false,"hidden":true,"merged":[[29,1,29,14],[30,9,30,12],[15,0,17,0],[19,1,19,11],[0,1,0,11],[2,1,2,3],[2,5,2,7],[2,9,2,11],[6,1,6,11],[7,0,14,0],[0,0,3,0]]}
[null,"Tri-State Fertilizer Recommendations"]
[]
[null,"Corn",null,null,null,"Soybeans",null,null,null,"Wheat"]
[]
["Yield Goal:",{"$f":"'Nutrient Management'!C6","v":0},null,null,null,{"$f":"'Nutrient Management'!G6","v":0},null,null,null,{"$f":"'Nutrient Management'!K6","v":0}]
[]
["Soil Test Level:","Input amount of nutrients currently present in  field (based on soil test results)"]
[null,"(Enter Below)","(Enter Below)","(Enter Below)",null,"(Enter Below)","(Enter Below)","(Enter Below)",null,"(Enter Below)","(Enter Below)","(Enter Below)"]
[null,"N","P","K",null,"N","P","K",null,"N","P","K"]
[null,0,0,0,null,0,0,0,null,0,0,0]
[null,"S","Ca","Mag",null,"S","Ca","Mag",null,"S","Ca","Mag"]
[null,0,0,0,null,0,0,0,null,0,0,0]
[null,0,0,0,null,0,0,0,null,0,0,0]
[null,0,0,0,null,0,0,0,null,0,0,0]
[null,null,"(Enter Below)",null,null,null,"(Enter Below)",null,null,null,"(Enter Below)"]
["Note: CEC & pH levels needed for calculation accuracy in Soil Test Based Recommendations","CEC Level:",0,null,null,"CEC Level:",0,null,null,"CEC Level:",0]
[null,null,"(Enter Below)",null,null,null,"(Enter Below)",null,null,null,"(Enter Below)"]
[null,"pH Level:",0,null,null,"pH Level:",0,null,null,"pH Level:",0]
[]
["Soil Test Based Recommendations:","Based on soil test data, the following are tri-state recommendations for fertilizer needs to meet yield goals."]
[]
[null,"N","P","K",null,"N","P","K",null,"N","P","K"]
[null,0,{"$f":"IF(AND(C10<20,B5<=150),105,IF(AND(C10<20,B5<=200),120,IF(AND(C10<20,B5<=250),140,IF(AND(C10<20,B5<=300),155,IF(AND(C10<30,B5<=150),80,IF(AND(C10<30,B5<=200),95,IF(AND(C10<30,B5<=250),115,IF(AND(C10<30,B5<=300),130,IF(AND(C10<80,B5<=150),55,IF(AND(C10<80,B5<=200),70,IF(AND(C10<80,B5<=250),90,IF(AND(C10<80,B5<=300),105,IF(AND(C10>=80,B5<=150),0,IF(AND(C10>=80,B5<=200),0,IF(AND(C10>=80,B5<=250),0,IF(AND(C10>=80,B5<=300),0))))))))))))))))","v":105},{"$f":"IF(AND(D10<=100,B5<=150,C16<=5),95,IF(AND(D10<=100,B5<=200,C16<=5),105,IF(AND(D10<=105,B5<=250,C16<=5),115,IF(AND(D10<=100,B5<=160,C16<=5),125,IF(AND(D10<=150,B5<=150,C16<=5),60,IF(AND(D10<=150,B5<=200,C16<=5),70,IF(AND(D10<=150,B5<=250,C16<=5),80,IF(AND(D10<=150,B5<=160,C16<=5),90,IF(AND(D10<=260,B5<=150,C16<=5),30,IF(AND(D10<=260,B5<=200,C16<=5),40,IF(AND(D10<=260,B5<=250,C16<=5),50,IF(AND(D10<=260,B5<=160,C16<=5),60,IF(AND(D10>=260,B5<=150,C16<=5),0,IF(AND(D10>=260,B5<=200,C16<=5),0,IF(AND(D10>=260,B5<=250,C16<=5),0,IF(AND(D10>=260,B5<=160,C16<=5),0,IF(AND(D10<=100,B5<=150,C16>=6),155,IF(AND(D10<=100,B5<=200,C16>=6),165,IF(AND(D10<=100,B5<=250,C16>=6),175,IF(AND(D10<=100,B5<=160,C16>=6),185,IF(AND(D10<=150,B5<=150,C16>=6),110,IF(AND(D10<=150,B5<=200,C16>=6),120,IF(AND(D10<=150,B5<=250,C16>=6),130,IF(AND(D10<=150,B5<=160,C16>=6),140,IF(AND(D10<=200,B5<=150,C16>=6),65,IF(AND(D10<=200,B5<=200,C16>=6),75,IF(AND(D10<=200,B5<=250,C16>=6),85,IF(AND(D10<=200,B5<=160,C16>=6),95,IF(AND(D10<=340,B5<=150,C16>=6),30,IF(AND(D10<=340,B5<=200,C16>=6),40,IF(AND(D10<=340,B5<=250,C16>=6),50,IF(AND(D10<=340,B5<=160,C16>=6),60,IF(AND(D10>=340,B5<=150,C16>=6),0,IF(AND(D10>=340,B5<=200,C16>=6),0,IF(AND(D10>=340,B5<=250,C16>=6),0,IF(AND(D10>=340,B5<=160,C16>=6),0))))))))))))))))))))))))))))))))))))","v":95},null,0,{"$f":"IF(AND(G10<20,F5<=30),75,IF(AND(G10<20,F5<=50),90,IF(AND(G10<20,F5<=70),105,IF(AND(G10<20,F5<=90),120,IF(AND(G10<30,F5<=30),50,IF(AND(G10<30,F5<=50),65,IF(AND(G10<30,F5<=70),80,IF(AND(G10<30,F5<=90),95,IF(AND(G10<80,F5<=30),25,IF(AND(G10<80,F5<=50),40,IF(AND(G10<80,F5<=70),55,IF(AND(G10<80,F5<=90),70,IF(AND(G10>=80,F5<=30),0,IF(AND(G10>=80,F5<=50),0,IF(AND(G10>=80,F5<=70),0,IF(AND(G10>=80,F5<=90),0))))))))))))))))","v":75},{"$f":"IF(AND(H10<=100,F5<=30,G16<=5),95,IF(AND(H10<=100,F5<=50,G16<=5),120,IF(AND(H10<=100,F5<=70,G16<=5),145,IF(AND(H10<=100,F5<=90,G16<=5),165,IF(AND(H10<=150,F5<=30,G16<=5),65,IF(AND(H10<=150,F5<=50,G16<=5),90,IF(AND(H10<=150,F5<=70,G16<=5),110,IF(AND(H10<=150,F5<=90,G16<=5),135,IF(AND(H10<=260,F5<=30,G16<=5),35,IF(AND(H10<=260,F5<=50,G16<=5),60,IF(AND(H10<=260,F5<=70,G16<=5),80,IF(AND(H10<=260,F5<=90,G16<=5),105,IF(AND(H10>=260,F5<=30,G16<=5),0,IF(AND(H10>=260,F5<=50,G16<=5),0,IF(AND(H10>=260,F5<=70,G16<=5),0,IF(AND(H10>=260,F5<=90,G16<=5),0,IF(AND(H10<=100,F5<=30,G16>=6),155,IF(AND(H10<=100,F5<=50,G16>=6),180,IF(AND(H10<=100,F5<=70,G16>=6),205,IF(AND(H10<=100,F5<=90,G16>=6),225,IF(AND(H10<=150,F5<=30,G16>=6),115,IF(AND(H10<=150,F5<=50,G16>=6),135,IF(AND(H10<=150,F5<=70,G16>=6),160,IF(AND(H10<=150,F5<=90,G16>=6),180,IF(AND(H10<=200,F5<=30,G16>=6),70,IF(AND(H10<=200,F5<=50,G16>=6),95,IF(AND(H10<=200,F5<=70,G16>=6),115,IF(AND(H10<=200,F5<=90,G16>=6),140,IF(AND(H10<=340,F5<=30,G16>=6),35,IF(AND(H10<=340,F5<=50,G16>=6),60,IF(AND(H10<=340,F5<=70,G16>=6),80,IF(AND(H10<=340,F5<=90,G16>=6),105,IF(AND(H10>=340,F5<=30,G16>=6),0,IF(AND(H10>=340,F5<=50,G16>=6),0,IF(AND(H10>=340,F5<=70,G16>=6),0,IF(AND(H10>=340,F5<=90,G16>=6),0))))))))))))))))))))))))))))))))))))","v":95},null,0,{"$f":"IF(AND(K10<20,J5<=60),130,IF(AND(K10<20,J5<=90),145,IF(AND(K10<20,J5<=120),160,IF(AND(K10<20,J5<=150),175,IF(AND(K10<40,J5<=60),80,IF(AND(K10<40,J5<=90),95,IF(AND(K10<40,J5<=120),110,IF(AND(K10<40,J5<=150),125,IF(AND(K10<100,J5<=60),30,IF(AND(K10<100,J5<=90),45,IF(AND(K10<100,J5<=120),60,IF(AND(K10<100,J5<=150),75,IF(AND(K10>=100,J5<=60),0,IF(AND(K10>=100,J5<=90),0,IF(AND(K10>=100,J5<=120),0,IF(AND(K10>=100,J5<=150),0))))))))))))))))","v":130},{"$f":"IF(AND(L10<=100,J5<=60,K16<=5),80,IF(AND(L10<=100,J5<=150,K16<=5),85,IF(AND(L10<=100,J5<=120,K16<=5),95,IF(AND(L10<=100,J5<=150,K16<=5),100,IF(AND(L10<=150,J5<=60,K16<=5),45,IF(AND(L10<=150,J5<=150,K16<=5),55,IF(AND(L10<=150,J5<=120,K16<=5),60,IF(AND(L10<=150,J5<=150,K16<=5),70,IF(AND(L10<=260,J5<=60,K16<=5),15,IF(AND(L10<=260,J5<=150,K16<=5),25,IF(AND(L10<=260,J5<=120,K16<=5),30,IF(AND(L10<=260,J5<=150,K16<=5),40,IF(AND(L10>=260,J5<=60,K16<=5),0,IF(AND(L10>=260,J5<=150,K16<=5),0,IF(AND(L10>=260,J5<=120,K16<=5),0,IF(AND(L10>=260,J5<=150,K16<=5),0,IF(AND(L10<=100,J5<=60,K16>=6),140,IF(AND(L10<=100,J5<=90,K16>=6),145,IF(AND(L10<=100,J5<=120,K16>=6),155,IF(AND(L10<=100,J5<=150,K16>=6),160,IF(AND(L10<=150,J5<=60,K16>=6),95,IF(AND(L10<=150,J5<=90,K16>=6),100,IF(AND(L10<=150,J5<=120,K16>=6),110,IF(AND(L10<=150,J5<=150,K16>=6),160,IF(AND(L10<=200,J5<=60,K16>=6),50,IF(AND(L10<=200,J5<=90,K16>=6),60,IF(AND(L10<=200,J5<=120,K16>=6),65,IF(AND(L10<=200,J5<=150,K16>=6),75,IF(AND(L10<=340,J5<=60,K16>=6),15,IF(AND(L10<=340,J5<=90,K16>=6),25,IF(AND(L10<=340,J5<=120,K16>=6),30,IF(AND(L10<=340,J5<=150,K16>=6),40,IF(AND(L10>=340,J5<=60,K16>=6),0,IF(AND(L10>=340,J5<=90,K16>=6),0,IF(AND(L10>=340,J5<=120,K16>=6),0,IF(AND(L10>=340,J5<=150,K16>=6),0))))))))))))))))))))))))))))))))))))","v":80}]
[null,"S","Ca","Mag",null,"S","Ca","Mag",null,"S","Ca","Mag"]
[null,0,{"$f":"IF(AND(C12<=200),42,IF(AND(C12>200),0))","v":42},{"$f":"MAX(IF(AND(C16<=8,C18<=7,D12<=70),11,IF(AND(C16>=8,C18>=7,D12<=100),50,IF(AND(D10>D12,C16<=8),11,IF(AND(D10>D12,C16>8),50)))))","v":11},null,0,{"$f":"IF(AND(G12<=200),42,IF(AND(G12>200),0))","v":42},{"$f":"MAX(IF(AND(G16<=8,G18<=7,H12<=70),11,IF(AND(G16>=8,G18>=7,H12<=100),50,IF(AND(H10>H12,G16<=8),11,IF(AND(H10>H12,G16>8),50)))))","v":11},null,0,{"$f":"IF(AND(K12<=200),42,IF(AND(K12>200),0))","v":42},{"$f":"MAX(IF(AND(K16<=8,K18<=7,L12<=70),11,IF(AND(K16>=8,K18>=7,L12<=100),50,IF(AND(L10>L12,K16<=8),11,IF(AND(L10>L12,K16>8),50)))))","v":11}]
[null,"Z","B","Mn",null,"Z","B","Mn",null,"Z","B","Mn"]
[null,{"$f":"MAX(((5*C18)-(0.4*B14)-32),0)","v":0},0,0,null,0,0,{"$f":"MAX(0,((6.2*G18)-(0.35*H14))-36)","v":0},null,0,0,{"$f":"MAX(0,((6.2*K18)-(0.35*L14))-36)","v":0}]
[]
[]
[null,"Note: This section is not a replacement for recommendations from a soil test analysis obtained from soil test laboratories.  "]
[null,null,"For soil test based recommendations, visit the MSU Soil and Plant Nutrient Laboratory:",null,null,null,null,null,null,"https://www.canr.msu.edu/spnl/"]

{"sheet":"Charts","index":13,"n_rows":41,"n_cols":12,"rows_kept":41,"cut":false,"hidden":true,"merged":[]}
[null,"Corn","Soybeans","Wheat",null,null,null,null,null,"Corn","Soybeans","Wheat"]
["Seed",{"$f":"#REF!","v":{"$error":"#REF!"}},{"$f":"#REF!","v":{"$error":"#REF!"}},{"$f":"#REF!","v":{"$error":"#REF!"}},null,null,null,null,"Variable",{"$f":"#REF!","v":{"$error":"#REF!"}},{"$f":"#REF!","v":{"$error":"#REF!"}},{"$f":"#REF!","v":{"$error":"#REF!"}}]
["Fertilizer",{"$f":"#REF!","v":{"$error":"#REF!"}},{"$f":"#REF!","v":{"$error":"#REF!"}},{"$f":"#REF!","v":{"$error":"#REF!"}},null,null,null,null,"Fixed",{"$f":"#REF!","v":{"$error":"#REF!"}},{"$f":"#REF!","v":{"$error":"#REF!"}},{"$f":"#REF!","v":{"$error":"#REF!"}}]
["Crop Chemicals",{"$f":"SUM(B5:B7)","v":{"$error":"#REF!"}},{"$f":"SUM(C5:C7)","v":{"$error":"#REF!"}},{"$error":"#REF!"},null,null,null,null,"Variable & Fixed",{"$f":"#REF!","v":{"$error":"#REF!"}},{"$f":"#REF!","v":{"$error":"#REF!"}},{"$f":"#REF!","v":{"$error":"#REF!"}}]
["Herbicides",{"$f":"#REF!","v":{"$error":"#REF!"}},{"$f":"#REF!","v":{"$error":"#REF!"}},{"$f":"#REF!","v":{"$error":"#REF!"}}]
["Fungicides",{"$f":"#REF!","v":{"$error":"#REF!"}},{"$f":"#REF!","v":{"$error":"#REF!"}},{"$f":"#REF!","v":{"$error":"#REF!"}}]
["Insecticides",{"$f":"#REF!","v":{"$error":"#REF!"}},{"$f":"#REF!","v":{"$error":"#REF!"}},{"$f":"#REF!","v":{"$error":"#REF!"}}]
["Crop Insurance",{"$f":"#REF!","v":{"$error":"#REF!"}},{"$f":"#REF!","v":{"$error":"#REF!"}},{"$f":"#REF!","v":{"$error":"#REF!"}}]
["Crop Miscellaneous",{"$f":"#REF!","v":{"$error":"#REF!"}},{"$f":"#REF!","v":{"$error":"#REF!"}},{"$f":"#REF!","v":{"$error":"#REF!"}}]
["Supplies",{"$f":"#REF!","v":{"$error":"#REF!"}},{"$f":"#REF!","v":{"$error":"#REF!"}},{"$f":"#REF!","v":{"$error":"#REF!"}}]
["Gas/Fuel",{"$f":"SUM(B12:B13)","v":{"$error":"#REF!"}},{"$f":"SUM(C12:C13)","v":{"$error":"#REF!"}},{"$error":"#REF!"}]
["Equipment Fuel",{"$f":"#REF!","v":{"$error":"#REF!"}},{"$f":"#REF!","v":{"$error":"#REF!"}},{"$f":"#REF!","v":{"$error":"#REF!"}}]
["Drying Propane",{"$f":"#REF!","v":{"$error":"#REF!"}},{"$f":"#REF!","v":{"$error":"#REF!"}},{"$f":"#REF!","v":{"$error":"#REF!"}}]
["Repairs & Maintenance",{"$f":"SUM(B15:B16)","v":{"$error":"#REF!"}},{"$f":"SUM(C15:C16)","v":{"$error":"#REF!"}},{"$error":"#REF!"}]
["Repair, Machinery",{"$f":"#REF!","v":{"$error":"#REF!"}},{"$f":"#REF!","v":{"$error":"#REF!"}},{"$f":"#REF!","v":{"$error":"#REF!"}}]
["Repair, Buildings",{"$f":"#REF!","v":{"$error":"#REF!"}},{"$f":"#REF!","v":{"$error":"#REF!"}},{"$f":"#REF!","v":{"$error":"#REF!"}}]
["Custom Hire",{"$f":"SUM(B18:B20)","v":{"$error":"#REF!"}},{"$f":"SUM(C18:C20)","v":{"$error":"#REF!"}},{"$error":"#REF!"}]
["Driver & Equipment Hire",{"$f":"#REF!","v":{"$error":"#REF!"}},{"$f":"#REF!","v":{"$error":"#REF!"}},{"$f":"#REF!","v":{"$error":"#REF!"}}]
["Equipment Hire",{"$f":"#REF!","v":{"$error":"#REF!"}},{"$f":"#REF!","v":{"$error":"#REF!"}},{"$f":"#REF!","v":{"$error":"#REF!"}}]
["Custom Application",{"$f":"#REF!","v":{"$error":"#REF!"}},{"$f":"#REF!","v":{"$error":"#REF!"}},{"$f":"#REF!","v":{"$error":"#REF!"}}]
["Freight & Trucking",{"$f":"#REF!","v":{"$error":"#REF!"}},{"$f":"#REF!","v":{"$error":"#REF!"}},{"$f":"#REF!","v":{"$error":"#REF!"}}]
["Storage",{"$f":"#REF!","v":{"$error":"#REF!"}},{"$f":"#REF!","v":{"$error":"#REF!"}},{"$f":"#REF!","v":{"$error":"#REF!"}}]
["Utilities",{"$f":"#REF!","v":{"$error":"#REF!"}},{"$f":"#REF!","v":{"$error":"#REF!"}},{"$f":"#REF!","v":{"$error":"#REF!"}}]
["Irrigation",{"$f":"SUM(B25:B26)","v":{"$error":"#REF!"}},{"$f":"SUM(C25:C26)","v":{"$error":"#REF!"}},{"$error":"#REF!"}]
["Repairs",{"$f":"#REF!","v":{"$error":"#REF!"}},{"$f":"#REF!","v":{"$error":"#REF!"}},{"$f":"#REF!","v":{"$error":"#REF!"}}]
["Fuel/Electricity",{"$f":"#REF!","v":{"$error":"#REF!"}},{"$f":"#REF!","v":{"$error":"#REF!"}},{"$f":"#REF!","v":{"$error":"#REF!"}}]
["Marketing",{"$f":"#REF!","v":{"$error":"#REF!"}},{"$f":"#REF!","v":{"$error":"#REF!"}},{"$f":"#REF!","v":{"$error":"#REF!"}}]
["Hired Labor",{"$f":"#REF!","v":{"$error":"#REF!"}},{"$f":"#REF!","v":{"$error":"#REF!"}},{"$f":"#REF!","v":{"$error":"#REF!"}}]
["Interest (Operating)",{"$f":"#REF!","v":{"$error":"#REF!"}},{"$f":"#REF!","v":{"$error":"#REF!"}},{"$f":"#REF!","v":{"$error":"#REF!"}}]
["Other (variable)",{"$f":"#REF!","v":{"$error":"#REF!"}},{"$f":"#REF!","v":{"$error":"#REF!"}},{"$f":"#REF!","v":{"$error":"#REF!"}}]
["Farm Insurance",{"$f":"#REF!","v":{"$error":"#REF!"}},{"$f":"#REF!","v":{"$error":"#REF!"}},{"$f":"#REF!","v":{"$error":"#REF!"}}]
["Real Estate Taxes",{"$f":"#REF!","v":{"$error":"#REF!"}},{"$f":"#REF!","v":{"$error":"#REF!"}},{"$f":"#REF!","v":{"$error":"#REF!"}}]
["Land Rent",{"$f":"#REF!","v":{"$error":"#REF!"}},{"$f":"#REF!","v":{"$error":"#REF!"}},{"$f":"#REF!","v":{"$error":"#REF!"}}]
["Depreciation (Economic )",{"$f":"#REF!","v":{"$error":"#REF!"}},{"$f":"#REF!","v":{"$error":"#REF!"}},{"$f":"#REF!","v":{"$error":"#REF!"}}]
["Other (fixed)",{"$f":"#REF!","v":{"$error":"#REF!"}},{"$f":"#REF!","v":{"$error":"#REF!"}},{"$f":"#REF!","v":{"$error":"#REF!"}}]
["Other (variable & fixed)",{"$f":"B35+B30","v":{"$error":"#REF!"}},{"$f":"C35+C30","v":{"$error":"#REF!"}},{"$f":"D35+D30","v":{"$error":"#REF!"}}]
["Income Taxes",{"$f":"#REF!","v":{"$error":"#REF!"}},{"$f":"#REF!","v":{"$error":"#REF!"}},{"$f":"#REF!","v":{"$error":"#REF!"}}]
["Owner Withdrawal",{"$f":"#REF!","v":{"$error":"#REF!"}},{"$f":"#REF!","v":{"$error":"#REF!"}},{"$f":"#REF!","v":{"$error":"#REF!"}}]
["Interest (Oper & Term)",{"$f":"B40+B29","v":{"$error":"#REF!"}},{"$f":"C40+C29","v":{"$error":"#REF!"}},{"$f":"D40+D29","v":{"$error":"#REF!"}}]
["Interest (Term)",{"$f":"#REF!","v":{"$error":"#REF!"}},{"$f":"#REF!","v":{"$error":"#REF!"}},{"$f":"#REF!","v":{"$error":"#REF!"}}]
["Principal Payment",{"$f":"#REF!","v":{"$error":"#REF!"}},{"$f":"#REF!","v":{"$error":"#REF!"}},{"$f":"#REF!","v":{"$error":"#REF!"}}]